{"id":22,"date":"2018-08-06T12:50:32","date_gmt":"2018-08-06T10:50:32","guid":{"rendered":"http:\/\/www.andnovameble.pl\/?page_id=22"},"modified":"2021-04-12T20:17:40","modified_gmt":"2021-04-12T18:17:40","slug":"sekcja-strony-glownej","status":"publish","type":"page","link":"http:\/\/www.andnovameble.pl\/index.php\/sekcja-strony-glownej\/","title":{"rendered":"Sekcja strony g\u0142\u00f3wnej"},"content":{"rendered":"<p>\u015apij spokojnie&#8230;.<\/p>\n","protected":false},"excerpt":{"rendered":"<p>\u015apij spokojnie&#8230;.<\/p>\n","protected":false},"author":1,"featured_media":81,"parent":0,"menu_order":0,"comment_status":"closed","ping_status":"closed","template":"","meta":{"footnotes":""},"class_list":["post-22","page","type-page","status-publish","has-post-thumbnail","hentry"],"yoast_head":"<!-- This site is optimized with the Yoast SEO plugin v27.5 - https:\/\/yoast.com\/product\/yoast-seo-wordpress\/ -->\n<title>Sekcja strony g\u0142\u00f3wnej - Materace, Meble Leszno<\/title>\n<meta name=\"robots\" content=\"index, follow, max-snippet:-1, max-image-preview:large, max-video-preview:-1\" \/>\n<link rel=\"canonical\" href=\"http:\/\/www.andnovameble.pl\/index.php\/sekcja-strony-glownej\/\" \/>\n<meta property=\"og:locale\" content=\"pl_PL\" \/>\n<meta property=\"og:type\" content=\"article\" \/>\n<meta property=\"og:title\" content=\"Sekcja strony g\u0142\u00f3wnej - Materace, Meble Leszno\" \/>\n<meta property=\"og:description\" content=\"\u015apij spokojnie&#8230;.\" \/>\n<meta property=\"og:url\" content=\"http:\/\/www.andnovameble.pl\/index.php\/sekcja-strony-glownej\/\" \/>\n<meta property=\"og:site_name\" content=\"Materace, Meble Leszno\" \/>\n<meta property=\"article:modified_time\" content=\"2021-04-12T18:17:40+00:00\" \/>\n<meta property=\"og:image\" content=\"http:\/\/www.andnovameble.pl\/wp-content\/uploads\/2019\/01\/nitra.jpg\" \/>\n\t<meta property=\"og:image:width\" content=\"1366\" \/>\n\t<meta property=\"og:image:height\" content=\"867\" \/>\n\t<meta property=\"og:image:type\" content=\"image\/jpeg\" \/>\n<meta name=\"twitter:card\" content=\"summary_large_image\" \/>\n<meta name=\"twitter:label1\" content=\"Szacowany czas czytania\" \/>\n\t<meta name=\"twitter:data1\" content=\"1 minuta\" \/>\n<script type=\"application\/ld+json\" class=\"yoast-schema-graph\">{\"@context\":\"https:\\\/\\\/schema.org\",\"@graph\":[{\"@type\":\"WebPage\",\"@id\":\"http:\\\/\\\/www.andnovameble.pl\\\/index.php\\\/sekcja-strony-glownej\\\/\",\"url\":\"http:\\\/\\\/www.andnovameble.pl\\\/index.php\\\/sekcja-strony-glownej\\\/\",\"name\":\"Sekcja strony g\u0142\u00f3wnej - Materace, Meble Leszno\",\"isPartOf\":{\"@id\":\"https:\\\/\\\/www.andnovameble.pl\\\/#website\"},\"primaryImageOfPage\":{\"@id\":\"http:\\\/\\\/www.andnovameble.pl\\\/index.php\\\/sekcja-strony-glownej\\\/#primaryimage\"},\"image\":{\"@id\":\"http:\\\/\\\/www.andnovameble.pl\\\/index.php\\\/sekcja-strony-glownej\\\/#primaryimage\"},\"thumbnailUrl\":\"http:\\\/\\\/www.andnovameble.pl\\\/wp-content\\\/uploads\\\/2019\\\/01\\\/nitra.jpg\",\"datePublished\":\"2018-08-06T10:50:32+00:00\",\"dateModified\":\"2021-04-12T18:17:40+00:00\",\"breadcrumb\":{\"@id\":\"http:\\\/\\\/www.andnovameble.pl\\\/index.php\\\/sekcja-strony-glownej\\\/#breadcrumb\"},\"inLanguage\":\"pl-PL\",\"potentialAction\":[{\"@type\":\"ReadAction\",\"target\":[\"http:\\\/\\\/www.andnovameble.pl\\\/index.php\\\/sekcja-strony-glownej\\\/\"]}]},{\"@type\":\"ImageObject\",\"inLanguage\":\"pl-PL\",\"@id\":\"http:\\\/\\\/www.andnovameble.pl\\\/index.php\\\/sekcja-strony-glownej\\\/#primaryimage\",\"url\":\"http:\\\/\\\/www.andnovameble.pl\\\/wp-content\\\/uploads\\\/2019\\\/01\\\/nitra.jpg\",\"contentUrl\":\"http:\\\/\\\/www.andnovameble.pl\\\/wp-content\\\/uploads\\\/2019\\\/01\\\/nitra.jpg\",\"width\":1366,\"height\":867},{\"@type\":\"BreadcrumbList\",\"@id\":\"http:\\\/\\\/www.andnovameble.pl\\\/index.php\\\/sekcja-strony-glownej\\\/#breadcrumb\",\"itemListElement\":[{\"@type\":\"ListItem\",\"position\":1,\"name\":\"Strona g\u0142\u00f3wna\",\"item\":\"http:\\\/\\\/www.andnovameble.pl\\\/\"},{\"@type\":\"ListItem\",\"position\":2,\"name\":\"Sekcja strony g\u0142\u00f3wnej\"}]},{\"@type\":\"WebSite\",\"@id\":\"https:\\\/\\\/www.andnovameble.pl\\\/#website\",\"url\":\"https:\\\/\\\/www.andnovameble.pl\\\/\",\"name\":\"Materace, Meble Leszno\",\"description\":\"Tw\u00f3j ulubiony sklep\",\"publisher\":{\"@id\":\"https:\\\/\\\/www.andnovameble.pl\\\/#organization\"},\"potentialAction\":[{\"@type\":\"SearchAction\",\"target\":{\"@type\":\"EntryPoint\",\"urlTemplate\":\"https:\\\/\\\/www.andnovameble.pl\\\/?s={search_term_string}\"},\"query-input\":{\"@type\":\"PropertyValueSpecification\",\"valueRequired\":true,\"valueName\":\"search_term_string\"}}],\"inLanguage\":\"pl-PL\"},{\"@type\":\"Organization\",\"@id\":\"https:\\\/\\\/www.andnovameble.pl\\\/#organization\",\"name\":\"Materace, Meble Leszno\",\"url\":\"https:\\\/\\\/www.andnovameble.pl\\\/\",\"logo\":{\"@type\":\"ImageObject\",\"inLanguage\":\"pl-PL\",\"@id\":\"https:\\\/\\\/www.andnovameble.pl\\\/#\\\/schema\\\/logo\\\/image\\\/\",\"url\":\"http:\\\/\\\/www.andnovameble.pl\\\/wp-content\\\/uploads\\\/2018\\\/08\\\/cropped-logo-1-1.jpg\",\"contentUrl\":\"http:\\\/\\\/www.andnovameble.pl\\\/wp-content\\\/uploads\\\/2018\\\/08\\\/cropped-logo-1-1.jpg\",\"width\":250,\"height\":250,\"caption\":\"Materace, Meble Leszno\"},\"image\":{\"@id\":\"https:\\\/\\\/www.andnovameble.pl\\\/#\\\/schema\\\/logo\\\/image\\\/\"}}]}<\/script>\n<!-- \/ Yoast SEO plugin. -->","yoast_head_json":{"title":"Sekcja strony g\u0142\u00f3wnej - Materace, Meble Leszno","robots":{"index":"index","follow":"follow","max-snippet":"max-snippet:-1","max-image-preview":"max-image-preview:large","max-video-preview":"max-video-preview:-1"},"canonical":"http:\/\/www.andnovameble.pl\/index.php\/sekcja-strony-glownej\/","og_locale":"pl_PL","og_type":"article","og_title":"Sekcja strony g\u0142\u00f3wnej - Materace, Meble Leszno","og_description":"\u015apij spokojnie&#8230;.","og_url":"http:\/\/www.andnovameble.pl\/index.php\/sekcja-strony-glownej\/","og_site_name":"Materace, Meble Leszno","article_modified_time":"2021-04-12T18:17:40+00:00","og_image":[{"width":1366,"height":867,"url":"http:\/\/www.andnovameble.pl\/wp-content\/uploads\/2019\/01\/nitra.jpg","type":"image\/jpeg"}],"twitter_card":"summary_large_image","twitter_misc":{"Szacowany czas czytania":"1 minuta"},"schema":{"@context":"https:\/\/schema.org","@graph":[{"@type":"WebPage","@id":"http:\/\/www.andnovameble.pl\/index.php\/sekcja-strony-glownej\/","url":"http:\/\/www.andnovameble.pl\/index.php\/sekcja-strony-glownej\/","name":"Sekcja strony g\u0142\u00f3wnej - Materace, Meble Leszno","isPartOf":{"@id":"https:\/\/www.andnovameble.pl\/#website"},"primaryImageOfPage":{"@id":"http:\/\/www.andnovameble.pl\/index.php\/sekcja-strony-glownej\/#primaryimage"},"image":{"@id":"http:\/\/www.andnovameble.pl\/index.php\/sekcja-strony-glownej\/#primaryimage"},"thumbnailUrl":"http:\/\/www.andnovameble.pl\/wp-content\/uploads\/2019\/01\/nitra.jpg","datePublished":"2018-08-06T10:50:32+00:00","dateModified":"2021-04-12T18:17:40+00:00","breadcrumb":{"@id":"http:\/\/www.andnovameble.pl\/index.php\/sekcja-strony-glownej\/#breadcrumb"},"inLanguage":"pl-PL","potentialAction":[{"@type":"ReadAction","target":["http:\/\/www.andnovameble.pl\/index.php\/sekcja-strony-glownej\/"]}]},{"@type":"ImageObject","inLanguage":"pl-PL","@id":"http:\/\/www.andnovameble.pl\/index.php\/sekcja-strony-glownej\/#primaryimage","url":"http:\/\/www.andnovameble.pl\/wp-content\/uploads\/2019\/01\/nitra.jpg","contentUrl":"http:\/\/www.andnovameble.pl\/wp-content\/uploads\/2019\/01\/nitra.jpg","width":1366,"height":867},{"@type":"BreadcrumbList","@id":"http:\/\/www.andnovameble.pl\/index.php\/sekcja-strony-glownej\/#breadcrumb","itemListElement":[{"@type":"ListItem","position":1,"name":"Strona g\u0142\u00f3wna","item":"http:\/\/www.andnovameble.pl\/"},{"@type":"ListItem","position":2,"name":"Sekcja strony g\u0142\u00f3wnej"}]},{"@type":"WebSite","@id":"https:\/\/www.andnovameble.pl\/#website","url":"https:\/\/www.andnovameble.pl\/","name":"Materace, Meble Leszno","description":"Tw\u00f3j ulubiony sklep","publisher":{"@id":"https:\/\/www.andnovameble.pl\/#organization"},"potentialAction":[{"@type":"SearchAction","target":{"@type":"EntryPoint","urlTemplate":"https:\/\/www.andnovameble.pl\/?s={search_term_string}"},"query-input":{"@type":"PropertyValueSpecification","valueRequired":true,"valueName":"search_term_string"}}],"inLanguage":"pl-PL"},{"@type":"Organization","@id":"https:\/\/www.andnovameble.pl\/#organization","name":"Materace, Meble Leszno","url":"https:\/\/www.andnovameble.pl\/","logo":{"@type":"ImageObject","inLanguage":"pl-PL","@id":"https:\/\/www.andnovameble.pl\/#\/schema\/logo\/image\/","url":"http:\/\/www.andnovameble.pl\/wp-content\/uploads\/2018\/08\/cropped-logo-1-1.jpg","contentUrl":"http:\/\/www.andnovameble.pl\/wp-content\/uploads\/2018\/08\/cropped-logo-1-1.jpg","width":250,"height":250,"caption":"Materace, Meble Leszno"},"image":{"@id":"https:\/\/www.andnovameble.pl\/#\/schema\/logo\/image\/"}}]}},"_links":{"self":[{"href":"http:\/\/www.andnovameble.pl\/index.php\/wp-json\/wp\/v2\/pages\/22","targetHints":{"allow":["GET"]}}],"collection":[{"href":"http:\/\/www.andnovameble.pl\/index.php\/wp-json\/wp\/v2\/pages"}],"about":[{"href":"http:\/\/www.andnovameble.pl\/index.php\/wp-json\/wp\/v2\/types\/page"}],"author":[{"embeddable":true,"href":"http:\/\/www.andnovameble.pl\/index.php\/wp-json\/wp\/v2\/users\/1"}],"replies":[{"embeddable":true,"href":"http:\/\/www.andnovameble.pl\/index.php\/wp-json\/wp\/v2\/comments?post=22"}],"version-history":[{"count":2,"href":"http:\/\/www.andnovameble.pl\/index.php\/wp-json\/wp\/v2\/pages\/22\/revisions"}],"predecessor-version":[{"id":51,"href":"http:\/\/www.andnovameble.pl\/index.php\/wp-json\/wp\/v2\/pages\/22\/revisions\/51"}],"wp:featuredmedia":[{"embeddable":true,"href":"http:\/\/www.andnovameble.pl\/index.php\/wp-json\/wp\/v2\/media\/81"}],"wp:attachment":[{"href":"http:\/\/www.andnovameble.pl\/index.php\/wp-json\/wp\/v2\/media?parent=22"}],"curies":[{"name":"wp","href":"https:\/\/api.w.org\/{rel}","templated":true}]}}

Sekcja strony głównej

<p>Śpij spokojnie&#8230;.</p>

<!-- This site is optimized with the Yoast SEO plugin v27.5 - https://yoast.com/product/yoast-seo-wordpress/ -->
<title>Sekcja strony głównej - Materace, Meble Leszno</title>
<meta name="robots" content="index, follow, max-snippet:-1, max-image-preview:large, max-video-preview:-1" />
<link rel="canonical" href="http://www.andnovameble.pl/index.php/sekcja-strony-glownej/" />
<meta property="og:locale" content="pl_PL" />
<meta property="og:type" content="article" />
<meta property="og:title" content="Sekcja strony głównej - Materace, Meble Leszno" />
<meta property="og:description" content="Śpij spokojnie&#8230;." />
<meta property="og:url" content="http://www.andnovameble.pl/index.php/sekcja-strony-glownej/" />
<meta property="og:site_name" content="Materace, Meble Leszno" />
<meta property="article:modified_time" content="2021-04-12T18:17:40+00:00" />
<meta property="og:image" content="http://www.andnovameble.pl/wp-content/uploads/2019/01/nitra.jpg" />
	<meta property="og:image:width" content="1366" />
	<meta property="og:image:height" content="867" />
	<meta property="og:image:type" content="image/jpeg" />
<meta name="twitter:card" content="summary_large_image" />
<meta name="twitter:label1" content="Szacowany czas czytania" />
	<meta name="twitter:data1" content="1 minuta" />
<script type="application/ld+json" class="yoast-schema-graph">{"@context":"https:\/\/schema.org","@graph":[{"@type":"WebPage","@id":"http:\/\/www.andnovameble.pl\/index.php\/sekcja-strony-glownej\/","url":"http:\/\/www.andnovameble.pl\/index.php\/sekcja-strony-glownej\/","name":"Sekcja strony głównej - Materace, Meble Leszno","isPartOf":{"@id":"https:\/\/www.andnovameble.pl\/#website"},"primaryImageOfPage":{"@id":"http:\/\/www.andnovameble.pl\/index.php\/sekcja-strony-glownej\/#primaryimage"},"image":{"@id":"http:\/\/www.andnovameble.pl\/index.php\/sekcja-strony-glownej\/#primaryimage"},"thumbnailUrl":"http:\/\/www.andnovameble.pl\/wp-content\/uploads\/2019\/01\/nitra.jpg","datePublished":"2018-08-06T10:50:32+00:00","dateModified":"2021-04-12T18:17:40+00:00","breadcrumb":{"@id":"http:\/\/www.andnovameble.pl\/index.php\/sekcja-strony-glownej\/#breadcrumb"},"inLanguage":"pl-PL","potentialAction":[{"@type":"ReadAction","target":["http:\/\/www.andnovameble.pl\/index.php\/sekcja-strony-glownej\/"]}]},{"@type":"ImageObject","inLanguage":"pl-PL","@id":"http:\/\/www.andnovameble.pl\/index.php\/sekcja-strony-glownej\/#primaryimage","url":"http:\/\/www.andnovameble.pl\/wp-content\/uploads\/2019\/01\/nitra.jpg","contentUrl":"http:\/\/www.andnovameble.pl\/wp-content\/uploads\/2019\/01\/nitra.jpg","width":1366,"height":867},{"@type":"BreadcrumbList","@id":"http:\/\/www.andnovameble.pl\/index.php\/sekcja-strony-glownej\/#breadcrumb","itemListElement":[{"@type":"ListItem","position":1,"name":"Strona główna","item":"http:\/\/www.andnovameble.pl\/"},{"@type":"ListItem","position":2,"name":"Sekcja strony głównej"}]},{"@type":"WebSite","@id":"https:\/\/www.andnovameble.pl\/#website","url":"https:\/\/www.andnovameble.pl\/","name":"Materace, Meble Leszno","description":"Twój ulubiony sklep","publisher":{"@id":"https:\/\/www.andnovameble.pl\/#organization"},"potentialAction":[{"@type":"SearchAction","target":{"@type":"EntryPoint","urlTemplate":"https:\/\/www.andnovameble.pl\/?s={search_term_string}"},"query-input":{"@type":"PropertyValueSpecification","valueRequired":true,"valueName":"search_term_string"}}],"inLanguage":"pl-PL"},{"@type":"Organization","@id":"https:\/\/www.andnovameble.pl\/#organization","name":"Materace, Meble Leszno","url":"https:\/\/www.andnovameble.pl\/","logo":{"@type":"ImageObject","inLanguage":"pl-PL","@id":"https:\/\/www.andnovameble.pl\/#\/schema\/logo\/image\/","url":"http:\/\/www.andnovameble.pl\/wp-content\/uploads\/2018\/08\/cropped-logo-1-1.jpg","contentUrl":"http:\/\/www.andnovameble.pl\/wp-content\/uploads\/2018\/08\/cropped-logo-1-1.jpg","width":250,"height":250,"caption":"Materace, Meble Leszno"},"image":{"@id":"https:\/\/www.andnovameble.pl\/#\/schema\/logo\/image\/"}}]}</script>
<!-- / Yoast SEO plugin. -->

Sekcja strony głównej - Materace, Meble Leszno

Śpij spokojnie&#8230;.

Strona główna

Twój ulubiony sklep
