{"id":7736,"date":"2021-06-25T12:35:18","date_gmt":"2021-06-25T10:35:18","guid":{"rendered":"http:\/\/www.andnovameble.pl\/?page_id=7736"},"modified":"2021-09-13T09:20:50","modified_gmt":"2021-09-13T07:20:50","slug":"o-nas","status":"publish","type":"page","link":"http:\/\/www.andnovameble.pl\/index.php\/o-nas\/","title":{"rendered":"O nas"},"content":{"rendered":"\n<h2 class=\"has-normal-font-size wp-block-heading\" id=\"block-82e0f394-50e9-4bbf-92c6-3f117a77b9a2\">Tw\u00f3j ulubiony salon meblowy istnieje ju\u017c od 1996 r&nbsp; &nbsp; &nbsp; &nbsp; &nbsp; &nbsp; &nbsp; &nbsp; &nbsp; &nbsp; &nbsp; &nbsp; &nbsp; &nbsp; &nbsp; &nbsp; &nbsp; &nbsp; &nbsp; &nbsp; &nbsp; &nbsp; &nbsp; <\/h2>\n\n\n\n<h2 class=\"has-normal-font-size wp-block-heading\" id=\"block-82e0f394-50e9-4bbf-92c6-3f117a77b9a2\">Przez lata zdobywali\u015bmy zaufanie klient\u00f3w. Stawiamy na zdrowy dom i szcz\u0119\u015bliw\u0105 rodzin\u0119. Zdrowe, ekologiczne meble drewniane wyka\u0144czane nieinwazyjnymi lakierami, klejami <br>i bejcami. Bogate wzornictwo i kolorystyka. Na zam\u00f3wienie klienta meble nietypowe, na wymiar. Wsp\u00f3\u0142pracujemy z najlepszym na polskim rynku producentem materacy.<br>Z mniejszymi, polskimi producentami mebli ,gdzie liczy si\u0119 jako\u015b\u0107, odpowiedzialno\u015b\u0107 za nasz\u0105&nbsp; planet\u0119 i cz\u0142owieka. M&amp;K Foam, PMW, Orfeusz, Claudie design , Motiv Home, Drewmax , Drewmix, Stagra , FWMT, D\u0105b Gdynia ,&nbsp; <\/h2>\n\n\n\n<h2 class=\"wp-block-heading\" id=\"block-82e0f394-50e9-4bbf-92c6-3f117a77b9a2\">Pami\u0119taj, to co Ci\u0119 otacza ma wp\u0142yw na twoje samopoczucie i zdrowie.&nbsp; &nbsp; &nbsp; &nbsp; Wybierz nasz sklep i nasz\u0105 doskona\u0142\u0105 ofert\u0119.<br>Zapraszamy do salonu w Lesznie ul. Fabryczna 15.<\/h2>\n","protected":false},"excerpt":{"rendered":"<p>Tw\u00f3j ulubiony salon meblowy istnieje ju\u017c od 1996 r&nbsp; &nbsp; &nbsp; &nbsp; &nbsp; &nbsp; &nbsp; &nbsp; &nbsp; &nbsp; &nbsp; &nbsp; &nbsp; &nbsp; &nbsp; &nbsp; &nbsp; &nbsp; &nbsp; &nbsp; &nbsp; &nbsp; &nbsp; Przez lata zdobywali\u015bmy zaufanie klient\u00f3w. Stawiamy na zdrowy dom i szcz\u0119\u015bliw\u0105 rodzin\u0119. Zdrowe, ekologiczne meble drewniane wyka\u0144czane nieinwazyjnymi lakierami, klejami i bejcami. Bogate wzornictwo &hellip; <\/p>\n<p class=\"link-more\"><a href=\"http:\/\/www.andnovameble.pl\/index.php\/o-nas\/\" class=\"more-link\">Czytaj dalej<span class=\"screen-reader-text\"> \u201eO nas\u201d<\/span><\/a><\/p>\n","protected":false},"author":1,"featured_media":0,"parent":0,"menu_order":0,"comment_status":"closed","ping_status":"closed","template":"","meta":{"footnotes":""},"class_list":["post-7736","page","type-page","status-publish","hentry"],"yoast_head":"<!-- This site is optimized with the Yoast SEO plugin v27.4 - https:\/\/yoast.com\/product\/yoast-seo-wordpress\/ -->\n<title>O nas - Materace, Meble Leszno<\/title>\n<meta name=\"description\" content=\"O nas wszystkie niezb\u0119dne informacje AndNova Meble Leszno Znajdziesz tu Meble, Materace i wiele innych. Meble Leszno Materace Leszno\" \/>\n<meta name=\"robots\" content=\"index, follow, max-snippet:-1, max-image-preview:large, max-video-preview:-1\" \/>\n<link rel=\"canonical\" href=\"http:\/\/www.andnovameble.pl\/index.php\/o-nas\/\" \/>\n<meta property=\"og:locale\" content=\"pl_PL\" \/>\n<meta property=\"og:type\" content=\"article\" \/>\n<meta property=\"og:title\" content=\"O nas - Materace, Meble Leszno\" \/>\n<meta property=\"og:description\" content=\"O nas wszystkie niezb\u0119dne informacje AndNova Meble Leszno Znajdziesz tu Meble, Materace i wiele innych. Meble Leszno Materace Leszno\" \/>\n<meta property=\"og:url\" content=\"http:\/\/www.andnovameble.pl\/index.php\/o-nas\/\" \/>\n<meta property=\"og:site_name\" content=\"Materace, Meble Leszno\" \/>\n<meta property=\"article:modified_time\" content=\"2021-09-13T07:20:50+00:00\" \/>\n<meta name=\"twitter:card\" content=\"summary_large_image\" \/>\n<meta name=\"twitter:label1\" content=\"Szacowany czas czytania\" \/>\n\t<meta name=\"twitter:data1\" content=\"1 minuta\" \/>\n<script type=\"application\/ld+json\" class=\"yoast-schema-graph\">{\"@context\":\"https:\\\/\\\/schema.org\",\"@graph\":[{\"@type\":\"WebPage\",\"@id\":\"http:\\\/\\\/www.andnovameble.pl\\\/index.php\\\/o-nas\\\/\",\"url\":\"http:\\\/\\\/www.andnovameble.pl\\\/index.php\\\/o-nas\\\/\",\"name\":\"O nas - Materace, Meble Leszno\",\"isPartOf\":{\"@id\":\"http:\\\/\\\/www.andnovameble.pl\\\/#website\"},\"datePublished\":\"2021-06-25T10:35:18+00:00\",\"dateModified\":\"2021-09-13T07:20:50+00:00\",\"description\":\"O nas wszystkie niezb\u0119dne informacje AndNova Meble Leszno Znajdziesz tu Meble, Materace i wiele innych. Meble Leszno Materace Leszno\",\"breadcrumb\":{\"@id\":\"http:\\\/\\\/www.andnovameble.pl\\\/index.php\\\/o-nas\\\/#breadcrumb\"},\"inLanguage\":\"pl-PL\",\"potentialAction\":[{\"@type\":\"ReadAction\",\"target\":[\"http:\\\/\\\/www.andnovameble.pl\\\/index.php\\\/o-nas\\\/\"]}]},{\"@type\":\"BreadcrumbList\",\"@id\":\"http:\\\/\\\/www.andnovameble.pl\\\/index.php\\\/o-nas\\\/#breadcrumb\",\"itemListElement\":[{\"@type\":\"ListItem\",\"position\":1,\"name\":\"Strona g\u0142\u00f3wna\",\"item\":\"http:\\\/\\\/www.andnovameble.pl\\\/\"},{\"@type\":\"ListItem\",\"position\":2,\"name\":\"O nas\"}]},{\"@type\":\"WebSite\",\"@id\":\"http:\\\/\\\/www.andnovameble.pl\\\/#website\",\"url\":\"http:\\\/\\\/www.andnovameble.pl\\\/\",\"name\":\"Materace, Meble Leszno\",\"description\":\"Tw\u00f3j ulubiony sklep\",\"publisher\":{\"@id\":\"http:\\\/\\\/www.andnovameble.pl\\\/#organization\"},\"potentialAction\":[{\"@type\":\"SearchAction\",\"target\":{\"@type\":\"EntryPoint\",\"urlTemplate\":\"http:\\\/\\\/www.andnovameble.pl\\\/?s={search_term_string}\"},\"query-input\":{\"@type\":\"PropertyValueSpecification\",\"valueRequired\":true,\"valueName\":\"search_term_string\"}}],\"inLanguage\":\"pl-PL\"},{\"@type\":\"Organization\",\"@id\":\"http:\\\/\\\/www.andnovameble.pl\\\/#organization\",\"name\":\"Materace, Meble Leszno\",\"url\":\"http:\\\/\\\/www.andnovameble.pl\\\/\",\"logo\":{\"@type\":\"ImageObject\",\"inLanguage\":\"pl-PL\",\"@id\":\"http:\\\/\\\/www.andnovameble.pl\\\/#\\\/schema\\\/logo\\\/image\\\/\",\"url\":\"http:\\\/\\\/www.andnovameble.pl\\\/wp-content\\\/uploads\\\/2018\\\/08\\\/cropped-logo-1-1.jpg\",\"contentUrl\":\"http:\\\/\\\/www.andnovameble.pl\\\/wp-content\\\/uploads\\\/2018\\\/08\\\/cropped-logo-1-1.jpg\",\"width\":250,\"height\":250,\"caption\":\"Materace, Meble Leszno\"},\"image\":{\"@id\":\"http:\\\/\\\/www.andnovameble.pl\\\/#\\\/schema\\\/logo\\\/image\\\/\"}}]}<\/script>\n<!-- \/ Yoast SEO plugin. -->","yoast_head_json":{"title":"O nas - Materace, Meble Leszno","description":"O nas wszystkie niezb\u0119dne informacje AndNova Meble Leszno Znajdziesz tu Meble, Materace i wiele innych. Meble Leszno Materace Leszno","robots":{"index":"index","follow":"follow","max-snippet":"max-snippet:-1","max-image-preview":"max-image-preview:large","max-video-preview":"max-video-preview:-1"},"canonical":"http:\/\/www.andnovameble.pl\/index.php\/o-nas\/","og_locale":"pl_PL","og_type":"article","og_title":"O nas - Materace, Meble Leszno","og_description":"O nas wszystkie niezb\u0119dne informacje AndNova Meble Leszno Znajdziesz tu Meble, Materace i wiele innych. Meble Leszno Materace Leszno","og_url":"http:\/\/www.andnovameble.pl\/index.php\/o-nas\/","og_site_name":"Materace, Meble Leszno","article_modified_time":"2021-09-13T07:20:50+00:00","twitter_card":"summary_large_image","twitter_misc":{"Szacowany czas czytania":"1 minuta"},"schema":{"@context":"https:\/\/schema.org","@graph":[{"@type":"WebPage","@id":"http:\/\/www.andnovameble.pl\/index.php\/o-nas\/","url":"http:\/\/www.andnovameble.pl\/index.php\/o-nas\/","name":"O nas - Materace, Meble Leszno","isPartOf":{"@id":"http:\/\/www.andnovameble.pl\/#website"},"datePublished":"2021-06-25T10:35:18+00:00","dateModified":"2021-09-13T07:20:50+00:00","description":"O nas wszystkie niezb\u0119dne informacje AndNova Meble Leszno Znajdziesz tu Meble, Materace i wiele innych. Meble Leszno Materace Leszno","breadcrumb":{"@id":"http:\/\/www.andnovameble.pl\/index.php\/o-nas\/#breadcrumb"},"inLanguage":"pl-PL","potentialAction":[{"@type":"ReadAction","target":["http:\/\/www.andnovameble.pl\/index.php\/o-nas\/"]}]},{"@type":"BreadcrumbList","@id":"http:\/\/www.andnovameble.pl\/index.php\/o-nas\/#breadcrumb","itemListElement":[{"@type":"ListItem","position":1,"name":"Strona g\u0142\u00f3wna","item":"http:\/\/www.andnovameble.pl\/"},{"@type":"ListItem","position":2,"name":"O nas"}]},{"@type":"WebSite","@id":"http:\/\/www.andnovameble.pl\/#website","url":"http:\/\/www.andnovameble.pl\/","name":"Materace, Meble Leszno","description":"Tw\u00f3j ulubiony sklep","publisher":{"@id":"http:\/\/www.andnovameble.pl\/#organization"},"potentialAction":[{"@type":"SearchAction","target":{"@type":"EntryPoint","urlTemplate":"http:\/\/www.andnovameble.pl\/?s={search_term_string}"},"query-input":{"@type":"PropertyValueSpecification","valueRequired":true,"valueName":"search_term_string"}}],"inLanguage":"pl-PL"},{"@type":"Organization","@id":"http:\/\/www.andnovameble.pl\/#organization","name":"Materace, Meble Leszno","url":"http:\/\/www.andnovameble.pl\/","logo":{"@type":"ImageObject","inLanguage":"pl-PL","@id":"http:\/\/www.andnovameble.pl\/#\/schema\/logo\/image\/","url":"http:\/\/www.andnovameble.pl\/wp-content\/uploads\/2018\/08\/cropped-logo-1-1.jpg","contentUrl":"http:\/\/www.andnovameble.pl\/wp-content\/uploads\/2018\/08\/cropped-logo-1-1.jpg","width":250,"height":250,"caption":"Materace, Meble Leszno"},"image":{"@id":"http:\/\/www.andnovameble.pl\/#\/schema\/logo\/image\/"}}]}},"_links":{"self":[{"href":"http:\/\/www.andnovameble.pl\/index.php\/wp-json\/wp\/v2\/pages\/7736","targetHints":{"allow":["GET"]}}],"collection":[{"href":"http:\/\/www.andnovameble.pl\/index.php\/wp-json\/wp\/v2\/pages"}],"about":[{"href":"http:\/\/www.andnovameble.pl\/index.php\/wp-json\/wp\/v2\/types\/page"}],"author":[{"embeddable":true,"href":"http:\/\/www.andnovameble.pl\/index.php\/wp-json\/wp\/v2\/users\/1"}],"replies":[{"embeddable":true,"href":"http:\/\/www.andnovameble.pl\/index.php\/wp-json\/wp\/v2\/comments?post=7736"}],"version-history":[{"count":5,"href":"http:\/\/www.andnovameble.pl\/index.php\/wp-json\/wp\/v2\/pages\/7736\/revisions"}],"predecessor-version":[{"id":7877,"href":"http:\/\/www.andnovameble.pl\/index.php\/wp-json\/wp\/v2\/pages\/7736\/revisions\/7877"}],"wp:attachment":[{"href":"http:\/\/www.andnovameble.pl\/index.php\/wp-json\/wp\/v2\/media?parent=7736"}],"curies":[{"name":"wp","href":"https:\/\/api.w.org\/{rel}","templated":true}]}}

<h2 class="has-normal-font-size wp-block-heading" id="block-82e0f394-50e9-4bbf-92c6-3f117a77b9a2">Twój ulubiony salon meblowy istnieje już od 1996 r&nbsp; &nbsp; &nbsp; &nbsp; &nbsp; &nbsp; &nbsp; &nbsp; &nbsp; &nbsp; &nbsp; &nbsp; &nbsp; &nbsp; &nbsp; &nbsp; &nbsp; &nbsp; &nbsp; &nbsp; &nbsp; &nbsp; &nbsp; </h2>



<h2 class="has-normal-font-size wp-block-heading" id="block-82e0f394-50e9-4bbf-92c6-3f117a77b9a2">Przez lata zdobywaliśmy zaufanie klientów. Stawiamy na zdrowy dom i szczęśliwą rodzinę. Zdrowe, ekologiczne meble drewniane wykańczane nieinwazyjnymi lakierami, klejami <br>i bejcami. Bogate wzornictwo i kolorystyka. Na zamówienie klienta meble nietypowe, na wymiar. Współpracujemy z najlepszym na polskim rynku producentem materacy.<br>Z mniejszymi, polskimi producentami mebli ,gdzie liczy się jakość, odpowiedzialność za naszą&nbsp; planetę i człowieka. M&amp;K Foam, PMW, Orfeusz, Claudie design , Motiv Home, Drewmax , Drewmix, Stagra , FWMT, Dąb Gdynia ,&nbsp; </h2>



<h2 class="wp-block-heading" id="block-82e0f394-50e9-4bbf-92c6-3f117a77b9a2">Pamiętaj, to co Cię otacza ma wpływ na twoje samopoczucie i zdrowie.&nbsp; &nbsp; &nbsp; &nbsp; Wybierz nasz sklep i naszą doskonałą ofertę.<br>Zapraszamy do salonu w Lesznie ul. Fabryczna 15.</h2>

<p>Twój ulubiony salon meblowy istnieje już od 1996 r&nbsp; &nbsp; &nbsp; &nbsp; &nbsp; &nbsp; &nbsp; &nbsp; &nbsp; &nbsp; &nbsp; &nbsp; &nbsp; &nbsp; &nbsp; &nbsp; &nbsp; &nbsp; &nbsp; &nbsp; &nbsp; &nbsp; &nbsp; Przez lata zdobywaliśmy zaufanie klientów. Stawiamy na zdrowy dom i szczęśliwą rodzinę. Zdrowe, ekologiczne meble drewniane wykańczane nieinwazyjnymi lakierami, klejami i bejcami. Bogate wzornictwo &hellip; </p>
<p class="link-more"><a href="http://www.andnovameble.pl/index.php/o-nas/" class="more-link">Czytaj dalej<span class="screen-reader-text"> „O nas”</span></a></p>

<!-- This site is optimized with the Yoast SEO plugin v27.4 - https://yoast.com/product/yoast-seo-wordpress/ -->
<title>O nas - Materace, Meble Leszno</title>
<meta name="description" content="O nas wszystkie niezbędne informacje AndNova Meble Leszno Znajdziesz tu Meble, Materace i wiele innych. Meble Leszno Materace Leszno" />
<meta name="robots" content="index, follow, max-snippet:-1, max-image-preview:large, max-video-preview:-1" />
<link rel="canonical" href="http://www.andnovameble.pl/index.php/o-nas/" />
<meta property="og:locale" content="pl_PL" />
<meta property="og:type" content="article" />
<meta property="og:title" content="O nas - Materace, Meble Leszno" />
<meta property="og:description" content="O nas wszystkie niezbędne informacje AndNova Meble Leszno Znajdziesz tu Meble, Materace i wiele innych. Meble Leszno Materace Leszno" />
<meta property="og:url" content="http://www.andnovameble.pl/index.php/o-nas/" />
<meta property="og:site_name" content="Materace, Meble Leszno" />
<meta property="article:modified_time" content="2021-09-13T07:20:50+00:00" />
<meta name="twitter:card" content="summary_large_image" />
<meta name="twitter:label1" content="Szacowany czas czytania" />
	<meta name="twitter:data1" content="1 minuta" />
<script type="application/ld+json" class="yoast-schema-graph">{"@context":"https:\/\/schema.org","@graph":[{"@type":"WebPage","@id":"http:\/\/www.andnovameble.pl\/index.php\/o-nas\/","url":"http:\/\/www.andnovameble.pl\/index.php\/o-nas\/","name":"O nas - Materace, Meble Leszno","isPartOf":{"@id":"http:\/\/www.andnovameble.pl\/#website"},"datePublished":"2021-06-25T10:35:18+00:00","dateModified":"2021-09-13T07:20:50+00:00","description":"O nas wszystkie niezbędne informacje AndNova Meble Leszno Znajdziesz tu Meble, Materace i wiele innych. Meble Leszno Materace Leszno","breadcrumb":{"@id":"http:\/\/www.andnovameble.pl\/index.php\/o-nas\/#breadcrumb"},"inLanguage":"pl-PL","potentialAction":[{"@type":"ReadAction","target":["http:\/\/www.andnovameble.pl\/index.php\/o-nas\/"]}]},{"@type":"BreadcrumbList","@id":"http:\/\/www.andnovameble.pl\/index.php\/o-nas\/#breadcrumb","itemListElement":[{"@type":"ListItem","position":1,"name":"Strona główna","item":"http:\/\/www.andnovameble.pl\/"},{"@type":"ListItem","position":2,"name":"O nas"}]},{"@type":"WebSite","@id":"http:\/\/www.andnovameble.pl\/#website","url":"http:\/\/www.andnovameble.pl\/","name":"Materace, Meble Leszno","description":"Twój ulubiony sklep","publisher":{"@id":"http:\/\/www.andnovameble.pl\/#organization"},"potentialAction":[{"@type":"SearchAction","target":{"@type":"EntryPoint","urlTemplate":"http:\/\/www.andnovameble.pl\/?s={search_term_string}"},"query-input":{"@type":"PropertyValueSpecification","valueRequired":true,"valueName":"search_term_string"}}],"inLanguage":"pl-PL"},{"@type":"Organization","@id":"http:\/\/www.andnovameble.pl\/#organization","name":"Materace, Meble Leszno","url":"http:\/\/www.andnovameble.pl\/","logo":{"@type":"ImageObject","inLanguage":"pl-PL","@id":"http:\/\/www.andnovameble.pl\/#\/schema\/logo\/image\/","url":"http:\/\/www.andnovameble.pl\/wp-content\/uploads\/2018\/08\/cropped-logo-1-1.jpg","contentUrl":"http:\/\/www.andnovameble.pl\/wp-content\/uploads\/2018\/08\/cropped-logo-1-1.jpg","width":250,"height":250,"caption":"Materace, Meble Leszno"},"image":{"@id":"http:\/\/www.andnovameble.pl\/#\/schema\/logo\/image\/"}}]}</script>
<!-- / Yoast SEO plugin. -->

O nas wszystkie niezbędne informacje AndNova Meble Leszno Znajdziesz tu Meble, Materace i wiele innych. Meble Leszno Materace Leszno

Strona główna

Twój ulubiony sklep
