{"id":7655,"date":"2021-04-13T21:28:36","date_gmt":"2021-04-13T19:28:36","guid":{"rendered":"http:\/\/www.andnovameble.pl\/?post_type=product&#038;p=7655"},"modified":"2021-04-15T12:35:05","modified_gmt":"2021-04-15T10:35:05","slug":"naroznik-davos-pmw","status":"publish","type":"product","link":"http:\/\/www.andnovameble.pl\/index.php\/produkt\/naroznik-davos-pmw\/","title":{"rendered":"Naro\u017cnik Davos PMW"},"content":{"rendered":"<p>Niezwykle wygodny naro\u017cnik. podw\u00f3jne spr\u0119\u017cynowanie. Spr\u0119\u017cyna bonelowa i listwy spr\u0119\u017cynuj\u0105ce . W standardzie trzy regulowane zag\u0142\u00f3wki.<\/p>\n<p>Wymiary naro\u017cnika : 260\/190 Funkcja spania: 140\/210<\/p>\n<p>Funkcja spania. Pojemnik na po\u015bciel .<\/p>\n<p>Naro\u017cnik lewo lub prawostronny. Zastosowana w meblu pianka jest piank\u0105 wysoko-elastyczn\u0105 typu HR, kt\u00f3ra znacznie poprawia komfort i trwa\u0142o\u015b\u0107 siedziska oraz oparcia .<\/p>\n<p>Mo\u017cliwo\u015b\u0107 dokupienia boku na laptopa,boku z pojemnikiem, mo\u017cliwo\u015b\u0107 ozdobnego przeszycia i obicia funkci spania za dop\u0142at\u0105 tkanin\u0105 nawierzchniow\u0105.<\/p>\n<p>W ofercie mamy tkaniny z kolekcji Magic Home.<\/p>\n","protected":false},"excerpt":{"rendered":"<p><img loading=\"lazy\" decoding=\"async\" class=\"alignnone size-medium wp-image-7663\" src=\"http:\/\/www.andnovameble.pl\/wp-content\/uploads\/2021\/04\/naroznik-pmw-davos-nfpalp-268x300.jpg\" alt=\"\" width=\"268\" height=\"300\" srcset=\"http:\/\/www.andnovameble.pl\/wp-content\/uploads\/2021\/04\/naroznik-pmw-davos-nfpalp-268x300.jpg 268w, http:\/\/www.andnovameble.pl\/wp-content\/uploads\/2021\/04\/naroznik-pmw-davos-nfpalp-768x859.jpg 768w, http:\/\/www.andnovameble.pl\/wp-content\/uploads\/2021\/04\/naroznik-pmw-davos-nfpalp-536x600.jpg 536w, http:\/\/www.andnovameble.pl\/wp-content\/uploads\/2021\/04\/naroznik-pmw-davos-nfpalp-143x160.jpg 143w, http:\/\/www.andnovameble.pl\/wp-content\/uploads\/2021\/04\/naroznik-pmw-davos-nfpalp-350x392.jpg 350w, http:\/\/www.andnovameble.pl\/wp-content\/uploads\/2021\/04\/naroznik-pmw-davos-nfpalp.jpg 800w\" sizes=\"auto, (max-width: 268px) 100vw, 268px\" \/><\/p>\n","protected":false},"featured_media":7656,"comment_status":"closed","ping_status":"closed","template":"","meta":[],"product_brand":[],"product_cat":[29,28],"product_tag":[25,24,26,27],"class_list":{"0":"post-7655","1":"product","2":"type-product","3":"status-publish","4":"has-post-thumbnail","6":"product_cat-meble-tapicerowane","7":"product_cat-naroznik-2","8":"product_tag-funkcja-spania","9":"product_tag-naroznik","10":"product_tag-pmw","11":"product_tag-zaglowki","13":"first","14":"instock","15":"product-type-simple"},"yoast_head":"<!-- This site is optimized with the Yoast SEO plugin v27.4 - https:\/\/yoast.com\/product\/yoast-seo-wordpress\/ -->\n<title>Naro\u017cnik Davos PMW - Materace, Meble Leszno<\/title>\n<meta name=\"description\" content=\"Naro\u017cnik Davos NFPA PMW\" \/>\n<meta name=\"robots\" content=\"index, follow, max-snippet:-1, max-image-preview:large, max-video-preview:-1\" \/>\n<link rel=\"canonical\" href=\"http:\/\/www.andnovameble.pl\/index.php\/produkt\/naroznik-davos-pmw\/\" \/>\n<meta property=\"og:locale\" content=\"pl_PL\" \/>\n<meta property=\"og:type\" content=\"article\" \/>\n<meta property=\"og:title\" content=\"Naro\u017cnik Davos PMW - Materace, Meble Leszno\" \/>\n<meta property=\"og:description\" content=\"Naro\u017cnik Davos NFPA PMW\" \/>\n<meta property=\"og:url\" content=\"http:\/\/www.andnovameble.pl\/index.php\/produkt\/naroznik-davos-pmw\/\" \/>\n<meta property=\"og:site_name\" content=\"Materace, Meble Leszno\" \/>\n<meta property=\"article:modified_time\" content=\"2021-04-15T10:35:05+00:00\" \/>\n<meta property=\"og:image\" content=\"http:\/\/www.andnovameble.pl\/wp-content\/uploads\/2021\/04\/davos.jpg\" \/>\n\t<meta property=\"og:image:width\" content=\"1366\" \/>\n\t<meta property=\"og:image:height\" content=\"867\" \/>\n\t<meta property=\"og:image:type\" content=\"image\/jpeg\" \/>\n<meta name=\"twitter:card\" content=\"summary_large_image\" \/>\n<meta name=\"twitter:label1\" content=\"Szacowany czas czytania\" \/>\n\t<meta name=\"twitter:data1\" content=\"1 minuta\" \/>\n<script type=\"application\/ld+json\" class=\"yoast-schema-graph\">{\"@context\":\"https:\\\/\\\/schema.org\",\"@graph\":[{\"@type\":\"WebPage\",\"@id\":\"http:\\\/\\\/www.andnovameble.pl\\\/index.php\\\/produkt\\\/naroznik-davos-pmw\\\/\",\"url\":\"http:\\\/\\\/www.andnovameble.pl\\\/index.php\\\/produkt\\\/naroznik-davos-pmw\\\/\",\"name\":\"Naro\u017cnik Davos PMW - Materace, Meble Leszno\",\"isPartOf\":{\"@id\":\"http:\\\/\\\/www.andnovameble.pl\\\/#website\"},\"primaryImageOfPage\":{\"@id\":\"http:\\\/\\\/www.andnovameble.pl\\\/index.php\\\/produkt\\\/naroznik-davos-pmw\\\/#primaryimage\"},\"image\":{\"@id\":\"http:\\\/\\\/www.andnovameble.pl\\\/index.php\\\/produkt\\\/naroznik-davos-pmw\\\/#primaryimage\"},\"thumbnailUrl\":\"http:\\\/\\\/www.andnovameble.pl\\\/wp-content\\\/uploads\\\/2021\\\/04\\\/davos.jpg\",\"datePublished\":\"2021-04-13T19:28:36+00:00\",\"dateModified\":\"2021-04-15T10:35:05+00:00\",\"description\":\"Naro\u017cnik Davos NFPA PMW\",\"breadcrumb\":{\"@id\":\"http:\\\/\\\/www.andnovameble.pl\\\/index.php\\\/produkt\\\/naroznik-davos-pmw\\\/#breadcrumb\"},\"inLanguage\":\"pl-PL\",\"potentialAction\":[{\"@type\":\"ReadAction\",\"target\":[\"http:\\\/\\\/www.andnovameble.pl\\\/index.php\\\/produkt\\\/naroznik-davos-pmw\\\/\"]}]},{\"@type\":\"ImageObject\",\"inLanguage\":\"pl-PL\",\"@id\":\"http:\\\/\\\/www.andnovameble.pl\\\/index.php\\\/produkt\\\/naroznik-davos-pmw\\\/#primaryimage\",\"url\":\"http:\\\/\\\/www.andnovameble.pl\\\/wp-content\\\/uploads\\\/2021\\\/04\\\/davos.jpg\",\"contentUrl\":\"http:\\\/\\\/www.andnovameble.pl\\\/wp-content\\\/uploads\\\/2021\\\/04\\\/davos.jpg\",\"width\":1366,\"height\":867,\"caption\":\"Naro\u017cnik PMW\"},{\"@type\":\"BreadcrumbList\",\"@id\":\"http:\\\/\\\/www.andnovameble.pl\\\/index.php\\\/produkt\\\/naroznik-davos-pmw\\\/#breadcrumb\",\"itemListElement\":[{\"@type\":\"ListItem\",\"position\":1,\"name\":\"Strona g\u0142\u00f3wna\",\"item\":\"http:\\\/\\\/www.andnovameble.pl\\\/\"},{\"@type\":\"ListItem\",\"position\":2,\"name\":\"Sklep\",\"item\":\"http:\\\/\\\/www.andnovameble.pl\\\/index.php\\\/sklep\\\/\"},{\"@type\":\"ListItem\",\"position\":3,\"name\":\"Naro\u017cnik Davos PMW\"}]},{\"@type\":\"WebSite\",\"@id\":\"http:\\\/\\\/www.andnovameble.pl\\\/#website\",\"url\":\"http:\\\/\\\/www.andnovameble.pl\\\/\",\"name\":\"Materace, Meble Leszno\",\"description\":\"Tw\u00f3j ulubiony sklep\",\"publisher\":{\"@id\":\"http:\\\/\\\/www.andnovameble.pl\\\/#organization\"},\"potentialAction\":[{\"@type\":\"SearchAction\",\"target\":{\"@type\":\"EntryPoint\",\"urlTemplate\":\"http:\\\/\\\/www.andnovameble.pl\\\/?s={search_term_string}\"},\"query-input\":{\"@type\":\"PropertyValueSpecification\",\"valueRequired\":true,\"valueName\":\"search_term_string\"}}],\"inLanguage\":\"pl-PL\"},{\"@type\":\"Organization\",\"@id\":\"http:\\\/\\\/www.andnovameble.pl\\\/#organization\",\"name\":\"Materace, Meble Leszno\",\"url\":\"http:\\\/\\\/www.andnovameble.pl\\\/\",\"logo\":{\"@type\":\"ImageObject\",\"inLanguage\":\"pl-PL\",\"@id\":\"http:\\\/\\\/www.andnovameble.pl\\\/#\\\/schema\\\/logo\\\/image\\\/\",\"url\":\"http:\\\/\\\/www.andnovameble.pl\\\/wp-content\\\/uploads\\\/2018\\\/08\\\/cropped-logo-1-1.jpg\",\"contentUrl\":\"http:\\\/\\\/www.andnovameble.pl\\\/wp-content\\\/uploads\\\/2018\\\/08\\\/cropped-logo-1-1.jpg\",\"width\":250,\"height\":250,\"caption\":\"Materace, Meble Leszno\"},\"image\":{\"@id\":\"http:\\\/\\\/www.andnovameble.pl\\\/#\\\/schema\\\/logo\\\/image\\\/\"}}]}<\/script>\n<!-- \/ Yoast SEO plugin. -->","yoast_head_json":{"title":"Naro\u017cnik Davos PMW - Materace, Meble Leszno","description":"Naro\u017cnik Davos NFPA PMW","robots":{"index":"index","follow":"follow","max-snippet":"max-snippet:-1","max-image-preview":"max-image-preview:large","max-video-preview":"max-video-preview:-1"},"canonical":"http:\/\/www.andnovameble.pl\/index.php\/produkt\/naroznik-davos-pmw\/","og_locale":"pl_PL","og_type":"article","og_title":"Naro\u017cnik Davos PMW - Materace, Meble Leszno","og_description":"Naro\u017cnik Davos NFPA PMW","og_url":"http:\/\/www.andnovameble.pl\/index.php\/produkt\/naroznik-davos-pmw\/","og_site_name":"Materace, Meble Leszno","article_modified_time":"2021-04-15T10:35:05+00:00","og_image":[{"width":1366,"height":867,"url":"http:\/\/www.andnovameble.pl\/wp-content\/uploads\/2021\/04\/davos.jpg","type":"image\/jpeg"}],"twitter_card":"summary_large_image","twitter_misc":{"Szacowany czas czytania":"1 minuta"},"schema":{"@context":"https:\/\/schema.org","@graph":[{"@type":"WebPage","@id":"http:\/\/www.andnovameble.pl\/index.php\/produkt\/naroznik-davos-pmw\/","url":"http:\/\/www.andnovameble.pl\/index.php\/produkt\/naroznik-davos-pmw\/","name":"Naro\u017cnik Davos PMW - Materace, Meble Leszno","isPartOf":{"@id":"http:\/\/www.andnovameble.pl\/#website"},"primaryImageOfPage":{"@id":"http:\/\/www.andnovameble.pl\/index.php\/produkt\/naroznik-davos-pmw\/#primaryimage"},"image":{"@id":"http:\/\/www.andnovameble.pl\/index.php\/produkt\/naroznik-davos-pmw\/#primaryimage"},"thumbnailUrl":"http:\/\/www.andnovameble.pl\/wp-content\/uploads\/2021\/04\/davos.jpg","datePublished":"2021-04-13T19:28:36+00:00","dateModified":"2021-04-15T10:35:05+00:00","description":"Naro\u017cnik Davos NFPA PMW","breadcrumb":{"@id":"http:\/\/www.andnovameble.pl\/index.php\/produkt\/naroznik-davos-pmw\/#breadcrumb"},"inLanguage":"pl-PL","potentialAction":[{"@type":"ReadAction","target":["http:\/\/www.andnovameble.pl\/index.php\/produkt\/naroznik-davos-pmw\/"]}]},{"@type":"ImageObject","inLanguage":"pl-PL","@id":"http:\/\/www.andnovameble.pl\/index.php\/produkt\/naroznik-davos-pmw\/#primaryimage","url":"http:\/\/www.andnovameble.pl\/wp-content\/uploads\/2021\/04\/davos.jpg","contentUrl":"http:\/\/www.andnovameble.pl\/wp-content\/uploads\/2021\/04\/davos.jpg","width":1366,"height":867,"caption":"Naro\u017cnik PMW"},{"@type":"BreadcrumbList","@id":"http:\/\/www.andnovameble.pl\/index.php\/produkt\/naroznik-davos-pmw\/#breadcrumb","itemListElement":[{"@type":"ListItem","position":1,"name":"Strona g\u0142\u00f3wna","item":"http:\/\/www.andnovameble.pl\/"},{"@type":"ListItem","position":2,"name":"Sklep","item":"http:\/\/www.andnovameble.pl\/index.php\/sklep\/"},{"@type":"ListItem","position":3,"name":"Naro\u017cnik Davos PMW"}]},{"@type":"WebSite","@id":"http:\/\/www.andnovameble.pl\/#website","url":"http:\/\/www.andnovameble.pl\/","name":"Materace, Meble Leszno","description":"Tw\u00f3j ulubiony sklep","publisher":{"@id":"http:\/\/www.andnovameble.pl\/#organization"},"potentialAction":[{"@type":"SearchAction","target":{"@type":"EntryPoint","urlTemplate":"http:\/\/www.andnovameble.pl\/?s={search_term_string}"},"query-input":{"@type":"PropertyValueSpecification","valueRequired":true,"valueName":"search_term_string"}}],"inLanguage":"pl-PL"},{"@type":"Organization","@id":"http:\/\/www.andnovameble.pl\/#organization","name":"Materace, Meble Leszno","url":"http:\/\/www.andnovameble.pl\/","logo":{"@type":"ImageObject","inLanguage":"pl-PL","@id":"http:\/\/www.andnovameble.pl\/#\/schema\/logo\/image\/","url":"http:\/\/www.andnovameble.pl\/wp-content\/uploads\/2018\/08\/cropped-logo-1-1.jpg","contentUrl":"http:\/\/www.andnovameble.pl\/wp-content\/uploads\/2018\/08\/cropped-logo-1-1.jpg","width":250,"height":250,"caption":"Materace, Meble Leszno"},"image":{"@id":"http:\/\/www.andnovameble.pl\/#\/schema\/logo\/image\/"}}]}},"_links":{"self":[{"href":"http:\/\/www.andnovameble.pl\/index.php\/wp-json\/wp\/v2\/product\/7655","targetHints":{"allow":["GET"]}}],"collection":[{"href":"http:\/\/www.andnovameble.pl\/index.php\/wp-json\/wp\/v2\/product"}],"about":[{"href":"http:\/\/www.andnovameble.pl\/index.php\/wp-json\/wp\/v2\/types\/product"}],"replies":[{"embeddable":true,"href":"http:\/\/www.andnovameble.pl\/index.php\/wp-json\/wp\/v2\/comments?post=7655"}],"wp:featuredmedia":[{"embeddable":true,"href":"http:\/\/www.andnovameble.pl\/index.php\/wp-json\/wp\/v2\/media\/7656"}],"wp:attachment":[{"href":"http:\/\/www.andnovameble.pl\/index.php\/wp-json\/wp\/v2\/media?parent=7655"}],"wp:term":[{"taxonomy":"product_brand","embeddable":true,"href":"http:\/\/www.andnovameble.pl\/index.php\/wp-json\/wp\/v2\/product_brand?post=7655"},{"taxonomy":"product_cat","embeddable":true,"href":"http:\/\/www.andnovameble.pl\/index.php\/wp-json\/wp\/v2\/product_cat?post=7655"},{"taxonomy":"product_tag","embeddable":true,"href":"http:\/\/www.andnovameble.pl\/index.php\/wp-json\/wp\/v2\/product_tag?post=7655"}],"curies":[{"name":"wp","href":"https:\/\/api.w.org\/{rel}","templated":true}]}}

Narożnik Davos PMW

<p>Niezwykle wygodny narożnik. podwójne sprężynowanie. Sprężyna bonelowa i listwy sprężynujące . W standardzie trzy regulowane zagłówki.</p>
<p>Wymiary narożnika : 260/190 Funkcja spania: 140/210</p>
<p>Funkcja spania. Pojemnik na pościel .</p>
<p>Narożnik lewo lub prawostronny. Zastosowana w meblu pianka jest pianką wysoko-elastyczną typu HR, która znacznie poprawia komfort i trwałość siedziska oraz oparcia .</p>
<p>Możliwość dokupienia boku na laptopa,boku z pojemnikiem, możliwość ozdobnego przeszycia i obicia funkci spania za dopłatą tkaniną nawierzchniową.</p>
<p>W ofercie mamy tkaniny z kolekcji Magic Home.</p>

<!-- This site is optimized with the Yoast SEO plugin v27.4 - https://yoast.com/product/yoast-seo-wordpress/ -->
<title>Narożnik Davos PMW - Materace, Meble Leszno</title>
<meta name="description" content="Narożnik Davos NFPA PMW" />
<meta name="robots" content="index, follow, max-snippet:-1, max-image-preview:large, max-video-preview:-1" />
<link rel="canonical" href="http://www.andnovameble.pl/index.php/produkt/naroznik-davos-pmw/" />
<meta property="og:locale" content="pl_PL" />
<meta property="og:type" content="article" />
<meta property="og:title" content="Narożnik Davos PMW - Materace, Meble Leszno" />
<meta property="og:description" content="Narożnik Davos NFPA PMW" />
<meta property="og:url" content="http://www.andnovameble.pl/index.php/produkt/naroznik-davos-pmw/" />
<meta property="og:site_name" content="Materace, Meble Leszno" />
<meta property="article:modified_time" content="2021-04-15T10:35:05+00:00" />
<meta property="og:image" content="http://www.andnovameble.pl/wp-content/uploads/2021/04/davos.jpg" />
	<meta property="og:image:width" content="1366" />
	<meta property="og:image:height" content="867" />
	<meta property="og:image:type" content="image/jpeg" />
<meta name="twitter:card" content="summary_large_image" />
<meta name="twitter:label1" content="Szacowany czas czytania" />
	<meta name="twitter:data1" content="1 minuta" />
<script type="application/ld+json" class="yoast-schema-graph">{"@context":"https:\/\/schema.org","@graph":[{"@type":"WebPage","@id":"http:\/\/www.andnovameble.pl\/index.php\/produkt\/naroznik-davos-pmw\/","url":"http:\/\/www.andnovameble.pl\/index.php\/produkt\/naroznik-davos-pmw\/","name":"Narożnik Davos PMW - Materace, Meble Leszno","isPartOf":{"@id":"http:\/\/www.andnovameble.pl\/#website"},"primaryImageOfPage":{"@id":"http:\/\/www.andnovameble.pl\/index.php\/produkt\/naroznik-davos-pmw\/#primaryimage"},"image":{"@id":"http:\/\/www.andnovameble.pl\/index.php\/produkt\/naroznik-davos-pmw\/#primaryimage"},"thumbnailUrl":"http:\/\/www.andnovameble.pl\/wp-content\/uploads\/2021\/04\/davos.jpg","datePublished":"2021-04-13T19:28:36+00:00","dateModified":"2021-04-15T10:35:05+00:00","description":"Narożnik Davos NFPA PMW","breadcrumb":{"@id":"http:\/\/www.andnovameble.pl\/index.php\/produkt\/naroznik-davos-pmw\/#breadcrumb"},"inLanguage":"pl-PL","potentialAction":[{"@type":"ReadAction","target":["http:\/\/www.andnovameble.pl\/index.php\/produkt\/naroznik-davos-pmw\/"]}]},{"@type":"ImageObject","inLanguage":"pl-PL","@id":"http:\/\/www.andnovameble.pl\/index.php\/produkt\/naroznik-davos-pmw\/#primaryimage","url":"http:\/\/www.andnovameble.pl\/wp-content\/uploads\/2021\/04\/davos.jpg","contentUrl":"http:\/\/www.andnovameble.pl\/wp-content\/uploads\/2021\/04\/davos.jpg","width":1366,"height":867,"caption":"Narożnik PMW"},{"@type":"BreadcrumbList","@id":"http:\/\/www.andnovameble.pl\/index.php\/produkt\/naroznik-davos-pmw\/#breadcrumb","itemListElement":[{"@type":"ListItem","position":1,"name":"Strona główna","item":"http:\/\/www.andnovameble.pl\/"},{"@type":"ListItem","position":2,"name":"Sklep","item":"http:\/\/www.andnovameble.pl\/index.php\/sklep\/"},{"@type":"ListItem","position":3,"name":"Narożnik Davos PMW"}]},{"@type":"WebSite","@id":"http:\/\/www.andnovameble.pl\/#website","url":"http:\/\/www.andnovameble.pl\/","name":"Materace, Meble Leszno","description":"Twój ulubiony sklep","publisher":{"@id":"http:\/\/www.andnovameble.pl\/#organization"},"potentialAction":[{"@type":"SearchAction","target":{"@type":"EntryPoint","urlTemplate":"http:\/\/www.andnovameble.pl\/?s={search_term_string}"},"query-input":{"@type":"PropertyValueSpecification","valueRequired":true,"valueName":"search_term_string"}}],"inLanguage":"pl-PL"},{"@type":"Organization","@id":"http:\/\/www.andnovameble.pl\/#organization","name":"Materace, Meble Leszno","url":"http:\/\/www.andnovameble.pl\/","logo":{"@type":"ImageObject","inLanguage":"pl-PL","@id":"http:\/\/www.andnovameble.pl\/#\/schema\/logo\/image\/","url":"http:\/\/www.andnovameble.pl\/wp-content\/uploads\/2018\/08\/cropped-logo-1-1.jpg","contentUrl":"http:\/\/www.andnovameble.pl\/wp-content\/uploads\/2018\/08\/cropped-logo-1-1.jpg","width":250,"height":250,"caption":"Materace, Meble Leszno"},"image":{"@id":"http:\/\/www.andnovameble.pl\/#\/schema\/logo\/image\/"}}]}</script>
<!-- / Yoast SEO plugin. -->

Narożnik Davos PMW - Materace, Meble Leszno

Narożnik Davos NFPA PMW

Narożnik PMW

Strona główna

Twój ulubiony sklep
