{"id":7689,"date":"2021-04-28T15:34:27","date_gmt":"2021-04-28T13:34:27","guid":{"rendered":"http:\/\/www.andnovameble.pl\/?post_type=product&#038;p=7689"},"modified":"2021-09-15T16:04:56","modified_gmt":"2021-09-15T14:04:56","slug":"wersalka-kanapa-michel-3","status":"publish","type":"product","link":"http:\/\/www.andnovameble.pl\/index.php\/produkt\/wersalka-kanapa-michel-3\/","title":{"rendered":"Kanapa Michael"},"content":{"rendered":"<p>Pi\u0119kna tradycyjna wersalka na spr\u0119\u017cynach, wyko\u0144czona oryginalnym drewnem bukowym .<\/p>\n<p>Odzwierciedlenie prostoty i funkcjonalno\u015bci. Podwy\u017cszone siedzisko podnosi komfort u\u017cytkowania mebla.<\/p>\n<p>Do wyboru r\u00f3\u017cne kolory drewna oraz struktury i kolory tkanin.<\/p>\n<p>Opr\u00f3cz wersalki do zestawu dedykowany jest jeszcze fotel i sofa 2.<\/p>\n<h5 class=\"presentation__item-title\">Wymiary:<\/h5>\n<p>220 x 95 x 95 cm<\/p>\n<p class=\"presentation__sleeping-area\">funkcja spania: 190 x 120 cm<\/p>\n<p>pojemnik na po\u015bciel<\/p>\n","protected":false},"excerpt":{"rendered":"<p>Pi\u0119kna tradycyjna wersalka na spr\u0119\u017cynach, wyko\u0144czona oryginalnym drewnem bukowym . Odzwierciedlenie prostoty i funkcjonalno\u015bci. Podwy\u017cszone siedzisko podnosi komfort u\u017cytkowania mebla. Do wyboru r\u00f3\u017cne kolory drewna oraz struktury i kolory tkanin. Opr\u00f3cz wersalki do zestawu dedykowany jest jeszcze fotel i sofa 2. Wymiary: 220 x 95 x 95 cm funkcja spania: 190 x 120 cm pojemnik &hellip; <\/p>\n<p class=\"link-more\"><a href=\"http:\/\/www.andnovameble.pl\/index.php\/produkt\/wersalka-kanapa-michel-3\/\" class=\"more-link\">Czytaj dalej<span class=\"screen-reader-text\"> \u201eKanapa Michael\u201d<\/span><\/a><\/p>\n","protected":false},"featured_media":7690,"comment_status":"closed","ping_status":"closed","template":"","meta":[],"product_brand":[],"product_cat":[38,31,37,29,36,35],"product_tag":[25,33,22,40,39],"class_list":{"0":"post-7689","1":"product","2":"type-product","3":"status-publish","4":"has-post-thumbnail","6":"product_cat-fotel","7":"product_cat-kanapa","8":"product_cat-komplet","9":"product_cat-meble-tapicerowane","10":"product_cat-orfeusz-meble","11":"product_cat-wersalka","12":"product_tag-funkcja-spania","13":"product_tag-kanapa-2","14":"product_tag-meble-leszno","15":"product_tag-orfeusz","16":"product_tag-wersalka-2","18":"first","19":"instock","20":"taxable","21":"shipping-taxable","22":"product-type-simple"},"yoast_head":"<!-- This site is optimized with the Yoast SEO plugin v27.4 - https:\/\/yoast.com\/product\/yoast-seo-wordpress\/ -->\n<title>Kanapa Michael - Materace, Meble Leszno<\/title>\n<meta name=\"robots\" content=\"index, follow, max-snippet:-1, max-image-preview:large, max-video-preview:-1\" \/>\n<link rel=\"canonical\" href=\"http:\/\/www.andnovameble.pl\/index.php\/produkt\/wersalka-kanapa-michel-3\/\" \/>\n<meta property=\"og:locale\" content=\"pl_PL\" \/>\n<meta property=\"og:type\" content=\"article\" \/>\n<meta property=\"og:title\" content=\"Kanapa Michael - Materace, Meble Leszno\" \/>\n<meta property=\"og:description\" content=\"Pi\u0119kna tradycyjna wersalka na spr\u0119\u017cynach, wyko\u0144czona oryginalnym drewnem bukowym . Odzwierciedlenie prostoty i funkcjonalno\u015bci. Podwy\u017cszone siedzisko podnosi komfort u\u017cytkowania mebla. Do wyboru r\u00f3\u017cne kolory drewna oraz struktury i kolory tkanin. Opr\u00f3cz wersalki do zestawu dedykowany jest jeszcze fotel i sofa 2. Wymiary: 220 x 95 x 95 cm funkcja spania: 190 x 120 cm pojemnik &hellip; Czytaj dalej \u201eKanapa Michael\u201d\" \/>\n<meta property=\"og:url\" content=\"http:\/\/www.andnovameble.pl\/index.php\/produkt\/wersalka-kanapa-michel-3\/\" \/>\n<meta property=\"og:site_name\" content=\"Materace, Meble Leszno\" \/>\n<meta property=\"article:modified_time\" content=\"2021-09-15T14:04:56+00:00\" \/>\n<meta property=\"og:image\" content=\"http:\/\/www.andnovameble.pl\/wp-content\/uploads\/2021\/04\/Michael14_03_18-0016_1-scaled.jpg\" \/>\n\t<meta property=\"og:image:width\" content=\"2560\" \/>\n\t<meta property=\"og:image:height\" content=\"1707\" \/>\n\t<meta property=\"og:image:type\" content=\"image\/jpeg\" \/>\n<meta name=\"twitter:card\" content=\"summary_large_image\" \/>\n<meta name=\"twitter:label1\" content=\"Szacowany czas czytania\" \/>\n\t<meta name=\"twitter:data1\" content=\"1 minuta\" \/>\n<script type=\"application\/ld+json\" class=\"yoast-schema-graph\">{\"@context\":\"https:\\\/\\\/schema.org\",\"@graph\":[{\"@type\":\"WebPage\",\"@id\":\"http:\\\/\\\/www.andnovameble.pl\\\/index.php\\\/produkt\\\/wersalka-kanapa-michel-3\\\/\",\"url\":\"http:\\\/\\\/www.andnovameble.pl\\\/index.php\\\/produkt\\\/wersalka-kanapa-michel-3\\\/\",\"name\":\"Kanapa Michael - Materace, Meble Leszno\",\"isPartOf\":{\"@id\":\"http:\\\/\\\/www.andnovameble.pl\\\/#website\"},\"primaryImageOfPage\":{\"@id\":\"http:\\\/\\\/www.andnovameble.pl\\\/index.php\\\/produkt\\\/wersalka-kanapa-michel-3\\\/#primaryimage\"},\"image\":{\"@id\":\"http:\\\/\\\/www.andnovameble.pl\\\/index.php\\\/produkt\\\/wersalka-kanapa-michel-3\\\/#primaryimage\"},\"thumbnailUrl\":\"http:\\\/\\\/www.andnovameble.pl\\\/wp-content\\\/uploads\\\/2021\\\/04\\\/Michael14_03_18-0016_1-scaled.jpg\",\"datePublished\":\"2021-04-28T13:34:27+00:00\",\"dateModified\":\"2021-09-15T14:04:56+00:00\",\"breadcrumb\":{\"@id\":\"http:\\\/\\\/www.andnovameble.pl\\\/index.php\\\/produkt\\\/wersalka-kanapa-michel-3\\\/#breadcrumb\"},\"inLanguage\":\"pl-PL\",\"potentialAction\":[{\"@type\":\"ReadAction\",\"target\":[\"http:\\\/\\\/www.andnovameble.pl\\\/index.php\\\/produkt\\\/wersalka-kanapa-michel-3\\\/\"]}]},{\"@type\":\"ImageObject\",\"inLanguage\":\"pl-PL\",\"@id\":\"http:\\\/\\\/www.andnovameble.pl\\\/index.php\\\/produkt\\\/wersalka-kanapa-michel-3\\\/#primaryimage\",\"url\":\"http:\\\/\\\/www.andnovameble.pl\\\/wp-content\\\/uploads\\\/2021\\\/04\\\/Michael14_03_18-0016_1-scaled.jpg\",\"contentUrl\":\"http:\\\/\\\/www.andnovameble.pl\\\/wp-content\\\/uploads\\\/2021\\\/04\\\/Michael14_03_18-0016_1-scaled.jpg\",\"width\":2560,\"height\":1707},{\"@type\":\"BreadcrumbList\",\"@id\":\"http:\\\/\\\/www.andnovameble.pl\\\/index.php\\\/produkt\\\/wersalka-kanapa-michel-3\\\/#breadcrumb\",\"itemListElement\":[{\"@type\":\"ListItem\",\"position\":1,\"name\":\"Strona g\u0142\u00f3wna\",\"item\":\"http:\\\/\\\/www.andnovameble.pl\\\/\"},{\"@type\":\"ListItem\",\"position\":2,\"name\":\"Sklep\",\"item\":\"http:\\\/\\\/www.andnovameble.pl\\\/index.php\\\/sklep\\\/\"},{\"@type\":\"ListItem\",\"position\":3,\"name\":\"Kanapa Michael\"}]},{\"@type\":\"WebSite\",\"@id\":\"http:\\\/\\\/www.andnovameble.pl\\\/#website\",\"url\":\"http:\\\/\\\/www.andnovameble.pl\\\/\",\"name\":\"Materace, Meble Leszno\",\"description\":\"Tw\u00f3j ulubiony sklep\",\"publisher\":{\"@id\":\"http:\\\/\\\/www.andnovameble.pl\\\/#organization\"},\"potentialAction\":[{\"@type\":\"SearchAction\",\"target\":{\"@type\":\"EntryPoint\",\"urlTemplate\":\"http:\\\/\\\/www.andnovameble.pl\\\/?s={search_term_string}\"},\"query-input\":{\"@type\":\"PropertyValueSpecification\",\"valueRequired\":true,\"valueName\":\"search_term_string\"}}],\"inLanguage\":\"pl-PL\"},{\"@type\":\"Organization\",\"@id\":\"http:\\\/\\\/www.andnovameble.pl\\\/#organization\",\"name\":\"Materace, Meble Leszno\",\"url\":\"http:\\\/\\\/www.andnovameble.pl\\\/\",\"logo\":{\"@type\":\"ImageObject\",\"inLanguage\":\"pl-PL\",\"@id\":\"http:\\\/\\\/www.andnovameble.pl\\\/#\\\/schema\\\/logo\\\/image\\\/\",\"url\":\"http:\\\/\\\/www.andnovameble.pl\\\/wp-content\\\/uploads\\\/2018\\\/08\\\/cropped-logo-1-1.jpg\",\"contentUrl\":\"http:\\\/\\\/www.andnovameble.pl\\\/wp-content\\\/uploads\\\/2018\\\/08\\\/cropped-logo-1-1.jpg\",\"width\":250,\"height\":250,\"caption\":\"Materace, Meble Leszno\"},\"image\":{\"@id\":\"http:\\\/\\\/www.andnovameble.pl\\\/#\\\/schema\\\/logo\\\/image\\\/\"}}]}<\/script>\n<!-- \/ Yoast SEO plugin. -->","yoast_head_json":{"title":"Kanapa Michael - Materace, Meble Leszno","robots":{"index":"index","follow":"follow","max-snippet":"max-snippet:-1","max-image-preview":"max-image-preview:large","max-video-preview":"max-video-preview:-1"},"canonical":"http:\/\/www.andnovameble.pl\/index.php\/produkt\/wersalka-kanapa-michel-3\/","og_locale":"pl_PL","og_type":"article","og_title":"Kanapa Michael - Materace, Meble Leszno","og_description":"Pi\u0119kna tradycyjna wersalka na spr\u0119\u017cynach, wyko\u0144czona oryginalnym drewnem bukowym . Odzwierciedlenie prostoty i funkcjonalno\u015bci. Podwy\u017cszone siedzisko podnosi komfort u\u017cytkowania mebla. Do wyboru r\u00f3\u017cne kolory drewna oraz struktury i kolory tkanin. Opr\u00f3cz wersalki do zestawu dedykowany jest jeszcze fotel i sofa 2. Wymiary: 220 x 95 x 95 cm funkcja spania: 190 x 120 cm pojemnik &hellip; Czytaj dalej \u201eKanapa Michael\u201d","og_url":"http:\/\/www.andnovameble.pl\/index.php\/produkt\/wersalka-kanapa-michel-3\/","og_site_name":"Materace, Meble Leszno","article_modified_time":"2021-09-15T14:04:56+00:00","og_image":[{"width":2560,"height":1707,"url":"http:\/\/www.andnovameble.pl\/wp-content\/uploads\/2021\/04\/Michael14_03_18-0016_1-scaled.jpg","type":"image\/jpeg"}],"twitter_card":"summary_large_image","twitter_misc":{"Szacowany czas czytania":"1 minuta"},"schema":{"@context":"https:\/\/schema.org","@graph":[{"@type":"WebPage","@id":"http:\/\/www.andnovameble.pl\/index.php\/produkt\/wersalka-kanapa-michel-3\/","url":"http:\/\/www.andnovameble.pl\/index.php\/produkt\/wersalka-kanapa-michel-3\/","name":"Kanapa Michael - Materace, Meble Leszno","isPartOf":{"@id":"http:\/\/www.andnovameble.pl\/#website"},"primaryImageOfPage":{"@id":"http:\/\/www.andnovameble.pl\/index.php\/produkt\/wersalka-kanapa-michel-3\/#primaryimage"},"image":{"@id":"http:\/\/www.andnovameble.pl\/index.php\/produkt\/wersalka-kanapa-michel-3\/#primaryimage"},"thumbnailUrl":"http:\/\/www.andnovameble.pl\/wp-content\/uploads\/2021\/04\/Michael14_03_18-0016_1-scaled.jpg","datePublished":"2021-04-28T13:34:27+00:00","dateModified":"2021-09-15T14:04:56+00:00","breadcrumb":{"@id":"http:\/\/www.andnovameble.pl\/index.php\/produkt\/wersalka-kanapa-michel-3\/#breadcrumb"},"inLanguage":"pl-PL","potentialAction":[{"@type":"ReadAction","target":["http:\/\/www.andnovameble.pl\/index.php\/produkt\/wersalka-kanapa-michel-3\/"]}]},{"@type":"ImageObject","inLanguage":"pl-PL","@id":"http:\/\/www.andnovameble.pl\/index.php\/produkt\/wersalka-kanapa-michel-3\/#primaryimage","url":"http:\/\/www.andnovameble.pl\/wp-content\/uploads\/2021\/04\/Michael14_03_18-0016_1-scaled.jpg","contentUrl":"http:\/\/www.andnovameble.pl\/wp-content\/uploads\/2021\/04\/Michael14_03_18-0016_1-scaled.jpg","width":2560,"height":1707},{"@type":"BreadcrumbList","@id":"http:\/\/www.andnovameble.pl\/index.php\/produkt\/wersalka-kanapa-michel-3\/#breadcrumb","itemListElement":[{"@type":"ListItem","position":1,"name":"Strona g\u0142\u00f3wna","item":"http:\/\/www.andnovameble.pl\/"},{"@type":"ListItem","position":2,"name":"Sklep","item":"http:\/\/www.andnovameble.pl\/index.php\/sklep\/"},{"@type":"ListItem","position":3,"name":"Kanapa Michael"}]},{"@type":"WebSite","@id":"http:\/\/www.andnovameble.pl\/#website","url":"http:\/\/www.andnovameble.pl\/","name":"Materace, Meble Leszno","description":"Tw\u00f3j ulubiony sklep","publisher":{"@id":"http:\/\/www.andnovameble.pl\/#organization"},"potentialAction":[{"@type":"SearchAction","target":{"@type":"EntryPoint","urlTemplate":"http:\/\/www.andnovameble.pl\/?s={search_term_string}"},"query-input":{"@type":"PropertyValueSpecification","valueRequired":true,"valueName":"search_term_string"}}],"inLanguage":"pl-PL"},{"@type":"Organization","@id":"http:\/\/www.andnovameble.pl\/#organization","name":"Materace, Meble Leszno","url":"http:\/\/www.andnovameble.pl\/","logo":{"@type":"ImageObject","inLanguage":"pl-PL","@id":"http:\/\/www.andnovameble.pl\/#\/schema\/logo\/image\/","url":"http:\/\/www.andnovameble.pl\/wp-content\/uploads\/2018\/08\/cropped-logo-1-1.jpg","contentUrl":"http:\/\/www.andnovameble.pl\/wp-content\/uploads\/2018\/08\/cropped-logo-1-1.jpg","width":250,"height":250,"caption":"Materace, Meble Leszno"},"image":{"@id":"http:\/\/www.andnovameble.pl\/#\/schema\/logo\/image\/"}}]}},"_links":{"self":[{"href":"http:\/\/www.andnovameble.pl\/index.php\/wp-json\/wp\/v2\/product\/7689","targetHints":{"allow":["GET"]}}],"collection":[{"href":"http:\/\/www.andnovameble.pl\/index.php\/wp-json\/wp\/v2\/product"}],"about":[{"href":"http:\/\/www.andnovameble.pl\/index.php\/wp-json\/wp\/v2\/types\/product"}],"replies":[{"embeddable":true,"href":"http:\/\/www.andnovameble.pl\/index.php\/wp-json\/wp\/v2\/comments?post=7689"}],"wp:featuredmedia":[{"embeddable":true,"href":"http:\/\/www.andnovameble.pl\/index.php\/wp-json\/wp\/v2\/media\/7690"}],"wp:attachment":[{"href":"http:\/\/www.andnovameble.pl\/index.php\/wp-json\/wp\/v2\/media?parent=7689"}],"wp:term":[{"taxonomy":"product_brand","embeddable":true,"href":"http:\/\/www.andnovameble.pl\/index.php\/wp-json\/wp\/v2\/product_brand?post=7689"},{"taxonomy":"product_cat","embeddable":true,"href":"http:\/\/www.andnovameble.pl\/index.php\/wp-json\/wp\/v2\/product_cat?post=7689"},{"taxonomy":"product_tag","embeddable":true,"href":"http:\/\/www.andnovameble.pl\/index.php\/wp-json\/wp\/v2\/product_tag?post=7689"}],"curies":[{"name":"wp","href":"https:\/\/api.w.org\/{rel}","templated":true}]}}

<p>Piękna tradycyjna wersalka na sprężynach, wykończona oryginalnym drewnem bukowym .</p>
<p>Odzwierciedlenie prostoty i funkcjonalności. Podwyższone siedzisko podnosi komfort użytkowania mebla.</p>
<p>Do wyboru różne kolory drewna oraz struktury i kolory tkanin.</p>
<p>Oprócz wersalki do zestawu dedykowany jest jeszcze fotel i sofa 2.</p>
<h5 class="presentation__item-title">Wymiary:</h5>
<p>220 x 95 x 95 cm</p>
<p class="presentation__sleeping-area">funkcja spania: 190 x 120 cm</p>
<p>pojemnik na pościel</p>

<p>Piękna tradycyjna wersalka na sprężynach, wykończona oryginalnym drewnem bukowym . Odzwierciedlenie prostoty i funkcjonalności. Podwyższone siedzisko podnosi komfort użytkowania mebla. Do wyboru różne kolory drewna oraz struktury i kolory tkanin. Oprócz wersalki do zestawu dedykowany jest jeszcze fotel i sofa 2. Wymiary: 220 x 95 x 95 cm funkcja spania: 190 x 120 cm pojemnik &hellip; </p>
<p class="link-more"><a href="http://www.andnovameble.pl/index.php/produkt/wersalka-kanapa-michel-3/" class="more-link">Czytaj dalej<span class="screen-reader-text"> „Kanapa Michael”</span></a></p>

<!-- This site is optimized with the Yoast SEO plugin v27.4 - https://yoast.com/product/yoast-seo-wordpress/ -->
<title>Kanapa Michael - Materace, Meble Leszno</title>
<meta name="robots" content="index, follow, max-snippet:-1, max-image-preview:large, max-video-preview:-1" />
<link rel="canonical" href="http://www.andnovameble.pl/index.php/produkt/wersalka-kanapa-michel-3/" />
<meta property="og:locale" content="pl_PL" />
<meta property="og:type" content="article" />
<meta property="og:title" content="Kanapa Michael - Materace, Meble Leszno" />
<meta property="og:description" content="Piękna tradycyjna wersalka na sprężynach, wykończona oryginalnym drewnem bukowym . Odzwierciedlenie prostoty i funkcjonalności. Podwyższone siedzisko podnosi komfort użytkowania mebla. Do wyboru różne kolory drewna oraz struktury i kolory tkanin. Oprócz wersalki do zestawu dedykowany jest jeszcze fotel i sofa 2. Wymiary: 220 x 95 x 95 cm funkcja spania: 190 x 120 cm pojemnik &hellip; Czytaj dalej „Kanapa Michael”" />
<meta property="og:url" content="http://www.andnovameble.pl/index.php/produkt/wersalka-kanapa-michel-3/" />
<meta property="og:site_name" content="Materace, Meble Leszno" />
<meta property="article:modified_time" content="2021-09-15T14:04:56+00:00" />
<meta property="og:image" content="http://www.andnovameble.pl/wp-content/uploads/2021/04/Michael14_03_18-0016_1-scaled.jpg" />
	<meta property="og:image:width" content="2560" />
	<meta property="og:image:height" content="1707" />
	<meta property="og:image:type" content="image/jpeg" />
<meta name="twitter:card" content="summary_large_image" />
<meta name="twitter:label1" content="Szacowany czas czytania" />
	<meta name="twitter:data1" content="1 minuta" />
<script type="application/ld+json" class="yoast-schema-graph">{"@context":"https:\/\/schema.org","@graph":[{"@type":"WebPage","@id":"http:\/\/www.andnovameble.pl\/index.php\/produkt\/wersalka-kanapa-michel-3\/","url":"http:\/\/www.andnovameble.pl\/index.php\/produkt\/wersalka-kanapa-michel-3\/","name":"Kanapa Michael - Materace, Meble Leszno","isPartOf":{"@id":"http:\/\/www.andnovameble.pl\/#website"},"primaryImageOfPage":{"@id":"http:\/\/www.andnovameble.pl\/index.php\/produkt\/wersalka-kanapa-michel-3\/#primaryimage"},"image":{"@id":"http:\/\/www.andnovameble.pl\/index.php\/produkt\/wersalka-kanapa-michel-3\/#primaryimage"},"thumbnailUrl":"http:\/\/www.andnovameble.pl\/wp-content\/uploads\/2021\/04\/Michael14_03_18-0016_1-scaled.jpg","datePublished":"2021-04-28T13:34:27+00:00","dateModified":"2021-09-15T14:04:56+00:00","breadcrumb":{"@id":"http:\/\/www.andnovameble.pl\/index.php\/produkt\/wersalka-kanapa-michel-3\/#breadcrumb"},"inLanguage":"pl-PL","potentialAction":[{"@type":"ReadAction","target":["http:\/\/www.andnovameble.pl\/index.php\/produkt\/wersalka-kanapa-michel-3\/"]}]},{"@type":"ImageObject","inLanguage":"pl-PL","@id":"http:\/\/www.andnovameble.pl\/index.php\/produkt\/wersalka-kanapa-michel-3\/#primaryimage","url":"http:\/\/www.andnovameble.pl\/wp-content\/uploads\/2021\/04\/Michael14_03_18-0016_1-scaled.jpg","contentUrl":"http:\/\/www.andnovameble.pl\/wp-content\/uploads\/2021\/04\/Michael14_03_18-0016_1-scaled.jpg","width":2560,"height":1707},{"@type":"BreadcrumbList","@id":"http:\/\/www.andnovameble.pl\/index.php\/produkt\/wersalka-kanapa-michel-3\/#breadcrumb","itemListElement":[{"@type":"ListItem","position":1,"name":"Strona główna","item":"http:\/\/www.andnovameble.pl\/"},{"@type":"ListItem","position":2,"name":"Sklep","item":"http:\/\/www.andnovameble.pl\/index.php\/sklep\/"},{"@type":"ListItem","position":3,"name":"Kanapa Michael"}]},{"@type":"WebSite","@id":"http:\/\/www.andnovameble.pl\/#website","url":"http:\/\/www.andnovameble.pl\/","name":"Materace, Meble Leszno","description":"Twój ulubiony sklep","publisher":{"@id":"http:\/\/www.andnovameble.pl\/#organization"},"potentialAction":[{"@type":"SearchAction","target":{"@type":"EntryPoint","urlTemplate":"http:\/\/www.andnovameble.pl\/?s={search_term_string}"},"query-input":{"@type":"PropertyValueSpecification","valueRequired":true,"valueName":"search_term_string"}}],"inLanguage":"pl-PL"},{"@type":"Organization","@id":"http:\/\/www.andnovameble.pl\/#organization","name":"Materace, Meble Leszno","url":"http:\/\/www.andnovameble.pl\/","logo":{"@type":"ImageObject","inLanguage":"pl-PL","@id":"http:\/\/www.andnovameble.pl\/#\/schema\/logo\/image\/","url":"http:\/\/www.andnovameble.pl\/wp-content\/uploads\/2018\/08\/cropped-logo-1-1.jpg","contentUrl":"http:\/\/www.andnovameble.pl\/wp-content\/uploads\/2018\/08\/cropped-logo-1-1.jpg","width":250,"height":250,"caption":"Materace, Meble Leszno"},"image":{"@id":"http:\/\/www.andnovameble.pl\/#\/schema\/logo\/image\/"}}]}</script>
<!-- / Yoast SEO plugin. -->

Piękna tradycyjna wersalka na sprężynach, wykończona oryginalnym drewnem bukowym . Odzwierciedlenie prostoty i funkcjonalności. Podwyższone siedzisko podnosi komfort użytkowania mebla. Do wyboru różne kolory drewna oraz struktury i kolory tkanin. Oprócz wersalki do zestawu dedykowany jest jeszcze fotel i sofa 2. Wymiary: 220 x 95 x 95 cm funkcja spania: 190 x 120 cm pojemnik &hellip; Czytaj dalej „Kanapa Michael”

Strona główna

Twój ulubiony sklep
