{"id":7696,"date":"2021-04-28T16:12:15","date_gmt":"2021-04-28T14:12:15","guid":{"rendered":"http:\/\/www.andnovameble.pl\/?post_type=product&#038;p=7696"},"modified":"2021-04-28T16:12:16","modified_gmt":"2021-04-28T14:12:16","slug":"sofa-havana-3","status":"publish","type":"product","link":"http:\/\/www.andnovameble.pl\/index.php\/produkt\/sofa-havana-3\/","title":{"rendered":"Sofa Havana 3"},"content":{"rendered":"<p>Nowoczesny zestaw mebli Havana ma w komplecie elementy rozk\u0142adane z funkcj\u0105 spania i nierozk\u0142adane.<\/p>\n<p>Wyst\u0119puje w wersji 4, 4R, 3, 3R ,2, 2R i fotel tradycyjny i z elektrycznym relaksem .<\/p>\n<p>Jest to mebel, kt\u00f3ry nada ka\u017cdemu wn\u0119trzu ekskluzywn\u0105 osobowo\u015b\u0107. Wyprofilowany zag\u0142\u00f3wek w formie poduszki zosta\u0142 zaprojektowany z my\u015bl\u0105 o maksymalnej wygodzie.<\/p>\n<p><img loading=\"lazy\" decoding=\"async\" class=\"alignnone size-full wp-image-7699\" src=\"http:\/\/www.andnovameble.pl\/wp-content\/uploads\/2021\/04\/havana_sofa_4-1.png\" alt=\"\" width=\"277\" height=\"112\" \/><\/p>\n<h5 class=\"presentation__item-title\">SOFA 3R<\/h5>\n<p>190 x 95 x 105 cm<\/p>\n<p class=\"presentation__sleeping-area\">powierzchnia spania: 120 x 190 cm<\/p>\n<p>&nbsp;<\/p>\n","protected":false},"excerpt":{"rendered":"<p>Nowoczesny zestaw mebli Havana ma w komplecie elementy rozk\u0142adane z funkcj\u0105 spania i nierozk\u0142adane. Wyst\u0119puje w wersji 4, 4R, 3, 3R ,2, 2R i fotel tradycyjny i z elektrycznym relaksem . Jest to mebel, kt\u00f3ry nada ka\u017cdemu wn\u0119trzu ekskluzywn\u0105 osobowo\u015b\u0107. Wyprofilowany zag\u0142\u00f3wek w formie poduszki zosta\u0142 zaprojektowany z my\u015bl\u0105 o maksymalnej wygodzie. SOFA 3R 190 &hellip; <\/p>\n<p class=\"link-more\"><a href=\"http:\/\/www.andnovameble.pl\/index.php\/produkt\/sofa-havana-3\/\" class=\"more-link\">Czytaj dalej<span class=\"screen-reader-text\"> \u201eSofa Havana 3\u201d<\/span><\/a><\/p>\n","protected":false},"featured_media":7709,"comment_status":"closed","ping_status":"closed","template":"","meta":[],"product_brand":[],"product_cat":[38,41,42,31,37,29,28,36,32],"product_tag":[],"class_list":{"0":"post-7696","1":"product","2":"type-product","3":"status-publish","4":"has-post-thumbnail","6":"product_cat-fotel","7":"product_cat-fotel-relaks","8":"product_cat-funkcja-spania-2","9":"product_cat-kanapa","10":"product_cat-komplet","11":"product_cat-meble-tapicerowane","12":"product_cat-naroznik-2","13":"product_cat-orfeusz-meble","14":"product_cat-sofa","16":"first","17":"instock","18":"taxable","19":"shipping-taxable","20":"product-type-simple"},"yoast_head":"<!-- This site is optimized with the Yoast SEO plugin v27.4 - https:\/\/yoast.com\/product\/yoast-seo-wordpress\/ -->\n<title>Sofa Havana 3 - Materace, Meble Leszno<\/title>\n<meta name=\"robots\" content=\"index, follow, max-snippet:-1, max-image-preview:large, max-video-preview:-1\" \/>\n<link rel=\"canonical\" href=\"http:\/\/www.andnovameble.pl\/index.php\/produkt\/sofa-havana-3\/\" \/>\n<meta property=\"og:locale\" content=\"pl_PL\" \/>\n<meta property=\"og:type\" content=\"article\" \/>\n<meta property=\"og:title\" content=\"Sofa Havana 3 - Materace, Meble Leszno\" \/>\n<meta property=\"og:description\" content=\"Nowoczesny zestaw mebli Havana ma w komplecie elementy rozk\u0142adane z funkcj\u0105 spania i nierozk\u0142adane. Wyst\u0119puje w wersji 4, 4R, 3, 3R ,2, 2R i fotel tradycyjny i z elektrycznym relaksem . Jest to mebel, kt\u00f3ry nada ka\u017cdemu wn\u0119trzu ekskluzywn\u0105 osobowo\u015b\u0107. Wyprofilowany zag\u0142\u00f3wek w formie poduszki zosta\u0142 zaprojektowany z my\u015bl\u0105 o maksymalnej wygodzie. SOFA 3R 190 &hellip; Czytaj dalej \u201eSofa Havana 3\u201d\" \/>\n<meta property=\"og:url\" content=\"http:\/\/www.andnovameble.pl\/index.php\/produkt\/sofa-havana-3\/\" \/>\n<meta property=\"og:site_name\" content=\"Materace, Meble Leszno\" \/>\n<meta property=\"article:modified_time\" content=\"2021-04-28T14:12:16+00:00\" \/>\n<meta property=\"og:image\" content=\"http:\/\/www.andnovameble.pl\/wp-content\/uploads\/2021\/04\/Havana-IV-D-perelka16_43_09-0009-scaled.jpg\" \/>\n\t<meta property=\"og:image:width\" content=\"2560\" \/>\n\t<meta property=\"og:image:height\" content=\"1707\" \/>\n\t<meta property=\"og:image:type\" content=\"image\/jpeg\" \/>\n<meta name=\"twitter:card\" content=\"summary_large_image\" \/>\n<meta name=\"twitter:label1\" content=\"Szacowany czas czytania\" \/>\n\t<meta name=\"twitter:data1\" content=\"1 minuta\" \/>\n<script type=\"application\/ld+json\" class=\"yoast-schema-graph\">{\"@context\":\"https:\\\/\\\/schema.org\",\"@graph\":[{\"@type\":\"WebPage\",\"@id\":\"http:\\\/\\\/www.andnovameble.pl\\\/index.php\\\/produkt\\\/sofa-havana-3\\\/\",\"url\":\"http:\\\/\\\/www.andnovameble.pl\\\/index.php\\\/produkt\\\/sofa-havana-3\\\/\",\"name\":\"Sofa Havana 3 - Materace, Meble Leszno\",\"isPartOf\":{\"@id\":\"http:\\\/\\\/www.andnovameble.pl\\\/#website\"},\"primaryImageOfPage\":{\"@id\":\"http:\\\/\\\/www.andnovameble.pl\\\/index.php\\\/produkt\\\/sofa-havana-3\\\/#primaryimage\"},\"image\":{\"@id\":\"http:\\\/\\\/www.andnovameble.pl\\\/index.php\\\/produkt\\\/sofa-havana-3\\\/#primaryimage\"},\"thumbnailUrl\":\"http:\\\/\\\/www.andnovameble.pl\\\/wp-content\\\/uploads\\\/2021\\\/04\\\/Havana-IV-D-perelka16_43_09-0009-scaled.jpg\",\"datePublished\":\"2021-04-28T14:12:15+00:00\",\"dateModified\":\"2021-04-28T14:12:16+00:00\",\"breadcrumb\":{\"@id\":\"http:\\\/\\\/www.andnovameble.pl\\\/index.php\\\/produkt\\\/sofa-havana-3\\\/#breadcrumb\"},\"inLanguage\":\"pl-PL\",\"potentialAction\":[{\"@type\":\"ReadAction\",\"target\":[\"http:\\\/\\\/www.andnovameble.pl\\\/index.php\\\/produkt\\\/sofa-havana-3\\\/\"]}]},{\"@type\":\"ImageObject\",\"inLanguage\":\"pl-PL\",\"@id\":\"http:\\\/\\\/www.andnovameble.pl\\\/index.php\\\/produkt\\\/sofa-havana-3\\\/#primaryimage\",\"url\":\"http:\\\/\\\/www.andnovameble.pl\\\/wp-content\\\/uploads\\\/2021\\\/04\\\/Havana-IV-D-perelka16_43_09-0009-scaled.jpg\",\"contentUrl\":\"http:\\\/\\\/www.andnovameble.pl\\\/wp-content\\\/uploads\\\/2021\\\/04\\\/Havana-IV-D-perelka16_43_09-0009-scaled.jpg\",\"width\":2560,\"height\":1707,\"caption\":\"Sofa\"},{\"@type\":\"BreadcrumbList\",\"@id\":\"http:\\\/\\\/www.andnovameble.pl\\\/index.php\\\/produkt\\\/sofa-havana-3\\\/#breadcrumb\",\"itemListElement\":[{\"@type\":\"ListItem\",\"position\":1,\"name\":\"Strona g\u0142\u00f3wna\",\"item\":\"http:\\\/\\\/www.andnovameble.pl\\\/\"},{\"@type\":\"ListItem\",\"position\":2,\"name\":\"Sklep\",\"item\":\"http:\\\/\\\/www.andnovameble.pl\\\/index.php\\\/sklep\\\/\"},{\"@type\":\"ListItem\",\"position\":3,\"name\":\"Sofa Havana 3\"}]},{\"@type\":\"WebSite\",\"@id\":\"http:\\\/\\\/www.andnovameble.pl\\\/#website\",\"url\":\"http:\\\/\\\/www.andnovameble.pl\\\/\",\"name\":\"Materace, Meble Leszno\",\"description\":\"Tw\u00f3j ulubiony sklep\",\"publisher\":{\"@id\":\"http:\\\/\\\/www.andnovameble.pl\\\/#organization\"},\"potentialAction\":[{\"@type\":\"SearchAction\",\"target\":{\"@type\":\"EntryPoint\",\"urlTemplate\":\"http:\\\/\\\/www.andnovameble.pl\\\/?s={search_term_string}\"},\"query-input\":{\"@type\":\"PropertyValueSpecification\",\"valueRequired\":true,\"valueName\":\"search_term_string\"}}],\"inLanguage\":\"pl-PL\"},{\"@type\":\"Organization\",\"@id\":\"http:\\\/\\\/www.andnovameble.pl\\\/#organization\",\"name\":\"Materace, Meble Leszno\",\"url\":\"http:\\\/\\\/www.andnovameble.pl\\\/\",\"logo\":{\"@type\":\"ImageObject\",\"inLanguage\":\"pl-PL\",\"@id\":\"http:\\\/\\\/www.andnovameble.pl\\\/#\\\/schema\\\/logo\\\/image\\\/\",\"url\":\"http:\\\/\\\/www.andnovameble.pl\\\/wp-content\\\/uploads\\\/2018\\\/08\\\/cropped-logo-1-1.jpg\",\"contentUrl\":\"http:\\\/\\\/www.andnovameble.pl\\\/wp-content\\\/uploads\\\/2018\\\/08\\\/cropped-logo-1-1.jpg\",\"width\":250,\"height\":250,\"caption\":\"Materace, Meble Leszno\"},\"image\":{\"@id\":\"http:\\\/\\\/www.andnovameble.pl\\\/#\\\/schema\\\/logo\\\/image\\\/\"}}]}<\/script>\n<!-- \/ Yoast SEO plugin. -->","yoast_head_json":{"title":"Sofa Havana 3 - Materace, Meble Leszno","robots":{"index":"index","follow":"follow","max-snippet":"max-snippet:-1","max-image-preview":"max-image-preview:large","max-video-preview":"max-video-preview:-1"},"canonical":"http:\/\/www.andnovameble.pl\/index.php\/produkt\/sofa-havana-3\/","og_locale":"pl_PL","og_type":"article","og_title":"Sofa Havana 3 - Materace, Meble Leszno","og_description":"Nowoczesny zestaw mebli Havana ma w komplecie elementy rozk\u0142adane z funkcj\u0105 spania i nierozk\u0142adane. Wyst\u0119puje w wersji 4, 4R, 3, 3R ,2, 2R i fotel tradycyjny i z elektrycznym relaksem . Jest to mebel, kt\u00f3ry nada ka\u017cdemu wn\u0119trzu ekskluzywn\u0105 osobowo\u015b\u0107. Wyprofilowany zag\u0142\u00f3wek w formie poduszki zosta\u0142 zaprojektowany z my\u015bl\u0105 o maksymalnej wygodzie. SOFA 3R 190 &hellip; Czytaj dalej \u201eSofa Havana 3\u201d","og_url":"http:\/\/www.andnovameble.pl\/index.php\/produkt\/sofa-havana-3\/","og_site_name":"Materace, Meble Leszno","article_modified_time":"2021-04-28T14:12:16+00:00","og_image":[{"width":2560,"height":1707,"url":"http:\/\/www.andnovameble.pl\/wp-content\/uploads\/2021\/04\/Havana-IV-D-perelka16_43_09-0009-scaled.jpg","type":"image\/jpeg"}],"twitter_card":"summary_large_image","twitter_misc":{"Szacowany czas czytania":"1 minuta"},"schema":{"@context":"https:\/\/schema.org","@graph":[{"@type":"WebPage","@id":"http:\/\/www.andnovameble.pl\/index.php\/produkt\/sofa-havana-3\/","url":"http:\/\/www.andnovameble.pl\/index.php\/produkt\/sofa-havana-3\/","name":"Sofa Havana 3 - Materace, Meble Leszno","isPartOf":{"@id":"http:\/\/www.andnovameble.pl\/#website"},"primaryImageOfPage":{"@id":"http:\/\/www.andnovameble.pl\/index.php\/produkt\/sofa-havana-3\/#primaryimage"},"image":{"@id":"http:\/\/www.andnovameble.pl\/index.php\/produkt\/sofa-havana-3\/#primaryimage"},"thumbnailUrl":"http:\/\/www.andnovameble.pl\/wp-content\/uploads\/2021\/04\/Havana-IV-D-perelka16_43_09-0009-scaled.jpg","datePublished":"2021-04-28T14:12:15+00:00","dateModified":"2021-04-28T14:12:16+00:00","breadcrumb":{"@id":"http:\/\/www.andnovameble.pl\/index.php\/produkt\/sofa-havana-3\/#breadcrumb"},"inLanguage":"pl-PL","potentialAction":[{"@type":"ReadAction","target":["http:\/\/www.andnovameble.pl\/index.php\/produkt\/sofa-havana-3\/"]}]},{"@type":"ImageObject","inLanguage":"pl-PL","@id":"http:\/\/www.andnovameble.pl\/index.php\/produkt\/sofa-havana-3\/#primaryimage","url":"http:\/\/www.andnovameble.pl\/wp-content\/uploads\/2021\/04\/Havana-IV-D-perelka16_43_09-0009-scaled.jpg","contentUrl":"http:\/\/www.andnovameble.pl\/wp-content\/uploads\/2021\/04\/Havana-IV-D-perelka16_43_09-0009-scaled.jpg","width":2560,"height":1707,"caption":"Sofa"},{"@type":"BreadcrumbList","@id":"http:\/\/www.andnovameble.pl\/index.php\/produkt\/sofa-havana-3\/#breadcrumb","itemListElement":[{"@type":"ListItem","position":1,"name":"Strona g\u0142\u00f3wna","item":"http:\/\/www.andnovameble.pl\/"},{"@type":"ListItem","position":2,"name":"Sklep","item":"http:\/\/www.andnovameble.pl\/index.php\/sklep\/"},{"@type":"ListItem","position":3,"name":"Sofa Havana 3"}]},{"@type":"WebSite","@id":"http:\/\/www.andnovameble.pl\/#website","url":"http:\/\/www.andnovameble.pl\/","name":"Materace, Meble Leszno","description":"Tw\u00f3j ulubiony sklep","publisher":{"@id":"http:\/\/www.andnovameble.pl\/#organization"},"potentialAction":[{"@type":"SearchAction","target":{"@type":"EntryPoint","urlTemplate":"http:\/\/www.andnovameble.pl\/?s={search_term_string}"},"query-input":{"@type":"PropertyValueSpecification","valueRequired":true,"valueName":"search_term_string"}}],"inLanguage":"pl-PL"},{"@type":"Organization","@id":"http:\/\/www.andnovameble.pl\/#organization","name":"Materace, Meble Leszno","url":"http:\/\/www.andnovameble.pl\/","logo":{"@type":"ImageObject","inLanguage":"pl-PL","@id":"http:\/\/www.andnovameble.pl\/#\/schema\/logo\/image\/","url":"http:\/\/www.andnovameble.pl\/wp-content\/uploads\/2018\/08\/cropped-logo-1-1.jpg","contentUrl":"http:\/\/www.andnovameble.pl\/wp-content\/uploads\/2018\/08\/cropped-logo-1-1.jpg","width":250,"height":250,"caption":"Materace, Meble Leszno"},"image":{"@id":"http:\/\/www.andnovameble.pl\/#\/schema\/logo\/image\/"}}]}},"_links":{"self":[{"href":"http:\/\/www.andnovameble.pl\/index.php\/wp-json\/wp\/v2\/product\/7696","targetHints":{"allow":["GET"]}}],"collection":[{"href":"http:\/\/www.andnovameble.pl\/index.php\/wp-json\/wp\/v2\/product"}],"about":[{"href":"http:\/\/www.andnovameble.pl\/index.php\/wp-json\/wp\/v2\/types\/product"}],"replies":[{"embeddable":true,"href":"http:\/\/www.andnovameble.pl\/index.php\/wp-json\/wp\/v2\/comments?post=7696"}],"wp:featuredmedia":[{"embeddable":true,"href":"http:\/\/www.andnovameble.pl\/index.php\/wp-json\/wp\/v2\/media\/7709"}],"wp:attachment":[{"href":"http:\/\/www.andnovameble.pl\/index.php\/wp-json\/wp\/v2\/media?parent=7696"}],"wp:term":[{"taxonomy":"product_brand","embeddable":true,"href":"http:\/\/www.andnovameble.pl\/index.php\/wp-json\/wp\/v2\/product_brand?post=7696"},{"taxonomy":"product_cat","embeddable":true,"href":"http:\/\/www.andnovameble.pl\/index.php\/wp-json\/wp\/v2\/product_cat?post=7696"},{"taxonomy":"product_tag","embeddable":true,"href":"http:\/\/www.andnovameble.pl\/index.php\/wp-json\/wp\/v2\/product_tag?post=7696"}],"curies":[{"name":"wp","href":"https:\/\/api.w.org\/{rel}","templated":true}]}}

<p>Nowoczesny zestaw mebli Havana ma w komplecie elementy rozkładane z funkcją spania i nierozkładane.</p>
<p>Występuje w wersji 4, 4R, 3, 3R ,2, 2R i fotel tradycyjny i z elektrycznym relaksem .</p>
<p>Jest to mebel, który nada każdemu wnętrzu ekskluzywną osobowość. Wyprofilowany zagłówek w formie poduszki został zaprojektowany z myślą o maksymalnej wygodzie.</p>
<p><img loading="lazy" decoding="async" class="alignnone size-full wp-image-7699" src="http://www.andnovameble.pl/wp-content/uploads/2021/04/havana_sofa_4-1.png" alt="" width="277" height="112" /></p>
<h5 class="presentation__item-title">SOFA 3R</h5>
<p>190 x 95 x 105 cm</p>
<p class="presentation__sleeping-area">powierzchnia spania: 120 x 190 cm</p>
<p>&nbsp;</p>

<p>Nowoczesny zestaw mebli Havana ma w komplecie elementy rozkładane z funkcją spania i nierozkładane. Występuje w wersji 4, 4R, 3, 3R ,2, 2R i fotel tradycyjny i z elektrycznym relaksem . Jest to mebel, który nada każdemu wnętrzu ekskluzywną osobowość. Wyprofilowany zagłówek w formie poduszki został zaprojektowany z myślą o maksymalnej wygodzie. SOFA 3R 190 &hellip; </p>
<p class="link-more"><a href="http://www.andnovameble.pl/index.php/produkt/sofa-havana-3/" class="more-link">Czytaj dalej<span class="screen-reader-text"> „Sofa Havana 3”</span></a></p>

<!-- This site is optimized with the Yoast SEO plugin v27.4 - https://yoast.com/product/yoast-seo-wordpress/ -->
<title>Sofa Havana 3 - Materace, Meble Leszno</title>
<meta name="robots" content="index, follow, max-snippet:-1, max-image-preview:large, max-video-preview:-1" />
<link rel="canonical" href="http://www.andnovameble.pl/index.php/produkt/sofa-havana-3/" />
<meta property="og:locale" content="pl_PL" />
<meta property="og:type" content="article" />
<meta property="og:title" content="Sofa Havana 3 - Materace, Meble Leszno" />
<meta property="og:description" content="Nowoczesny zestaw mebli Havana ma w komplecie elementy rozkładane z funkcją spania i nierozkładane. Występuje w wersji 4, 4R, 3, 3R ,2, 2R i fotel tradycyjny i z elektrycznym relaksem . Jest to mebel, który nada każdemu wnętrzu ekskluzywną osobowość. Wyprofilowany zagłówek w formie poduszki został zaprojektowany z myślą o maksymalnej wygodzie. SOFA 3R 190 &hellip; Czytaj dalej „Sofa Havana 3”" />
<meta property="og:url" content="http://www.andnovameble.pl/index.php/produkt/sofa-havana-3/" />
<meta property="og:site_name" content="Materace, Meble Leszno" />
<meta property="article:modified_time" content="2021-04-28T14:12:16+00:00" />
<meta property="og:image" content="http://www.andnovameble.pl/wp-content/uploads/2021/04/Havana-IV-D-perelka16_43_09-0009-scaled.jpg" />
	<meta property="og:image:width" content="2560" />
	<meta property="og:image:height" content="1707" />
	<meta property="og:image:type" content="image/jpeg" />
<meta name="twitter:card" content="summary_large_image" />
<meta name="twitter:label1" content="Szacowany czas czytania" />
	<meta name="twitter:data1" content="1 minuta" />
<script type="application/ld+json" class="yoast-schema-graph">{"@context":"https:\/\/schema.org","@graph":[{"@type":"WebPage","@id":"http:\/\/www.andnovameble.pl\/index.php\/produkt\/sofa-havana-3\/","url":"http:\/\/www.andnovameble.pl\/index.php\/produkt\/sofa-havana-3\/","name":"Sofa Havana 3 - Materace, Meble Leszno","isPartOf":{"@id":"http:\/\/www.andnovameble.pl\/#website"},"primaryImageOfPage":{"@id":"http:\/\/www.andnovameble.pl\/index.php\/produkt\/sofa-havana-3\/#primaryimage"},"image":{"@id":"http:\/\/www.andnovameble.pl\/index.php\/produkt\/sofa-havana-3\/#primaryimage"},"thumbnailUrl":"http:\/\/www.andnovameble.pl\/wp-content\/uploads\/2021\/04\/Havana-IV-D-perelka16_43_09-0009-scaled.jpg","datePublished":"2021-04-28T14:12:15+00:00","dateModified":"2021-04-28T14:12:16+00:00","breadcrumb":{"@id":"http:\/\/www.andnovameble.pl\/index.php\/produkt\/sofa-havana-3\/#breadcrumb"},"inLanguage":"pl-PL","potentialAction":[{"@type":"ReadAction","target":["http:\/\/www.andnovameble.pl\/index.php\/produkt\/sofa-havana-3\/"]}]},{"@type":"ImageObject","inLanguage":"pl-PL","@id":"http:\/\/www.andnovameble.pl\/index.php\/produkt\/sofa-havana-3\/#primaryimage","url":"http:\/\/www.andnovameble.pl\/wp-content\/uploads\/2021\/04\/Havana-IV-D-perelka16_43_09-0009-scaled.jpg","contentUrl":"http:\/\/www.andnovameble.pl\/wp-content\/uploads\/2021\/04\/Havana-IV-D-perelka16_43_09-0009-scaled.jpg","width":2560,"height":1707,"caption":"Sofa"},{"@type":"BreadcrumbList","@id":"http:\/\/www.andnovameble.pl\/index.php\/produkt\/sofa-havana-3\/#breadcrumb","itemListElement":[{"@type":"ListItem","position":1,"name":"Strona główna","item":"http:\/\/www.andnovameble.pl\/"},{"@type":"ListItem","position":2,"name":"Sklep","item":"http:\/\/www.andnovameble.pl\/index.php\/sklep\/"},{"@type":"ListItem","position":3,"name":"Sofa Havana 3"}]},{"@type":"WebSite","@id":"http:\/\/www.andnovameble.pl\/#website","url":"http:\/\/www.andnovameble.pl\/","name":"Materace, Meble Leszno","description":"Twój ulubiony sklep","publisher":{"@id":"http:\/\/www.andnovameble.pl\/#organization"},"potentialAction":[{"@type":"SearchAction","target":{"@type":"EntryPoint","urlTemplate":"http:\/\/www.andnovameble.pl\/?s={search_term_string}"},"query-input":{"@type":"PropertyValueSpecification","valueRequired":true,"valueName":"search_term_string"}}],"inLanguage":"pl-PL"},{"@type":"Organization","@id":"http:\/\/www.andnovameble.pl\/#organization","name":"Materace, Meble Leszno","url":"http:\/\/www.andnovameble.pl\/","logo":{"@type":"ImageObject","inLanguage":"pl-PL","@id":"http:\/\/www.andnovameble.pl\/#\/schema\/logo\/image\/","url":"http:\/\/www.andnovameble.pl\/wp-content\/uploads\/2018\/08\/cropped-logo-1-1.jpg","contentUrl":"http:\/\/www.andnovameble.pl\/wp-content\/uploads\/2018\/08\/cropped-logo-1-1.jpg","width":250,"height":250,"caption":"Materace, Meble Leszno"},"image":{"@id":"http:\/\/www.andnovameble.pl\/#\/schema\/logo\/image\/"}}]}</script>
<!-- / Yoast SEO plugin. -->

Nowoczesny zestaw mebli Havana ma w komplecie elementy rozkładane z funkcją spania i nierozkładane. Występuje w wersji 4, 4R, 3, 3R ,2, 2R i fotel tradycyjny i z elektrycznym relaksem . Jest to mebel, który nada każdemu wnętrzu ekskluzywną osobowość. Wyprofilowany zagłówek w formie poduszki został zaprojektowany z myślą o maksymalnej wygodzie. SOFA 3R 190 &hellip; Czytaj dalej „Sofa Havana 3”

Strona główna

Twój ulubiony sklep
