{"id":7712,"date":"2021-04-28T16:27:23","date_gmt":"2021-04-28T14:27:23","guid":{"rendered":"http:\/\/www.andnovameble.pl\/?post_type=product&#038;p=7712"},"modified":"2021-04-28T16:27:24","modified_gmt":"2021-04-28T14:27:24","slug":"naroznik-havana","status":"publish","type":"product","link":"http:\/\/www.andnovameble.pl\/index.php\/produkt\/naroznik-havana\/","title":{"rendered":"Naro\u017cnik Havana"},"content":{"rendered":"<p>Nowoczesny naro\u017cnik mo\u017ce by\u0107 z naturalnej sk\u00f3ry.<\/p>\n<p>Wyst\u0119puje w kilku wymiarach :<\/p>\n<h5 class=\"presentation__item-title\">NARO\u017bNIK 3\/2<\/h5>\n<p>305 x 240 x 105 cm,<\/p>\n<h5 class=\"presentation__item-title\">NARO\u017bNIK 3\/1 O<\/h5>\n<p>305 x 185 x 105 cm<\/p>\n<h5 class=\"presentation__item-title\">NARO\u017bNIK 2\/1 O<\/h5>\n<p>240 x 185 x 105 cm<\/p>\n<h5 class=\"presentation__item-title\">NARO\u017bNIK 2\/1<\/h5>\n<p>240 x 175 x 105\u00a0 cm<\/p>\n","protected":false},"excerpt":{"rendered":"<p>Nowoczesny naro\u017cnik mo\u017ce by\u0107 z naturalnej sk\u00f3ry. Wyst\u0119puje w kilku wymiarach : NARO\u017bNIK 3\/2 305 x 240 x 105 cm, NARO\u017bNIK 3\/1 O 305 x 185 x 105 cm NARO\u017bNIK 2\/1 O 240 x 185 x 105 cm NARO\u017bNIK 2\/1 240 x 175 x 105\u00a0 cm<\/p>\n","protected":false},"featured_media":7710,"comment_status":"closed","ping_status":"closed","template":"","meta":[],"product_brand":[],"product_cat":[17,42,37,29,28,36],"product_tag":[25,43,24,40],"class_list":{"0":"post-7712","1":"product","2":"type-product","3":"status-publish","4":"has-post-thumbnail","6":"product_cat-bez-kategorii","7":"product_cat-funkcja-spania-2","8":"product_cat-komplet","9":"product_cat-meble-tapicerowane","10":"product_cat-naroznik-2","11":"product_cat-orfeusz-meble","12":"product_tag-funkcja-spania","13":"product_tag-mebel-tapicerowany","14":"product_tag-naroznik","15":"product_tag-orfeusz","17":"first","18":"instock","19":"taxable","20":"shipping-taxable","21":"product-type-simple"},"yoast_head":"<!-- This site is optimized with the Yoast SEO plugin v27.4 - https:\/\/yoast.com\/product\/yoast-seo-wordpress\/ -->\n<title>Naro\u017cnik Havana - Materace, Meble Leszno<\/title>\n<meta name=\"robots\" content=\"index, follow, max-snippet:-1, max-image-preview:large, max-video-preview:-1\" \/>\n<link rel=\"canonical\" href=\"http:\/\/www.andnovameble.pl\/index.php\/produkt\/naroznik-havana\/\" \/>\n<meta property=\"og:locale\" content=\"pl_PL\" \/>\n<meta property=\"og:type\" content=\"article\" \/>\n<meta property=\"og:title\" content=\"Naro\u017cnik Havana - Materace, Meble Leszno\" \/>\n<meta property=\"og:description\" content=\"Nowoczesny naro\u017cnik mo\u017ce by\u0107 z naturalnej sk\u00f3ry. Wyst\u0119puje w kilku wymiarach : NARO\u017bNIK 3\/2 305 x 240 x 105 cm, NARO\u017bNIK 3\/1 O 305 x 185 x 105 cm NARO\u017bNIK 2\/1 O 240 x 185 x 105 cm NARO\u017bNIK 2\/1 240 x 175 x 105\u00a0 cm\" \/>\n<meta property=\"og:url\" content=\"http:\/\/www.andnovameble.pl\/index.php\/produkt\/naroznik-havana\/\" \/>\n<meta property=\"og:site_name\" content=\"Materace, Meble Leszno\" \/>\n<meta property=\"article:modified_time\" content=\"2021-04-28T14:27:24+00:00\" \/>\n<meta property=\"og:image\" content=\"http:\/\/www.andnovameble.pl\/wp-content\/uploads\/2021\/04\/Havana-mieta-3-scaled.jpg\" \/>\n\t<meta property=\"og:image:width\" content=\"2560\" \/>\n\t<meta property=\"og:image:height\" content=\"1707\" \/>\n\t<meta property=\"og:image:type\" content=\"image\/jpeg\" \/>\n<meta name=\"twitter:card\" content=\"summary_large_image\" \/>\n<meta name=\"twitter:label1\" content=\"Szacowany czas czytania\" \/>\n\t<meta name=\"twitter:data1\" content=\"1 minuta\" \/>\n<script type=\"application\/ld+json\" class=\"yoast-schema-graph\">{\"@context\":\"https:\\\/\\\/schema.org\",\"@graph\":[{\"@type\":\"WebPage\",\"@id\":\"http:\\\/\\\/www.andnovameble.pl\\\/index.php\\\/produkt\\\/naroznik-havana\\\/\",\"url\":\"http:\\\/\\\/www.andnovameble.pl\\\/index.php\\\/produkt\\\/naroznik-havana\\\/\",\"name\":\"Naro\u017cnik Havana - Materace, Meble Leszno\",\"isPartOf\":{\"@id\":\"http:\\\/\\\/www.andnovameble.pl\\\/#website\"},\"primaryImageOfPage\":{\"@id\":\"http:\\\/\\\/www.andnovameble.pl\\\/index.php\\\/produkt\\\/naroznik-havana\\\/#primaryimage\"},\"image\":{\"@id\":\"http:\\\/\\\/www.andnovameble.pl\\\/index.php\\\/produkt\\\/naroznik-havana\\\/#primaryimage\"},\"thumbnailUrl\":\"http:\\\/\\\/www.andnovameble.pl\\\/wp-content\\\/uploads\\\/2021\\\/04\\\/Havana-mieta-3-scaled.jpg\",\"datePublished\":\"2021-04-28T14:27:23+00:00\",\"dateModified\":\"2021-04-28T14:27:24+00:00\",\"breadcrumb\":{\"@id\":\"http:\\\/\\\/www.andnovameble.pl\\\/index.php\\\/produkt\\\/naroznik-havana\\\/#breadcrumb\"},\"inLanguage\":\"pl-PL\",\"potentialAction\":[{\"@type\":\"ReadAction\",\"target\":[\"http:\\\/\\\/www.andnovameble.pl\\\/index.php\\\/produkt\\\/naroznik-havana\\\/\"]}]},{\"@type\":\"ImageObject\",\"inLanguage\":\"pl-PL\",\"@id\":\"http:\\\/\\\/www.andnovameble.pl\\\/index.php\\\/produkt\\\/naroznik-havana\\\/#primaryimage\",\"url\":\"http:\\\/\\\/www.andnovameble.pl\\\/wp-content\\\/uploads\\\/2021\\\/04\\\/Havana-mieta-3-scaled.jpg\",\"contentUrl\":\"http:\\\/\\\/www.andnovameble.pl\\\/wp-content\\\/uploads\\\/2021\\\/04\\\/Havana-mieta-3-scaled.jpg\",\"width\":2560,\"height\":1707},{\"@type\":\"BreadcrumbList\",\"@id\":\"http:\\\/\\\/www.andnovameble.pl\\\/index.php\\\/produkt\\\/naroznik-havana\\\/#breadcrumb\",\"itemListElement\":[{\"@type\":\"ListItem\",\"position\":1,\"name\":\"Strona g\u0142\u00f3wna\",\"item\":\"http:\\\/\\\/www.andnovameble.pl\\\/\"},{\"@type\":\"ListItem\",\"position\":2,\"name\":\"Sklep\",\"item\":\"http:\\\/\\\/www.andnovameble.pl\\\/index.php\\\/sklep\\\/\"},{\"@type\":\"ListItem\",\"position\":3,\"name\":\"Naro\u017cnik Havana\"}]},{\"@type\":\"WebSite\",\"@id\":\"http:\\\/\\\/www.andnovameble.pl\\\/#website\",\"url\":\"http:\\\/\\\/www.andnovameble.pl\\\/\",\"name\":\"Materace, Meble Leszno\",\"description\":\"Tw\u00f3j ulubiony sklep\",\"publisher\":{\"@id\":\"http:\\\/\\\/www.andnovameble.pl\\\/#organization\"},\"potentialAction\":[{\"@type\":\"SearchAction\",\"target\":{\"@type\":\"EntryPoint\",\"urlTemplate\":\"http:\\\/\\\/www.andnovameble.pl\\\/?s={search_term_string}\"},\"query-input\":{\"@type\":\"PropertyValueSpecification\",\"valueRequired\":true,\"valueName\":\"search_term_string\"}}],\"inLanguage\":\"pl-PL\"},{\"@type\":\"Organization\",\"@id\":\"http:\\\/\\\/www.andnovameble.pl\\\/#organization\",\"name\":\"Materace, Meble Leszno\",\"url\":\"http:\\\/\\\/www.andnovameble.pl\\\/\",\"logo\":{\"@type\":\"ImageObject\",\"inLanguage\":\"pl-PL\",\"@id\":\"http:\\\/\\\/www.andnovameble.pl\\\/#\\\/schema\\\/logo\\\/image\\\/\",\"url\":\"http:\\\/\\\/www.andnovameble.pl\\\/wp-content\\\/uploads\\\/2018\\\/08\\\/cropped-logo-1-1.jpg\",\"contentUrl\":\"http:\\\/\\\/www.andnovameble.pl\\\/wp-content\\\/uploads\\\/2018\\\/08\\\/cropped-logo-1-1.jpg\",\"width\":250,\"height\":250,\"caption\":\"Materace, Meble Leszno\"},\"image\":{\"@id\":\"http:\\\/\\\/www.andnovameble.pl\\\/#\\\/schema\\\/logo\\\/image\\\/\"}}]}<\/script>\n<!-- \/ Yoast SEO plugin. -->","yoast_head_json":{"title":"Naro\u017cnik Havana - Materace, Meble Leszno","robots":{"index":"index","follow":"follow","max-snippet":"max-snippet:-1","max-image-preview":"max-image-preview:large","max-video-preview":"max-video-preview:-1"},"canonical":"http:\/\/www.andnovameble.pl\/index.php\/produkt\/naroznik-havana\/","og_locale":"pl_PL","og_type":"article","og_title":"Naro\u017cnik Havana - Materace, Meble Leszno","og_description":"Nowoczesny naro\u017cnik mo\u017ce by\u0107 z naturalnej sk\u00f3ry. Wyst\u0119puje w kilku wymiarach : NARO\u017bNIK 3\/2 305 x 240 x 105 cm, NARO\u017bNIK 3\/1 O 305 x 185 x 105 cm NARO\u017bNIK 2\/1 O 240 x 185 x 105 cm NARO\u017bNIK 2\/1 240 x 175 x 105\u00a0 cm","og_url":"http:\/\/www.andnovameble.pl\/index.php\/produkt\/naroznik-havana\/","og_site_name":"Materace, Meble Leszno","article_modified_time":"2021-04-28T14:27:24+00:00","og_image":[{"width":2560,"height":1707,"url":"http:\/\/www.andnovameble.pl\/wp-content\/uploads\/2021\/04\/Havana-mieta-3-scaled.jpg","type":"image\/jpeg"}],"twitter_card":"summary_large_image","twitter_misc":{"Szacowany czas czytania":"1 minuta"},"schema":{"@context":"https:\/\/schema.org","@graph":[{"@type":"WebPage","@id":"http:\/\/www.andnovameble.pl\/index.php\/produkt\/naroznik-havana\/","url":"http:\/\/www.andnovameble.pl\/index.php\/produkt\/naroznik-havana\/","name":"Naro\u017cnik Havana - Materace, Meble Leszno","isPartOf":{"@id":"http:\/\/www.andnovameble.pl\/#website"},"primaryImageOfPage":{"@id":"http:\/\/www.andnovameble.pl\/index.php\/produkt\/naroznik-havana\/#primaryimage"},"image":{"@id":"http:\/\/www.andnovameble.pl\/index.php\/produkt\/naroznik-havana\/#primaryimage"},"thumbnailUrl":"http:\/\/www.andnovameble.pl\/wp-content\/uploads\/2021\/04\/Havana-mieta-3-scaled.jpg","datePublished":"2021-04-28T14:27:23+00:00","dateModified":"2021-04-28T14:27:24+00:00","breadcrumb":{"@id":"http:\/\/www.andnovameble.pl\/index.php\/produkt\/naroznik-havana\/#breadcrumb"},"inLanguage":"pl-PL","potentialAction":[{"@type":"ReadAction","target":["http:\/\/www.andnovameble.pl\/index.php\/produkt\/naroznik-havana\/"]}]},{"@type":"ImageObject","inLanguage":"pl-PL","@id":"http:\/\/www.andnovameble.pl\/index.php\/produkt\/naroznik-havana\/#primaryimage","url":"http:\/\/www.andnovameble.pl\/wp-content\/uploads\/2021\/04\/Havana-mieta-3-scaled.jpg","contentUrl":"http:\/\/www.andnovameble.pl\/wp-content\/uploads\/2021\/04\/Havana-mieta-3-scaled.jpg","width":2560,"height":1707},{"@type":"BreadcrumbList","@id":"http:\/\/www.andnovameble.pl\/index.php\/produkt\/naroznik-havana\/#breadcrumb","itemListElement":[{"@type":"ListItem","position":1,"name":"Strona g\u0142\u00f3wna","item":"http:\/\/www.andnovameble.pl\/"},{"@type":"ListItem","position":2,"name":"Sklep","item":"http:\/\/www.andnovameble.pl\/index.php\/sklep\/"},{"@type":"ListItem","position":3,"name":"Naro\u017cnik Havana"}]},{"@type":"WebSite","@id":"http:\/\/www.andnovameble.pl\/#website","url":"http:\/\/www.andnovameble.pl\/","name":"Materace, Meble Leszno","description":"Tw\u00f3j ulubiony sklep","publisher":{"@id":"http:\/\/www.andnovameble.pl\/#organization"},"potentialAction":[{"@type":"SearchAction","target":{"@type":"EntryPoint","urlTemplate":"http:\/\/www.andnovameble.pl\/?s={search_term_string}"},"query-input":{"@type":"PropertyValueSpecification","valueRequired":true,"valueName":"search_term_string"}}],"inLanguage":"pl-PL"},{"@type":"Organization","@id":"http:\/\/www.andnovameble.pl\/#organization","name":"Materace, Meble Leszno","url":"http:\/\/www.andnovameble.pl\/","logo":{"@type":"ImageObject","inLanguage":"pl-PL","@id":"http:\/\/www.andnovameble.pl\/#\/schema\/logo\/image\/","url":"http:\/\/www.andnovameble.pl\/wp-content\/uploads\/2018\/08\/cropped-logo-1-1.jpg","contentUrl":"http:\/\/www.andnovameble.pl\/wp-content\/uploads\/2018\/08\/cropped-logo-1-1.jpg","width":250,"height":250,"caption":"Materace, Meble Leszno"},"image":{"@id":"http:\/\/www.andnovameble.pl\/#\/schema\/logo\/image\/"}}]}},"_links":{"self":[{"href":"http:\/\/www.andnovameble.pl\/index.php\/wp-json\/wp\/v2\/product\/7712","targetHints":{"allow":["GET"]}}],"collection":[{"href":"http:\/\/www.andnovameble.pl\/index.php\/wp-json\/wp\/v2\/product"}],"about":[{"href":"http:\/\/www.andnovameble.pl\/index.php\/wp-json\/wp\/v2\/types\/product"}],"replies":[{"embeddable":true,"href":"http:\/\/www.andnovameble.pl\/index.php\/wp-json\/wp\/v2\/comments?post=7712"}],"wp:featuredmedia":[{"embeddable":true,"href":"http:\/\/www.andnovameble.pl\/index.php\/wp-json\/wp\/v2\/media\/7710"}],"wp:attachment":[{"href":"http:\/\/www.andnovameble.pl\/index.php\/wp-json\/wp\/v2\/media?parent=7712"}],"wp:term":[{"taxonomy":"product_brand","embeddable":true,"href":"http:\/\/www.andnovameble.pl\/index.php\/wp-json\/wp\/v2\/product_brand?post=7712"},{"taxonomy":"product_cat","embeddable":true,"href":"http:\/\/www.andnovameble.pl\/index.php\/wp-json\/wp\/v2\/product_cat?post=7712"},{"taxonomy":"product_tag","embeddable":true,"href":"http:\/\/www.andnovameble.pl\/index.php\/wp-json\/wp\/v2\/product_tag?post=7712"}],"curies":[{"name":"wp","href":"https:\/\/api.w.org\/{rel}","templated":true}]}}

Narożnik Havana

<p>Nowoczesny narożnik może być z naturalnej skóry.</p>
<p>Występuje w kilku wymiarach :</p>
<h5 class="presentation__item-title">NAROŻNIK 3/2</h5>
<p>305 x 240 x 105 cm,</p>
<h5 class="presentation__item-title">NAROŻNIK 3/1 O</h5>
<p>305 x 185 x 105 cm</p>
<h5 class="presentation__item-title">NAROŻNIK 2/1 O</h5>
<p>240 x 185 x 105 cm</p>
<h5 class="presentation__item-title">NAROŻNIK 2/1</h5>
<p>240 x 175 x 105  cm</p>

<p>Nowoczesny narożnik może być z naturalnej skóry. Występuje w kilku wymiarach : NAROŻNIK 3/2 305 x 240 x 105 cm, NAROŻNIK 3/1 O 305 x 185 x 105 cm NAROŻNIK 2/1 O 240 x 185 x 105 cm NAROŻNIK 2/1 240 x 175 x 105  cm</p>

<!-- This site is optimized with the Yoast SEO plugin v27.4 - https://yoast.com/product/yoast-seo-wordpress/ -->
<title>Narożnik Havana - Materace, Meble Leszno</title>
<meta name="robots" content="index, follow, max-snippet:-1, max-image-preview:large, max-video-preview:-1" />
<link rel="canonical" href="http://www.andnovameble.pl/index.php/produkt/naroznik-havana/" />
<meta property="og:locale" content="pl_PL" />
<meta property="og:type" content="article" />
<meta property="og:title" content="Narożnik Havana - Materace, Meble Leszno" />
<meta property="og:description" content="Nowoczesny narożnik może być z naturalnej skóry. Występuje w kilku wymiarach : NAROŻNIK 3/2 305 x 240 x 105 cm, NAROŻNIK 3/1 O 305 x 185 x 105 cm NAROŻNIK 2/1 O 240 x 185 x 105 cm NAROŻNIK 2/1 240 x 175 x 105  cm" />
<meta property="og:url" content="http://www.andnovameble.pl/index.php/produkt/naroznik-havana/" />
<meta property="og:site_name" content="Materace, Meble Leszno" />
<meta property="article:modified_time" content="2021-04-28T14:27:24+00:00" />
<meta property="og:image" content="http://www.andnovameble.pl/wp-content/uploads/2021/04/Havana-mieta-3-scaled.jpg" />
	<meta property="og:image:width" content="2560" />
	<meta property="og:image:height" content="1707" />
	<meta property="og:image:type" content="image/jpeg" />
<meta name="twitter:card" content="summary_large_image" />
<meta name="twitter:label1" content="Szacowany czas czytania" />
	<meta name="twitter:data1" content="1 minuta" />
<script type="application/ld+json" class="yoast-schema-graph">{"@context":"https:\/\/schema.org","@graph":[{"@type":"WebPage","@id":"http:\/\/www.andnovameble.pl\/index.php\/produkt\/naroznik-havana\/","url":"http:\/\/www.andnovameble.pl\/index.php\/produkt\/naroznik-havana\/","name":"Narożnik Havana - Materace, Meble Leszno","isPartOf":{"@id":"http:\/\/www.andnovameble.pl\/#website"},"primaryImageOfPage":{"@id":"http:\/\/www.andnovameble.pl\/index.php\/produkt\/naroznik-havana\/#primaryimage"},"image":{"@id":"http:\/\/www.andnovameble.pl\/index.php\/produkt\/naroznik-havana\/#primaryimage"},"thumbnailUrl":"http:\/\/www.andnovameble.pl\/wp-content\/uploads\/2021\/04\/Havana-mieta-3-scaled.jpg","datePublished":"2021-04-28T14:27:23+00:00","dateModified":"2021-04-28T14:27:24+00:00","breadcrumb":{"@id":"http:\/\/www.andnovameble.pl\/index.php\/produkt\/naroznik-havana\/#breadcrumb"},"inLanguage":"pl-PL","potentialAction":[{"@type":"ReadAction","target":["http:\/\/www.andnovameble.pl\/index.php\/produkt\/naroznik-havana\/"]}]},{"@type":"ImageObject","inLanguage":"pl-PL","@id":"http:\/\/www.andnovameble.pl\/index.php\/produkt\/naroznik-havana\/#primaryimage","url":"http:\/\/www.andnovameble.pl\/wp-content\/uploads\/2021\/04\/Havana-mieta-3-scaled.jpg","contentUrl":"http:\/\/www.andnovameble.pl\/wp-content\/uploads\/2021\/04\/Havana-mieta-3-scaled.jpg","width":2560,"height":1707},{"@type":"BreadcrumbList","@id":"http:\/\/www.andnovameble.pl\/index.php\/produkt\/naroznik-havana\/#breadcrumb","itemListElement":[{"@type":"ListItem","position":1,"name":"Strona główna","item":"http:\/\/www.andnovameble.pl\/"},{"@type":"ListItem","position":2,"name":"Sklep","item":"http:\/\/www.andnovameble.pl\/index.php\/sklep\/"},{"@type":"ListItem","position":3,"name":"Narożnik Havana"}]},{"@type":"WebSite","@id":"http:\/\/www.andnovameble.pl\/#website","url":"http:\/\/www.andnovameble.pl\/","name":"Materace, Meble Leszno","description":"Twój ulubiony sklep","publisher":{"@id":"http:\/\/www.andnovameble.pl\/#organization"},"potentialAction":[{"@type":"SearchAction","target":{"@type":"EntryPoint","urlTemplate":"http:\/\/www.andnovameble.pl\/?s={search_term_string}"},"query-input":{"@type":"PropertyValueSpecification","valueRequired":true,"valueName":"search_term_string"}}],"inLanguage":"pl-PL"},{"@type":"Organization","@id":"http:\/\/www.andnovameble.pl\/#organization","name":"Materace, Meble Leszno","url":"http:\/\/www.andnovameble.pl\/","logo":{"@type":"ImageObject","inLanguage":"pl-PL","@id":"http:\/\/www.andnovameble.pl\/#\/schema\/logo\/image\/","url":"http:\/\/www.andnovameble.pl\/wp-content\/uploads\/2018\/08\/cropped-logo-1-1.jpg","contentUrl":"http:\/\/www.andnovameble.pl\/wp-content\/uploads\/2018\/08\/cropped-logo-1-1.jpg","width":250,"height":250,"caption":"Materace, Meble Leszno"},"image":{"@id":"http:\/\/www.andnovameble.pl\/#\/schema\/logo\/image\/"}}]}</script>
<!-- / Yoast SEO plugin. -->

Narożnik Havana - Materace, Meble Leszno

Nowoczesny narożnik może być z naturalnej skóry. Występuje w kilku wymiarach : NAROŻNIK 3/2 305 x 240 x 105 cm, NAROŻNIK 3/1 O 305 x 185 x 105 cm NAROŻNIK 2/1 O 240 x 185 x 105 cm NAROŻNIK 2/1 240 x 175 x 105  cm

Strona główna

Twój ulubiony sklep
