{"id":7716,"date":"2021-06-05T13:35:13","date_gmt":"2021-06-05T11:35:13","guid":{"rendered":"http:\/\/www.andnovameble.pl\/?post_type=product&#038;p=7716"},"modified":"2021-06-09T14:44:33","modified_gmt":"2021-06-09T12:44:33","slug":"sofa-la-scala","status":"publish","type":"product","link":"http:\/\/www.andnovameble.pl\/index.php\/produkt\/sofa-la-scala\/","title":{"rendered":"Sofa La Scala"},"content":{"rendered":"<p><img loading=\"lazy\" decoding=\"async\" class=\"alignnone size-medium wp-image-7724\" src=\"http:\/\/www.andnovameble.pl\/wp-content\/uploads\/2021\/06\/miniaturka_la_scala-300x197.jpg\" alt=\"\" width=\"300\" height=\"197\" srcset=\"http:\/\/www.andnovameble.pl\/wp-content\/uploads\/2021\/06\/miniaturka_la_scala-300x197.jpg 300w, http:\/\/www.andnovameble.pl\/wp-content\/uploads\/2021\/06\/miniaturka_la_scala-768x503.jpg 768w, http:\/\/www.andnovameble.pl\/wp-content\/uploads\/2021\/06\/miniaturka_la_scala-600x393.jpg 600w, http:\/\/www.andnovameble.pl\/wp-content\/uploads\/2021\/06\/miniaturka_la_scala-244x160.jpg 244w, http:\/\/www.andnovameble.pl\/wp-content\/uploads\/2021\/06\/miniaturka_la_scala-350x229.jpg 350w, http:\/\/www.andnovameble.pl\/wp-content\/uploads\/2021\/06\/miniaturka_la_scala.jpg 870w\" sizes=\"auto, (max-width: 300px) 100vw, 300px\" \/><\/p>\n","protected":false},"excerpt":{"rendered":"<p>To sofa o klasycznej lini.\u00a0 Upi\u0119kszy ka\u017cde miejsce , nawet nowoczesne.<\/p>\n<p>Ma pi\u0119kne drewniane nogi w r\u00f3\u017cnych kolorach, bogaty wyb\u00f3r tkanin. .<\/p>\n<p>S\u0105 w kolekcji sofy o d\u0142ugo\u015bci 225cm , 185cm i 147cm\u00a0 z funkcj\u0105 spania lub bez funkcji.<\/p>\n<p>Do kompletu jest fotel z funkcj\u0105 relaks , co rzadko si\u0119 zdarza przy tego typu meblach.<\/p>\n<p>A przede wszystkim jest bardzo wygodny !<\/p>\n","protected":false},"featured_media":7672,"comment_status":"closed","ping_status":"closed","template":"","meta":[],"product_brand":[],"product_cat":[42,31,37,29,36,32],"product_tag":[25,43,40,34],"class_list":{"0":"post-7716","1":"product","2":"type-product","3":"status-publish","4":"has-post-thumbnail","6":"product_cat-funkcja-spania-2","7":"product_cat-kanapa","8":"product_cat-komplet","9":"product_cat-meble-tapicerowane","10":"product_cat-orfeusz-meble","11":"product_cat-sofa","12":"product_tag-funkcja-spania","13":"product_tag-mebel-tapicerowany","14":"product_tag-orfeusz","15":"product_tag-sofa-2","17":"first","18":"instock","19":"taxable","20":"shipping-taxable","21":"product-type-simple"},"yoast_head":"<!-- This site is optimized with the Yoast SEO plugin v27.4 - https:\/\/yoast.com\/product\/yoast-seo-wordpress\/ -->\n<title>Sofa La Scala - Materace, Meble Leszno<\/title>\n<meta name=\"description\" content=\"Sofa La Scala nowoczesny mebel o klasycznym wygl\u0105dzie.\" \/>\n<meta name=\"robots\" content=\"index, follow, max-snippet:-1, max-image-preview:large, max-video-preview:-1\" \/>\n<link rel=\"canonical\" href=\"http:\/\/www.andnovameble.pl\/index.php\/produkt\/sofa-la-scala\/\" \/>\n<meta property=\"og:locale\" content=\"pl_PL\" \/>\n<meta property=\"og:type\" content=\"article\" \/>\n<meta property=\"og:title\" content=\"Sofa La Scala - Materace, Meble Leszno\" \/>\n<meta property=\"og:description\" content=\"Sofa La Scala nowoczesny mebel o klasycznym wygl\u0105dzie.\" \/>\n<meta property=\"og:url\" content=\"http:\/\/www.andnovameble.pl\/index.php\/produkt\/sofa-la-scala\/\" \/>\n<meta property=\"og:site_name\" content=\"Materace, Meble Leszno\" \/>\n<meta property=\"article:modified_time\" content=\"2021-06-09T12:44:33+00:00\" \/>\n<meta property=\"og:image\" content=\"http:\/\/www.andnovameble.pl\/wp-content\/uploads\/2021\/04\/La_scala-uszak-z-funkcja.jpg\" \/>\n\t<meta property=\"og:image:width\" content=\"1200\" \/>\n\t<meta property=\"og:image:height\" content=\"800\" \/>\n\t<meta property=\"og:image:type\" content=\"image\/jpeg\" \/>\n<meta name=\"twitter:card\" content=\"summary_large_image\" \/>\n<meta name=\"twitter:label1\" content=\"Szacowany czas czytania\" \/>\n\t<meta name=\"twitter:data1\" content=\"1 minuta\" \/>\n<script type=\"application\/ld+json\" class=\"yoast-schema-graph\">{\"@context\":\"https:\\\/\\\/schema.org\",\"@graph\":[{\"@type\":\"WebPage\",\"@id\":\"http:\\\/\\\/www.andnovameble.pl\\\/index.php\\\/produkt\\\/sofa-la-scala\\\/\",\"url\":\"http:\\\/\\\/www.andnovameble.pl\\\/index.php\\\/produkt\\\/sofa-la-scala\\\/\",\"name\":\"Sofa La Scala - Materace, Meble Leszno\",\"isPartOf\":{\"@id\":\"http:\\\/\\\/www.andnovameble.pl\\\/#website\"},\"primaryImageOfPage\":{\"@id\":\"http:\\\/\\\/www.andnovameble.pl\\\/index.php\\\/produkt\\\/sofa-la-scala\\\/#primaryimage\"},\"image\":{\"@id\":\"http:\\\/\\\/www.andnovameble.pl\\\/index.php\\\/produkt\\\/sofa-la-scala\\\/#primaryimage\"},\"thumbnailUrl\":\"http:\\\/\\\/www.andnovameble.pl\\\/wp-content\\\/uploads\\\/2021\\\/04\\\/La_scala-uszak-z-funkcja.jpg\",\"datePublished\":\"2021-06-05T11:35:13+00:00\",\"dateModified\":\"2021-06-09T12:44:33+00:00\",\"description\":\"Sofa La Scala nowoczesny mebel o klasycznym wygl\u0105dzie.\",\"breadcrumb\":{\"@id\":\"http:\\\/\\\/www.andnovameble.pl\\\/index.php\\\/produkt\\\/sofa-la-scala\\\/#breadcrumb\"},\"inLanguage\":\"pl-PL\",\"potentialAction\":[{\"@type\":\"ReadAction\",\"target\":[\"http:\\\/\\\/www.andnovameble.pl\\\/index.php\\\/produkt\\\/sofa-la-scala\\\/\"]}]},{\"@type\":\"ImageObject\",\"inLanguage\":\"pl-PL\",\"@id\":\"http:\\\/\\\/www.andnovameble.pl\\\/index.php\\\/produkt\\\/sofa-la-scala\\\/#primaryimage\",\"url\":\"http:\\\/\\\/www.andnovameble.pl\\\/wp-content\\\/uploads\\\/2021\\\/04\\\/La_scala-uszak-z-funkcja.jpg\",\"contentUrl\":\"http:\\\/\\\/www.andnovameble.pl\\\/wp-content\\\/uploads\\\/2021\\\/04\\\/La_scala-uszak-z-funkcja.jpg\",\"width\":1200,\"height\":800},{\"@type\":\"BreadcrumbList\",\"@id\":\"http:\\\/\\\/www.andnovameble.pl\\\/index.php\\\/produkt\\\/sofa-la-scala\\\/#breadcrumb\",\"itemListElement\":[{\"@type\":\"ListItem\",\"position\":1,\"name\":\"Strona g\u0142\u00f3wna\",\"item\":\"http:\\\/\\\/www.andnovameble.pl\\\/\"},{\"@type\":\"ListItem\",\"position\":2,\"name\":\"Sklep\",\"item\":\"http:\\\/\\\/www.andnovameble.pl\\\/index.php\\\/sklep\\\/\"},{\"@type\":\"ListItem\",\"position\":3,\"name\":\"Sofa La Scala\"}]},{\"@type\":\"WebSite\",\"@id\":\"http:\\\/\\\/www.andnovameble.pl\\\/#website\",\"url\":\"http:\\\/\\\/www.andnovameble.pl\\\/\",\"name\":\"Materace, Meble Leszno\",\"description\":\"Tw\u00f3j ulubiony sklep\",\"publisher\":{\"@id\":\"http:\\\/\\\/www.andnovameble.pl\\\/#organization\"},\"potentialAction\":[{\"@type\":\"SearchAction\",\"target\":{\"@type\":\"EntryPoint\",\"urlTemplate\":\"http:\\\/\\\/www.andnovameble.pl\\\/?s={search_term_string}\"},\"query-input\":{\"@type\":\"PropertyValueSpecification\",\"valueRequired\":true,\"valueName\":\"search_term_string\"}}],\"inLanguage\":\"pl-PL\"},{\"@type\":\"Organization\",\"@id\":\"http:\\\/\\\/www.andnovameble.pl\\\/#organization\",\"name\":\"Materace, Meble Leszno\",\"url\":\"http:\\\/\\\/www.andnovameble.pl\\\/\",\"logo\":{\"@type\":\"ImageObject\",\"inLanguage\":\"pl-PL\",\"@id\":\"http:\\\/\\\/www.andnovameble.pl\\\/#\\\/schema\\\/logo\\\/image\\\/\",\"url\":\"http:\\\/\\\/www.andnovameble.pl\\\/wp-content\\\/uploads\\\/2018\\\/08\\\/cropped-logo-1-1.jpg\",\"contentUrl\":\"http:\\\/\\\/www.andnovameble.pl\\\/wp-content\\\/uploads\\\/2018\\\/08\\\/cropped-logo-1-1.jpg\",\"width\":250,\"height\":250,\"caption\":\"Materace, Meble Leszno\"},\"image\":{\"@id\":\"http:\\\/\\\/www.andnovameble.pl\\\/#\\\/schema\\\/logo\\\/image\\\/\"}}]}<\/script>\n<!-- \/ Yoast SEO plugin. -->","yoast_head_json":{"title":"Sofa La Scala - Materace, Meble Leszno","description":"Sofa La Scala nowoczesny mebel o klasycznym wygl\u0105dzie.","robots":{"index":"index","follow":"follow","max-snippet":"max-snippet:-1","max-image-preview":"max-image-preview:large","max-video-preview":"max-video-preview:-1"},"canonical":"http:\/\/www.andnovameble.pl\/index.php\/produkt\/sofa-la-scala\/","og_locale":"pl_PL","og_type":"article","og_title":"Sofa La Scala - Materace, Meble Leszno","og_description":"Sofa La Scala nowoczesny mebel o klasycznym wygl\u0105dzie.","og_url":"http:\/\/www.andnovameble.pl\/index.php\/produkt\/sofa-la-scala\/","og_site_name":"Materace, Meble Leszno","article_modified_time":"2021-06-09T12:44:33+00:00","og_image":[{"width":1200,"height":800,"url":"http:\/\/www.andnovameble.pl\/wp-content\/uploads\/2021\/04\/La_scala-uszak-z-funkcja.jpg","type":"image\/jpeg"}],"twitter_card":"summary_large_image","twitter_misc":{"Szacowany czas czytania":"1 minuta"},"schema":{"@context":"https:\/\/schema.org","@graph":[{"@type":"WebPage","@id":"http:\/\/www.andnovameble.pl\/index.php\/produkt\/sofa-la-scala\/","url":"http:\/\/www.andnovameble.pl\/index.php\/produkt\/sofa-la-scala\/","name":"Sofa La Scala - Materace, Meble Leszno","isPartOf":{"@id":"http:\/\/www.andnovameble.pl\/#website"},"primaryImageOfPage":{"@id":"http:\/\/www.andnovameble.pl\/index.php\/produkt\/sofa-la-scala\/#primaryimage"},"image":{"@id":"http:\/\/www.andnovameble.pl\/index.php\/produkt\/sofa-la-scala\/#primaryimage"},"thumbnailUrl":"http:\/\/www.andnovameble.pl\/wp-content\/uploads\/2021\/04\/La_scala-uszak-z-funkcja.jpg","datePublished":"2021-06-05T11:35:13+00:00","dateModified":"2021-06-09T12:44:33+00:00","description":"Sofa La Scala nowoczesny mebel o klasycznym wygl\u0105dzie.","breadcrumb":{"@id":"http:\/\/www.andnovameble.pl\/index.php\/produkt\/sofa-la-scala\/#breadcrumb"},"inLanguage":"pl-PL","potentialAction":[{"@type":"ReadAction","target":["http:\/\/www.andnovameble.pl\/index.php\/produkt\/sofa-la-scala\/"]}]},{"@type":"ImageObject","inLanguage":"pl-PL","@id":"http:\/\/www.andnovameble.pl\/index.php\/produkt\/sofa-la-scala\/#primaryimage","url":"http:\/\/www.andnovameble.pl\/wp-content\/uploads\/2021\/04\/La_scala-uszak-z-funkcja.jpg","contentUrl":"http:\/\/www.andnovameble.pl\/wp-content\/uploads\/2021\/04\/La_scala-uszak-z-funkcja.jpg","width":1200,"height":800},{"@type":"BreadcrumbList","@id":"http:\/\/www.andnovameble.pl\/index.php\/produkt\/sofa-la-scala\/#breadcrumb","itemListElement":[{"@type":"ListItem","position":1,"name":"Strona g\u0142\u00f3wna","item":"http:\/\/www.andnovameble.pl\/"},{"@type":"ListItem","position":2,"name":"Sklep","item":"http:\/\/www.andnovameble.pl\/index.php\/sklep\/"},{"@type":"ListItem","position":3,"name":"Sofa La Scala"}]},{"@type":"WebSite","@id":"http:\/\/www.andnovameble.pl\/#website","url":"http:\/\/www.andnovameble.pl\/","name":"Materace, Meble Leszno","description":"Tw\u00f3j ulubiony sklep","publisher":{"@id":"http:\/\/www.andnovameble.pl\/#organization"},"potentialAction":[{"@type":"SearchAction","target":{"@type":"EntryPoint","urlTemplate":"http:\/\/www.andnovameble.pl\/?s={search_term_string}"},"query-input":{"@type":"PropertyValueSpecification","valueRequired":true,"valueName":"search_term_string"}}],"inLanguage":"pl-PL"},{"@type":"Organization","@id":"http:\/\/www.andnovameble.pl\/#organization","name":"Materace, Meble Leszno","url":"http:\/\/www.andnovameble.pl\/","logo":{"@type":"ImageObject","inLanguage":"pl-PL","@id":"http:\/\/www.andnovameble.pl\/#\/schema\/logo\/image\/","url":"http:\/\/www.andnovameble.pl\/wp-content\/uploads\/2018\/08\/cropped-logo-1-1.jpg","contentUrl":"http:\/\/www.andnovameble.pl\/wp-content\/uploads\/2018\/08\/cropped-logo-1-1.jpg","width":250,"height":250,"caption":"Materace, Meble Leszno"},"image":{"@id":"http:\/\/www.andnovameble.pl\/#\/schema\/logo\/image\/"}}]}},"_links":{"self":[{"href":"http:\/\/www.andnovameble.pl\/index.php\/wp-json\/wp\/v2\/product\/7716","targetHints":{"allow":["GET"]}}],"collection":[{"href":"http:\/\/www.andnovameble.pl\/index.php\/wp-json\/wp\/v2\/product"}],"about":[{"href":"http:\/\/www.andnovameble.pl\/index.php\/wp-json\/wp\/v2\/types\/product"}],"replies":[{"embeddable":true,"href":"http:\/\/www.andnovameble.pl\/index.php\/wp-json\/wp\/v2\/comments?post=7716"}],"wp:featuredmedia":[{"embeddable":true,"href":"http:\/\/www.andnovameble.pl\/index.php\/wp-json\/wp\/v2\/media\/7672"}],"wp:attachment":[{"href":"http:\/\/www.andnovameble.pl\/index.php\/wp-json\/wp\/v2\/media?parent=7716"}],"wp:term":[{"taxonomy":"product_brand","embeddable":true,"href":"http:\/\/www.andnovameble.pl\/index.php\/wp-json\/wp\/v2\/product_brand?post=7716"},{"taxonomy":"product_cat","embeddable":true,"href":"http:\/\/www.andnovameble.pl\/index.php\/wp-json\/wp\/v2\/product_cat?post=7716"},{"taxonomy":"product_tag","embeddable":true,"href":"http:\/\/www.andnovameble.pl\/index.php\/wp-json\/wp\/v2\/product_tag?post=7716"}],"curies":[{"name":"wp","href":"https:\/\/api.w.org\/{rel}","templated":true}]}}

<p>To sofa o klasycznej lini.  Upiększy każde miejsce , nawet nowoczesne.</p>
<p>Ma piękne drewniane nogi w różnych kolorach, bogaty wybór tkanin. .</p>
<p>Są w kolekcji sofy o długości 225cm , 185cm i 147cm  z funkcją spania lub bez funkcji.</p>
<p>Do kompletu jest fotel z funkcją relaks , co rzadko się zdarza przy tego typu meblach.</p>
<p>A przede wszystkim jest bardzo wygodny !</p>

<!-- This site is optimized with the Yoast SEO plugin v27.4 - https://yoast.com/product/yoast-seo-wordpress/ -->
<title>Sofa La Scala - Materace, Meble Leszno</title>
<meta name="description" content="Sofa La Scala nowoczesny mebel o klasycznym wyglądzie." />
<meta name="robots" content="index, follow, max-snippet:-1, max-image-preview:large, max-video-preview:-1" />
<link rel="canonical" href="http://www.andnovameble.pl/index.php/produkt/sofa-la-scala/" />
<meta property="og:locale" content="pl_PL" />
<meta property="og:type" content="article" />
<meta property="og:title" content="Sofa La Scala - Materace, Meble Leszno" />
<meta property="og:description" content="Sofa La Scala nowoczesny mebel o klasycznym wyglądzie." />
<meta property="og:url" content="http://www.andnovameble.pl/index.php/produkt/sofa-la-scala/" />
<meta property="og:site_name" content="Materace, Meble Leszno" />
<meta property="article:modified_time" content="2021-06-09T12:44:33+00:00" />
<meta property="og:image" content="http://www.andnovameble.pl/wp-content/uploads/2021/04/La_scala-uszak-z-funkcja.jpg" />
	<meta property="og:image:width" content="1200" />
	<meta property="og:image:height" content="800" />
	<meta property="og:image:type" content="image/jpeg" />
<meta name="twitter:card" content="summary_large_image" />
<meta name="twitter:label1" content="Szacowany czas czytania" />
	<meta name="twitter:data1" content="1 minuta" />
<script type="application/ld+json" class="yoast-schema-graph">{"@context":"https:\/\/schema.org","@graph":[{"@type":"WebPage","@id":"http:\/\/www.andnovameble.pl\/index.php\/produkt\/sofa-la-scala\/","url":"http:\/\/www.andnovameble.pl\/index.php\/produkt\/sofa-la-scala\/","name":"Sofa La Scala - Materace, Meble Leszno","isPartOf":{"@id":"http:\/\/www.andnovameble.pl\/#website"},"primaryImageOfPage":{"@id":"http:\/\/www.andnovameble.pl\/index.php\/produkt\/sofa-la-scala\/#primaryimage"},"image":{"@id":"http:\/\/www.andnovameble.pl\/index.php\/produkt\/sofa-la-scala\/#primaryimage"},"thumbnailUrl":"http:\/\/www.andnovameble.pl\/wp-content\/uploads\/2021\/04\/La_scala-uszak-z-funkcja.jpg","datePublished":"2021-06-05T11:35:13+00:00","dateModified":"2021-06-09T12:44:33+00:00","description":"Sofa La Scala nowoczesny mebel o klasycznym wyglądzie.","breadcrumb":{"@id":"http:\/\/www.andnovameble.pl\/index.php\/produkt\/sofa-la-scala\/#breadcrumb"},"inLanguage":"pl-PL","potentialAction":[{"@type":"ReadAction","target":["http:\/\/www.andnovameble.pl\/index.php\/produkt\/sofa-la-scala\/"]}]},{"@type":"ImageObject","inLanguage":"pl-PL","@id":"http:\/\/www.andnovameble.pl\/index.php\/produkt\/sofa-la-scala\/#primaryimage","url":"http:\/\/www.andnovameble.pl\/wp-content\/uploads\/2021\/04\/La_scala-uszak-z-funkcja.jpg","contentUrl":"http:\/\/www.andnovameble.pl\/wp-content\/uploads\/2021\/04\/La_scala-uszak-z-funkcja.jpg","width":1200,"height":800},{"@type":"BreadcrumbList","@id":"http:\/\/www.andnovameble.pl\/index.php\/produkt\/sofa-la-scala\/#breadcrumb","itemListElement":[{"@type":"ListItem","position":1,"name":"Strona główna","item":"http:\/\/www.andnovameble.pl\/"},{"@type":"ListItem","position":2,"name":"Sklep","item":"http:\/\/www.andnovameble.pl\/index.php\/sklep\/"},{"@type":"ListItem","position":3,"name":"Sofa La Scala"}]},{"@type":"WebSite","@id":"http:\/\/www.andnovameble.pl\/#website","url":"http:\/\/www.andnovameble.pl\/","name":"Materace, Meble Leszno","description":"Twój ulubiony sklep","publisher":{"@id":"http:\/\/www.andnovameble.pl\/#organization"},"potentialAction":[{"@type":"SearchAction","target":{"@type":"EntryPoint","urlTemplate":"http:\/\/www.andnovameble.pl\/?s={search_term_string}"},"query-input":{"@type":"PropertyValueSpecification","valueRequired":true,"valueName":"search_term_string"}}],"inLanguage":"pl-PL"},{"@type":"Organization","@id":"http:\/\/www.andnovameble.pl\/#organization","name":"Materace, Meble Leszno","url":"http:\/\/www.andnovameble.pl\/","logo":{"@type":"ImageObject","inLanguage":"pl-PL","@id":"http:\/\/www.andnovameble.pl\/#\/schema\/logo\/image\/","url":"http:\/\/www.andnovameble.pl\/wp-content\/uploads\/2018\/08\/cropped-logo-1-1.jpg","contentUrl":"http:\/\/www.andnovameble.pl\/wp-content\/uploads\/2018\/08\/cropped-logo-1-1.jpg","width":250,"height":250,"caption":"Materace, Meble Leszno"},"image":{"@id":"http:\/\/www.andnovameble.pl\/#\/schema\/logo\/image\/"}}]}</script>
<!-- / Yoast SEO plugin. -->

Sofa La Scala nowoczesny mebel o klasycznym wyglądzie.

Strona główna

Twój ulubiony sklep
