{"id":7730,"date":"2021-06-09T20:41:16","date_gmt":"2021-06-09T18:41:16","guid":{"rendered":"http:\/\/www.andnovameble.pl\/?post_type=product&#038;p=7730"},"modified":"2021-06-09T20:41:16","modified_gmt":"2021-06-09T18:41:16","slug":"naroznik-etna","status":"publish","type":"product","link":"http:\/\/www.andnovameble.pl\/index.php\/produkt\/naroznik-etna\/","title":{"rendered":"Naro\u017cnik Etna"},"content":{"rendered":"","protected":false},"excerpt":{"rendered":"<p>Seria Etna to przede wszystkim niebywale dba\u0142o\u015b\u0107 o detale. Eleganckie ozdobne pikowania i roz\u0142o\u017cysta forma idealnie wpasowuje si\u0119 w trend glamour.<\/p>\n<p>Uwie\u0144czeniem tego stylu s\u0105 wyprofilowane drewniane n\u00f3\u017cki.<\/p>\n<p>Naro\u017cnik wyst\u0119puje tylko w tym wymiarze:<\/p>\n<h5 class=\"presentation__item-title\">NARO\u017bNIK 2\/1<\/h5>\n<p>260 x 160 x 90 cm<\/p>\n<h5 class=\"presentation__item-title\">FOTEL\u00a0 125 x 100 x 90 cm<\/h5>\n<p><img decoding=\"async\" src=\"https:\/\/meblezdusza.eu\/wp-content\/uploads\/2020\/05\/etna_fotel.png\" alt=\"etna_fotel\" \/><\/p>\n","protected":false},"featured_media":7719,"comment_status":"closed","ping_status":"closed","template":"","meta":[],"product_brand":[],"product_cat":[29,28,36],"product_tag":[43,24,40],"class_list":{"0":"post-7730","1":"product","2":"type-product","3":"status-publish","4":"has-post-thumbnail","6":"product_cat-meble-tapicerowane","7":"product_cat-naroznik-2","8":"product_cat-orfeusz-meble","9":"product_tag-mebel-tapicerowany","10":"product_tag-naroznik","11":"product_tag-orfeusz","13":"first","14":"instock","15":"taxable","16":"shipping-taxable","17":"product-type-simple"},"yoast_head":"<!-- This site is optimized with the Yoast SEO plugin v27.4 - https:\/\/yoast.com\/product\/yoast-seo-wordpress\/ -->\n<title>Naro\u017cnik Etna - Materace, Meble Leszno<\/title>\n<meta name=\"robots\" content=\"index, follow, max-snippet:-1, max-image-preview:large, max-video-preview:-1\" \/>\n<link rel=\"canonical\" href=\"http:\/\/www.andnovameble.pl\/index.php\/produkt\/naroznik-etna\/\" \/>\n<meta property=\"og:locale\" content=\"pl_PL\" \/>\n<meta property=\"og:type\" content=\"article\" \/>\n<meta property=\"og:title\" content=\"Naro\u017cnik Etna - Materace, Meble Leszno\" \/>\n<meta property=\"og:description\" content=\"Seria Etna to przede wszystkim niebywale dba\u0142o\u015b\u0107 o detale. Eleganckie ozdobne pikowania i roz\u0142o\u017cysta forma idealnie wpasowuje si\u0119 w trend glamour.  Uwie\u0144czeniem tego stylu s\u0105 wyprofilowane drewniane n\u00f3\u017cki.  Naro\u017cnik wyst\u0119puje tylko w tym wymiarze: NARO\u017bNIK 2\/1 260 x 160 x 90 cm FOTEL\u00a0 125 x 100 x 90 cm\" \/>\n<meta property=\"og:url\" content=\"http:\/\/www.andnovameble.pl\/index.php\/produkt\/naroznik-etna\/\" \/>\n<meta property=\"og:site_name\" content=\"Materace, Meble Leszno\" \/>\n<meta property=\"og:image\" content=\"http:\/\/www.andnovameble.pl\/wp-content\/uploads\/2021\/06\/Chester-bialy-1.jpg\" \/>\n\t<meta property=\"og:image:width\" content=\"1200\" \/>\n\t<meta property=\"og:image:height\" content=\"800\" \/>\n\t<meta property=\"og:image:type\" content=\"image\/jpeg\" \/>\n<meta name=\"twitter:card\" content=\"summary_large_image\" \/>\n<script type=\"application\/ld+json\" class=\"yoast-schema-graph\">{\"@context\":\"https:\\\/\\\/schema.org\",\"@graph\":[{\"@type\":\"WebPage\",\"@id\":\"http:\\\/\\\/www.andnovameble.pl\\\/index.php\\\/produkt\\\/naroznik-etna\\\/\",\"url\":\"http:\\\/\\\/www.andnovameble.pl\\\/index.php\\\/produkt\\\/naroznik-etna\\\/\",\"name\":\"Naro\u017cnik Etna - Materace, Meble Leszno\",\"isPartOf\":{\"@id\":\"http:\\\/\\\/www.andnovameble.pl\\\/#website\"},\"primaryImageOfPage\":{\"@id\":\"http:\\\/\\\/www.andnovameble.pl\\\/index.php\\\/produkt\\\/naroznik-etna\\\/#primaryimage\"},\"image\":{\"@id\":\"http:\\\/\\\/www.andnovameble.pl\\\/index.php\\\/produkt\\\/naroznik-etna\\\/#primaryimage\"},\"thumbnailUrl\":\"http:\\\/\\\/www.andnovameble.pl\\\/wp-content\\\/uploads\\\/2021\\\/06\\\/Chester-bialy-1.jpg\",\"datePublished\":\"2021-06-09T18:41:16+00:00\",\"breadcrumb\":{\"@id\":\"http:\\\/\\\/www.andnovameble.pl\\\/index.php\\\/produkt\\\/naroznik-etna\\\/#breadcrumb\"},\"inLanguage\":\"pl-PL\",\"potentialAction\":[{\"@type\":\"ReadAction\",\"target\":[\"http:\\\/\\\/www.andnovameble.pl\\\/index.php\\\/produkt\\\/naroznik-etna\\\/\"]}]},{\"@type\":\"ImageObject\",\"inLanguage\":\"pl-PL\",\"@id\":\"http:\\\/\\\/www.andnovameble.pl\\\/index.php\\\/produkt\\\/naroznik-etna\\\/#primaryimage\",\"url\":\"http:\\\/\\\/www.andnovameble.pl\\\/wp-content\\\/uploads\\\/2021\\\/06\\\/Chester-bialy-1.jpg\",\"contentUrl\":\"http:\\\/\\\/www.andnovameble.pl\\\/wp-content\\\/uploads\\\/2021\\\/06\\\/Chester-bialy-1.jpg\",\"width\":1200,\"height\":800,\"caption\":\"Chester\"},{\"@type\":\"BreadcrumbList\",\"@id\":\"http:\\\/\\\/www.andnovameble.pl\\\/index.php\\\/produkt\\\/naroznik-etna\\\/#breadcrumb\",\"itemListElement\":[{\"@type\":\"ListItem\",\"position\":1,\"name\":\"Strona g\u0142\u00f3wna\",\"item\":\"http:\\\/\\\/www.andnovameble.pl\\\/\"},{\"@type\":\"ListItem\",\"position\":2,\"name\":\"Sklep\",\"item\":\"http:\\\/\\\/www.andnovameble.pl\\\/index.php\\\/sklep\\\/\"},{\"@type\":\"ListItem\",\"position\":3,\"name\":\"Naro\u017cnik Etna\"}]},{\"@type\":\"WebSite\",\"@id\":\"http:\\\/\\\/www.andnovameble.pl\\\/#website\",\"url\":\"http:\\\/\\\/www.andnovameble.pl\\\/\",\"name\":\"Materace, Meble Leszno\",\"description\":\"Tw\u00f3j ulubiony sklep\",\"publisher\":{\"@id\":\"http:\\\/\\\/www.andnovameble.pl\\\/#organization\"},\"potentialAction\":[{\"@type\":\"SearchAction\",\"target\":{\"@type\":\"EntryPoint\",\"urlTemplate\":\"http:\\\/\\\/www.andnovameble.pl\\\/?s={search_term_string}\"},\"query-input\":{\"@type\":\"PropertyValueSpecification\",\"valueRequired\":true,\"valueName\":\"search_term_string\"}}],\"inLanguage\":\"pl-PL\"},{\"@type\":\"Organization\",\"@id\":\"http:\\\/\\\/www.andnovameble.pl\\\/#organization\",\"name\":\"Materace, Meble Leszno\",\"url\":\"http:\\\/\\\/www.andnovameble.pl\\\/\",\"logo\":{\"@type\":\"ImageObject\",\"inLanguage\":\"pl-PL\",\"@id\":\"http:\\\/\\\/www.andnovameble.pl\\\/#\\\/schema\\\/logo\\\/image\\\/\",\"url\":\"http:\\\/\\\/www.andnovameble.pl\\\/wp-content\\\/uploads\\\/2018\\\/08\\\/cropped-logo-1-1.jpg\",\"contentUrl\":\"http:\\\/\\\/www.andnovameble.pl\\\/wp-content\\\/uploads\\\/2018\\\/08\\\/cropped-logo-1-1.jpg\",\"width\":250,\"height\":250,\"caption\":\"Materace, Meble Leszno\"},\"image\":{\"@id\":\"http:\\\/\\\/www.andnovameble.pl\\\/#\\\/schema\\\/logo\\\/image\\\/\"}}]}<\/script>\n<!-- \/ Yoast SEO plugin. -->","yoast_head_json":{"title":"Naro\u017cnik Etna - Materace, Meble Leszno","robots":{"index":"index","follow":"follow","max-snippet":"max-snippet:-1","max-image-preview":"max-image-preview:large","max-video-preview":"max-video-preview:-1"},"canonical":"http:\/\/www.andnovameble.pl\/index.php\/produkt\/naroznik-etna\/","og_locale":"pl_PL","og_type":"article","og_title":"Naro\u017cnik Etna - Materace, Meble Leszno","og_description":"Seria Etna to przede wszystkim niebywale dba\u0142o\u015b\u0107 o detale. Eleganckie ozdobne pikowania i roz\u0142o\u017cysta forma idealnie wpasowuje si\u0119 w trend glamour.  Uwie\u0144czeniem tego stylu s\u0105 wyprofilowane drewniane n\u00f3\u017cki.  Naro\u017cnik wyst\u0119puje tylko w tym wymiarze: NARO\u017bNIK 2\/1 260 x 160 x 90 cm FOTEL\u00a0 125 x 100 x 90 cm","og_url":"http:\/\/www.andnovameble.pl\/index.php\/produkt\/naroznik-etna\/","og_site_name":"Materace, Meble Leszno","og_image":[{"width":1200,"height":800,"url":"http:\/\/www.andnovameble.pl\/wp-content\/uploads\/2021\/06\/Chester-bialy-1.jpg","type":"image\/jpeg"}],"twitter_card":"summary_large_image","schema":{"@context":"https:\/\/schema.org","@graph":[{"@type":"WebPage","@id":"http:\/\/www.andnovameble.pl\/index.php\/produkt\/naroznik-etna\/","url":"http:\/\/www.andnovameble.pl\/index.php\/produkt\/naroznik-etna\/","name":"Naro\u017cnik Etna - Materace, Meble Leszno","isPartOf":{"@id":"http:\/\/www.andnovameble.pl\/#website"},"primaryImageOfPage":{"@id":"http:\/\/www.andnovameble.pl\/index.php\/produkt\/naroznik-etna\/#primaryimage"},"image":{"@id":"http:\/\/www.andnovameble.pl\/index.php\/produkt\/naroznik-etna\/#primaryimage"},"thumbnailUrl":"http:\/\/www.andnovameble.pl\/wp-content\/uploads\/2021\/06\/Chester-bialy-1.jpg","datePublished":"2021-06-09T18:41:16+00:00","breadcrumb":{"@id":"http:\/\/www.andnovameble.pl\/index.php\/produkt\/naroznik-etna\/#breadcrumb"},"inLanguage":"pl-PL","potentialAction":[{"@type":"ReadAction","target":["http:\/\/www.andnovameble.pl\/index.php\/produkt\/naroznik-etna\/"]}]},{"@type":"ImageObject","inLanguage":"pl-PL","@id":"http:\/\/www.andnovameble.pl\/index.php\/produkt\/naroznik-etna\/#primaryimage","url":"http:\/\/www.andnovameble.pl\/wp-content\/uploads\/2021\/06\/Chester-bialy-1.jpg","contentUrl":"http:\/\/www.andnovameble.pl\/wp-content\/uploads\/2021\/06\/Chester-bialy-1.jpg","width":1200,"height":800,"caption":"Chester"},{"@type":"BreadcrumbList","@id":"http:\/\/www.andnovameble.pl\/index.php\/produkt\/naroznik-etna\/#breadcrumb","itemListElement":[{"@type":"ListItem","position":1,"name":"Strona g\u0142\u00f3wna","item":"http:\/\/www.andnovameble.pl\/"},{"@type":"ListItem","position":2,"name":"Sklep","item":"http:\/\/www.andnovameble.pl\/index.php\/sklep\/"},{"@type":"ListItem","position":3,"name":"Naro\u017cnik Etna"}]},{"@type":"WebSite","@id":"http:\/\/www.andnovameble.pl\/#website","url":"http:\/\/www.andnovameble.pl\/","name":"Materace, Meble Leszno","description":"Tw\u00f3j ulubiony sklep","publisher":{"@id":"http:\/\/www.andnovameble.pl\/#organization"},"potentialAction":[{"@type":"SearchAction","target":{"@type":"EntryPoint","urlTemplate":"http:\/\/www.andnovameble.pl\/?s={search_term_string}"},"query-input":{"@type":"PropertyValueSpecification","valueRequired":true,"valueName":"search_term_string"}}],"inLanguage":"pl-PL"},{"@type":"Organization","@id":"http:\/\/www.andnovameble.pl\/#organization","name":"Materace, Meble Leszno","url":"http:\/\/www.andnovameble.pl\/","logo":{"@type":"ImageObject","inLanguage":"pl-PL","@id":"http:\/\/www.andnovameble.pl\/#\/schema\/logo\/image\/","url":"http:\/\/www.andnovameble.pl\/wp-content\/uploads\/2018\/08\/cropped-logo-1-1.jpg","contentUrl":"http:\/\/www.andnovameble.pl\/wp-content\/uploads\/2018\/08\/cropped-logo-1-1.jpg","width":250,"height":250,"caption":"Materace, Meble Leszno"},"image":{"@id":"http:\/\/www.andnovameble.pl\/#\/schema\/logo\/image\/"}}]}},"_links":{"self":[{"href":"http:\/\/www.andnovameble.pl\/index.php\/wp-json\/wp\/v2\/product\/7730","targetHints":{"allow":["GET"]}}],"collection":[{"href":"http:\/\/www.andnovameble.pl\/index.php\/wp-json\/wp\/v2\/product"}],"about":[{"href":"http:\/\/www.andnovameble.pl\/index.php\/wp-json\/wp\/v2\/types\/product"}],"replies":[{"embeddable":true,"href":"http:\/\/www.andnovameble.pl\/index.php\/wp-json\/wp\/v2\/comments?post=7730"}],"wp:featuredmedia":[{"embeddable":true,"href":"http:\/\/www.andnovameble.pl\/index.php\/wp-json\/wp\/v2\/media\/7719"}],"wp:attachment":[{"href":"http:\/\/www.andnovameble.pl\/index.php\/wp-json\/wp\/v2\/media?parent=7730"}],"wp:term":[{"taxonomy":"product_brand","embeddable":true,"href":"http:\/\/www.andnovameble.pl\/index.php\/wp-json\/wp\/v2\/product_brand?post=7730"},{"taxonomy":"product_cat","embeddable":true,"href":"http:\/\/www.andnovameble.pl\/index.php\/wp-json\/wp\/v2\/product_cat?post=7730"},{"taxonomy":"product_tag","embeddable":true,"href":"http:\/\/www.andnovameble.pl\/index.php\/wp-json\/wp\/v2\/product_tag?post=7730"}],"curies":[{"name":"wp","href":"https:\/\/api.w.org\/{rel}","templated":true}]}}

Narożnik Etna

<p>Seria Etna to przede wszystkim niebywale dbałość o detale. Eleganckie ozdobne pikowania i rozłożysta forma idealnie wpasowuje się w trend glamour.</p>
<p>Uwieńczeniem tego stylu są wyprofilowane drewniane nóżki.</p>
<p>Narożnik występuje tylko w tym wymiarze:</p>
<h5 class="presentation__item-title">NAROŻNIK 2/1</h5>
<p>260 x 160 x 90 cm</p>
<h5 class="presentation__item-title">FOTEL  125 x 100 x 90 cm</h5>
<p><img decoding="async" src="https://meblezdusza.eu/wp-content/uploads/2020/05/etna_fotel.png" alt="etna_fotel" /></p>

<!-- This site is optimized with the Yoast SEO plugin v27.4 - https://yoast.com/product/yoast-seo-wordpress/ -->
<title>Narożnik Etna - Materace, Meble Leszno</title>
<meta name="robots" content="index, follow, max-snippet:-1, max-image-preview:large, max-video-preview:-1" />
<link rel="canonical" href="http://www.andnovameble.pl/index.php/produkt/naroznik-etna/" />
<meta property="og:locale" content="pl_PL" />
<meta property="og:type" content="article" />
<meta property="og:title" content="Narożnik Etna - Materace, Meble Leszno" />
<meta property="og:description" content="Seria Etna to przede wszystkim niebywale dbałość o detale. Eleganckie ozdobne pikowania i rozłożysta forma idealnie wpasowuje się w trend glamour.  Uwieńczeniem tego stylu są wyprofilowane drewniane nóżki.  Narożnik występuje tylko w tym wymiarze: NAROŻNIK 2/1 260 x 160 x 90 cm FOTEL  125 x 100 x 90 cm" />
<meta property="og:url" content="http://www.andnovameble.pl/index.php/produkt/naroznik-etna/" />
<meta property="og:site_name" content="Materace, Meble Leszno" />
<meta property="og:image" content="http://www.andnovameble.pl/wp-content/uploads/2021/06/Chester-bialy-1.jpg" />
	<meta property="og:image:width" content="1200" />
	<meta property="og:image:height" content="800" />
	<meta property="og:image:type" content="image/jpeg" />
<meta name="twitter:card" content="summary_large_image" />
<script type="application/ld+json" class="yoast-schema-graph">{"@context":"https:\/\/schema.org","@graph":[{"@type":"WebPage","@id":"http:\/\/www.andnovameble.pl\/index.php\/produkt\/naroznik-etna\/","url":"http:\/\/www.andnovameble.pl\/index.php\/produkt\/naroznik-etna\/","name":"Narożnik Etna - Materace, Meble Leszno","isPartOf":{"@id":"http:\/\/www.andnovameble.pl\/#website"},"primaryImageOfPage":{"@id":"http:\/\/www.andnovameble.pl\/index.php\/produkt\/naroznik-etna\/#primaryimage"},"image":{"@id":"http:\/\/www.andnovameble.pl\/index.php\/produkt\/naroznik-etna\/#primaryimage"},"thumbnailUrl":"http:\/\/www.andnovameble.pl\/wp-content\/uploads\/2021\/06\/Chester-bialy-1.jpg","datePublished":"2021-06-09T18:41:16+00:00","breadcrumb":{"@id":"http:\/\/www.andnovameble.pl\/index.php\/produkt\/naroznik-etna\/#breadcrumb"},"inLanguage":"pl-PL","potentialAction":[{"@type":"ReadAction","target":["http:\/\/www.andnovameble.pl\/index.php\/produkt\/naroznik-etna\/"]}]},{"@type":"ImageObject","inLanguage":"pl-PL","@id":"http:\/\/www.andnovameble.pl\/index.php\/produkt\/naroznik-etna\/#primaryimage","url":"http:\/\/www.andnovameble.pl\/wp-content\/uploads\/2021\/06\/Chester-bialy-1.jpg","contentUrl":"http:\/\/www.andnovameble.pl\/wp-content\/uploads\/2021\/06\/Chester-bialy-1.jpg","width":1200,"height":800,"caption":"Chester"},{"@type":"BreadcrumbList","@id":"http:\/\/www.andnovameble.pl\/index.php\/produkt\/naroznik-etna\/#breadcrumb","itemListElement":[{"@type":"ListItem","position":1,"name":"Strona główna","item":"http:\/\/www.andnovameble.pl\/"},{"@type":"ListItem","position":2,"name":"Sklep","item":"http:\/\/www.andnovameble.pl\/index.php\/sklep\/"},{"@type":"ListItem","position":3,"name":"Narożnik Etna"}]},{"@type":"WebSite","@id":"http:\/\/www.andnovameble.pl\/#website","url":"http:\/\/www.andnovameble.pl\/","name":"Materace, Meble Leszno","description":"Twój ulubiony sklep","publisher":{"@id":"http:\/\/www.andnovameble.pl\/#organization"},"potentialAction":[{"@type":"SearchAction","target":{"@type":"EntryPoint","urlTemplate":"http:\/\/www.andnovameble.pl\/?s={search_term_string}"},"query-input":{"@type":"PropertyValueSpecification","valueRequired":true,"valueName":"search_term_string"}}],"inLanguage":"pl-PL"},{"@type":"Organization","@id":"http:\/\/www.andnovameble.pl\/#organization","name":"Materace, Meble Leszno","url":"http:\/\/www.andnovameble.pl\/","logo":{"@type":"ImageObject","inLanguage":"pl-PL","@id":"http:\/\/www.andnovameble.pl\/#\/schema\/logo\/image\/","url":"http:\/\/www.andnovameble.pl\/wp-content\/uploads\/2018\/08\/cropped-logo-1-1.jpg","contentUrl":"http:\/\/www.andnovameble.pl\/wp-content\/uploads\/2018\/08\/cropped-logo-1-1.jpg","width":250,"height":250,"caption":"Materace, Meble Leszno"},"image":{"@id":"http:\/\/www.andnovameble.pl\/#\/schema\/logo\/image\/"}}]}</script>
<!-- / Yoast SEO plugin. -->

Narożnik Etna - Materace, Meble Leszno

Seria Etna to przede wszystkim niebywale dbałość o detale. Eleganckie ozdobne pikowania i rozłożysta forma idealnie wpasowuje się w trend glamour.  Uwieńczeniem tego stylu są wyprofilowane drewniane nóżki.  Narożnik występuje tylko w tym wymiarze: NAROŻNIK 2/1 260 x 160 x 90 cm FOTEL  125 x 100 x 90 cm

Strona główna

Twój ulubiony sklep
