{"id":7890,"date":"2021-10-02T13:59:42","date_gmt":"2021-10-02T11:59:42","guid":{"rendered":"http:\/\/www.andnovameble.pl\/?post_type=product&#038;p=7890"},"modified":"2022-09-22T15:16:55","modified_gmt":"2022-09-22T13:16:55","slug":"naroznik-san-diego","status":"publish","type":"product","link":"http:\/\/www.andnovameble.pl\/index.php\/produkt\/naroznik-san-diego\/","title":{"rendered":"Naro\u017cnik San Diego"},"content":{"rendered":"<p><img loading=\"lazy\" decoding=\"async\" class=\"alignnone size-medium wp-image-7887\" src=\"http:\/\/www.andnovameble.pl\/wp-content\/uploads\/2021\/10\/SAN-DIEGO-3-1-300x173.jpg\" alt=\"\" width=\"300\" height=\"173\" srcset=\"http:\/\/www.andnovameble.pl\/wp-content\/uploads\/2021\/10\/SAN-DIEGO-3-1-300x173.jpg 300w, http:\/\/www.andnovameble.pl\/wp-content\/uploads\/2021\/10\/SAN-DIEGO-3-1-600x347.jpg 600w, http:\/\/www.andnovameble.pl\/wp-content\/uploads\/2021\/10\/SAN-DIEGO-3-1-277x160.jpg 277w, http:\/\/www.andnovameble.pl\/wp-content\/uploads\/2021\/10\/SAN-DIEGO-3-1-350x202.jpg 350w, http:\/\/www.andnovameble.pl\/wp-content\/uploads\/2021\/10\/SAN-DIEGO-3-1.jpg 713w\" sizes=\"auto, (max-width: 300px) 100vw, 300px\" \/><\/p>\n<p>Naro\u017cnik jest modu\u0142owy i mo\u017ce wyst\u0119powa\u0107 w r\u00f3\u017cnych konfiguracjach. Jest te\u017c wersja 3+2+1 czyli sofa 2 lub 3 i fotele lub pufy.<\/p>\n<p>Nasz Top 1 na li\u015bcie sprzeda\u017cowej .<\/p>\n<p>Do wyboru bogata kolorystyka tkanin obiciowych i kolory n\u00f3g.<\/p>\n<p>Nitka kontrastowa lub w kolorze tkaniny.<\/p>\n<p>Zag\u0142\u00f3wki i oparcia z funkcj\u0105 relaks ,pojemnik na po\u015bciel i funkcja spania.<\/p>\n<p>Mebel jest na spr\u0119\u017cynie bonelowej.<\/p>\n","protected":false},"excerpt":{"rendered":"<p><img loading=\"lazy\" decoding=\"async\" class=\"alignnone size-medium wp-image-7888\" src=\"http:\/\/www.andnovameble.pl\/wp-content\/uploads\/2021\/10\/SAN-DIEGO-3-3-300x164.jpg\" alt=\"\" width=\"300\" height=\"164\" srcset=\"http:\/\/www.andnovameble.pl\/wp-content\/uploads\/2021\/10\/SAN-DIEGO-3-3-300x164.jpg 300w, http:\/\/www.andnovameble.pl\/wp-content\/uploads\/2021\/10\/SAN-DIEGO-3-3-768x420.jpg 768w, http:\/\/www.andnovameble.pl\/wp-content\/uploads\/2021\/10\/SAN-DIEGO-3-3-600x329.jpg 600w, http:\/\/www.andnovameble.pl\/wp-content\/uploads\/2021\/10\/SAN-DIEGO-3-3-280x153.jpg 280w, http:\/\/www.andnovameble.pl\/wp-content\/uploads\/2021\/10\/SAN-DIEGO-3-3-350x192.jpg 350w, http:\/\/www.andnovameble.pl\/wp-content\/uploads\/2021\/10\/SAN-DIEGO-3-3.jpg 800w\" sizes=\"auto, (max-width: 300px) 100vw, 300px\" \/><img loading=\"lazy\" decoding=\"async\" class=\"alignnone size-medium wp-image-7886\" src=\"http:\/\/www.andnovameble.pl\/wp-content\/uploads\/2021\/10\/SAN-DIEGO-2a-300x236.jpg\" alt=\"\" width=\"300\" height=\"236\" srcset=\"http:\/\/www.andnovameble.pl\/wp-content\/uploads\/2021\/10\/SAN-DIEGO-2a-300x236.jpg 300w, http:\/\/www.andnovameble.pl\/wp-content\/uploads\/2021\/10\/SAN-DIEGO-2a-203x160.jpg 203w, http:\/\/www.andnovameble.pl\/wp-content\/uploads\/2021\/10\/SAN-DIEGO-2a-350x276.jpg 350w, http:\/\/www.andnovameble.pl\/wp-content\/uploads\/2021\/10\/SAN-DIEGO-2a.jpg 405w\" sizes=\"auto, (max-width: 300px) 100vw, 300px\" \/><\/p>\n","protected":false},"featured_media":7915,"comment_status":"closed","ping_status":"closed","template":"","meta":[],"product_brand":[],"product_cat":[17,38,42,37,29,78,28,32],"product_tag":[49,25,43,22,24,50,34],"class_list":{"0":"post-7890","1":"product","2":"type-product","3":"status-publish","4":"has-post-thumbnail","6":"product_cat-bez-kategorii","7":"product_cat-fotel","8":"product_cat-funkcja-spania-2","9":"product_cat-komplet","10":"product_cat-meble-tapicerowane","11":"product_cat-na-wymiar","12":"product_cat-naroznik-2","13":"product_cat-sofa","14":"product_tag-fotel-2","15":"product_tag-funkcja-spania","16":"product_tag-mebel-tapicerowany","17":"product_tag-meble-leszno","18":"product_tag-naroznik","19":"product_tag-pufa","20":"product_tag-sofa-2","22":"first","23":"instock","24":"taxable","25":"shipping-taxable","26":"product-type-simple"},"yoast_head":"<!-- This site is optimized with the Yoast SEO plugin v27.4 - https:\/\/yoast.com\/product\/yoast-seo-wordpress\/ -->\n<title>Naro\u017cnik San Diego - Materace, Meble Leszno<\/title>\n<meta name=\"robots\" content=\"index, follow, max-snippet:-1, max-image-preview:large, max-video-preview:-1\" \/>\n<link rel=\"canonical\" href=\"http:\/\/www.andnovameble.pl\/index.php\/produkt\/naroznik-san-diego\/\" \/>\n<meta property=\"og:locale\" content=\"pl_PL\" \/>\n<meta property=\"og:type\" content=\"article\" \/>\n<meta property=\"og:title\" content=\"Naro\u017cnik San Diego - Materace, Meble Leszno\" \/>\n<meta property=\"og:url\" content=\"http:\/\/www.andnovameble.pl\/index.php\/produkt\/naroznik-san-diego\/\" \/>\n<meta property=\"og:site_name\" content=\"Materace, Meble Leszno\" \/>\n<meta property=\"article:modified_time\" content=\"2022-09-22T13:16:55+00:00\" \/>\n<meta property=\"og:image\" content=\"http:\/\/www.andnovameble.pl\/wp-content\/uploads\/2022\/09\/Sandiego.jpg\" \/>\n\t<meta property=\"og:image:width\" content=\"1000\" \/>\n\t<meta property=\"og:image:height\" content=\"656\" \/>\n\t<meta property=\"og:image:type\" content=\"image\/jpeg\" \/>\n<meta name=\"twitter:card\" content=\"summary_large_image\" \/>\n<meta name=\"twitter:label1\" content=\"Szacowany czas czytania\" \/>\n\t<meta name=\"twitter:data1\" content=\"1 minuta\" \/>\n<script type=\"application\/ld+json\" class=\"yoast-schema-graph\">{\"@context\":\"https:\\\/\\\/schema.org\",\"@graph\":[{\"@type\":\"WebPage\",\"@id\":\"http:\\\/\\\/www.andnovameble.pl\\\/index.php\\\/produkt\\\/naroznik-san-diego\\\/\",\"url\":\"http:\\\/\\\/www.andnovameble.pl\\\/index.php\\\/produkt\\\/naroznik-san-diego\\\/\",\"name\":\"Naro\u017cnik San Diego - Materace, Meble Leszno\",\"isPartOf\":{\"@id\":\"http:\\\/\\\/www.andnovameble.pl\\\/#website\"},\"primaryImageOfPage\":{\"@id\":\"http:\\\/\\\/www.andnovameble.pl\\\/index.php\\\/produkt\\\/naroznik-san-diego\\\/#primaryimage\"},\"image\":{\"@id\":\"http:\\\/\\\/www.andnovameble.pl\\\/index.php\\\/produkt\\\/naroznik-san-diego\\\/#primaryimage\"},\"thumbnailUrl\":\"http:\\\/\\\/www.andnovameble.pl\\\/wp-content\\\/uploads\\\/2022\\\/09\\\/Sandiego.jpg\",\"datePublished\":\"2021-10-02T11:59:42+00:00\",\"dateModified\":\"2022-09-22T13:16:55+00:00\",\"breadcrumb\":{\"@id\":\"http:\\\/\\\/www.andnovameble.pl\\\/index.php\\\/produkt\\\/naroznik-san-diego\\\/#breadcrumb\"},\"inLanguage\":\"pl-PL\",\"potentialAction\":[{\"@type\":\"ReadAction\",\"target\":[\"http:\\\/\\\/www.andnovameble.pl\\\/index.php\\\/produkt\\\/naroznik-san-diego\\\/\"]}]},{\"@type\":\"ImageObject\",\"inLanguage\":\"pl-PL\",\"@id\":\"http:\\\/\\\/www.andnovameble.pl\\\/index.php\\\/produkt\\\/naroznik-san-diego\\\/#primaryimage\",\"url\":\"http:\\\/\\\/www.andnovameble.pl\\\/wp-content\\\/uploads\\\/2022\\\/09\\\/Sandiego.jpg\",\"contentUrl\":\"http:\\\/\\\/www.andnovameble.pl\\\/wp-content\\\/uploads\\\/2022\\\/09\\\/Sandiego.jpg\",\"width\":1000,\"height\":656},{\"@type\":\"BreadcrumbList\",\"@id\":\"http:\\\/\\\/www.andnovameble.pl\\\/index.php\\\/produkt\\\/naroznik-san-diego\\\/#breadcrumb\",\"itemListElement\":[{\"@type\":\"ListItem\",\"position\":1,\"name\":\"Strona g\u0142\u00f3wna\",\"item\":\"http:\\\/\\\/www.andnovameble.pl\\\/\"},{\"@type\":\"ListItem\",\"position\":2,\"name\":\"Sklep\",\"item\":\"http:\\\/\\\/www.andnovameble.pl\\\/index.php\\\/sklep\\\/\"},{\"@type\":\"ListItem\",\"position\":3,\"name\":\"Naro\u017cnik San Diego\"}]},{\"@type\":\"WebSite\",\"@id\":\"http:\\\/\\\/www.andnovameble.pl\\\/#website\",\"url\":\"http:\\\/\\\/www.andnovameble.pl\\\/\",\"name\":\"Materace, Meble Leszno\",\"description\":\"Tw\u00f3j ulubiony sklep\",\"publisher\":{\"@id\":\"http:\\\/\\\/www.andnovameble.pl\\\/#organization\"},\"potentialAction\":[{\"@type\":\"SearchAction\",\"target\":{\"@type\":\"EntryPoint\",\"urlTemplate\":\"http:\\\/\\\/www.andnovameble.pl\\\/?s={search_term_string}\"},\"query-input\":{\"@type\":\"PropertyValueSpecification\",\"valueRequired\":true,\"valueName\":\"search_term_string\"}}],\"inLanguage\":\"pl-PL\"},{\"@type\":\"Organization\",\"@id\":\"http:\\\/\\\/www.andnovameble.pl\\\/#organization\",\"name\":\"Materace, Meble Leszno\",\"url\":\"http:\\\/\\\/www.andnovameble.pl\\\/\",\"logo\":{\"@type\":\"ImageObject\",\"inLanguage\":\"pl-PL\",\"@id\":\"http:\\\/\\\/www.andnovameble.pl\\\/#\\\/schema\\\/logo\\\/image\\\/\",\"url\":\"http:\\\/\\\/www.andnovameble.pl\\\/wp-content\\\/uploads\\\/2018\\\/08\\\/cropped-logo-1-1.jpg\",\"contentUrl\":\"http:\\\/\\\/www.andnovameble.pl\\\/wp-content\\\/uploads\\\/2018\\\/08\\\/cropped-logo-1-1.jpg\",\"width\":250,\"height\":250,\"caption\":\"Materace, Meble Leszno\"},\"image\":{\"@id\":\"http:\\\/\\\/www.andnovameble.pl\\\/#\\\/schema\\\/logo\\\/image\\\/\"}}]}<\/script>\n<!-- \/ Yoast SEO plugin. -->","yoast_head_json":{"title":"Naro\u017cnik San Diego - Materace, Meble Leszno","robots":{"index":"index","follow":"follow","max-snippet":"max-snippet:-1","max-image-preview":"max-image-preview:large","max-video-preview":"max-video-preview:-1"},"canonical":"http:\/\/www.andnovameble.pl\/index.php\/produkt\/naroznik-san-diego\/","og_locale":"pl_PL","og_type":"article","og_title":"Naro\u017cnik San Diego - Materace, Meble Leszno","og_url":"http:\/\/www.andnovameble.pl\/index.php\/produkt\/naroznik-san-diego\/","og_site_name":"Materace, Meble Leszno","article_modified_time":"2022-09-22T13:16:55+00:00","og_image":[{"width":1000,"height":656,"url":"http:\/\/www.andnovameble.pl\/wp-content\/uploads\/2022\/09\/Sandiego.jpg","type":"image\/jpeg"}],"twitter_card":"summary_large_image","twitter_misc":{"Szacowany czas czytania":"1 minuta"},"schema":{"@context":"https:\/\/schema.org","@graph":[{"@type":"WebPage","@id":"http:\/\/www.andnovameble.pl\/index.php\/produkt\/naroznik-san-diego\/","url":"http:\/\/www.andnovameble.pl\/index.php\/produkt\/naroznik-san-diego\/","name":"Naro\u017cnik San Diego - Materace, Meble Leszno","isPartOf":{"@id":"http:\/\/www.andnovameble.pl\/#website"},"primaryImageOfPage":{"@id":"http:\/\/www.andnovameble.pl\/index.php\/produkt\/naroznik-san-diego\/#primaryimage"},"image":{"@id":"http:\/\/www.andnovameble.pl\/index.php\/produkt\/naroznik-san-diego\/#primaryimage"},"thumbnailUrl":"http:\/\/www.andnovameble.pl\/wp-content\/uploads\/2022\/09\/Sandiego.jpg","datePublished":"2021-10-02T11:59:42+00:00","dateModified":"2022-09-22T13:16:55+00:00","breadcrumb":{"@id":"http:\/\/www.andnovameble.pl\/index.php\/produkt\/naroznik-san-diego\/#breadcrumb"},"inLanguage":"pl-PL","potentialAction":[{"@type":"ReadAction","target":["http:\/\/www.andnovameble.pl\/index.php\/produkt\/naroznik-san-diego\/"]}]},{"@type":"ImageObject","inLanguage":"pl-PL","@id":"http:\/\/www.andnovameble.pl\/index.php\/produkt\/naroznik-san-diego\/#primaryimage","url":"http:\/\/www.andnovameble.pl\/wp-content\/uploads\/2022\/09\/Sandiego.jpg","contentUrl":"http:\/\/www.andnovameble.pl\/wp-content\/uploads\/2022\/09\/Sandiego.jpg","width":1000,"height":656},{"@type":"BreadcrumbList","@id":"http:\/\/www.andnovameble.pl\/index.php\/produkt\/naroznik-san-diego\/#breadcrumb","itemListElement":[{"@type":"ListItem","position":1,"name":"Strona g\u0142\u00f3wna","item":"http:\/\/www.andnovameble.pl\/"},{"@type":"ListItem","position":2,"name":"Sklep","item":"http:\/\/www.andnovameble.pl\/index.php\/sklep\/"},{"@type":"ListItem","position":3,"name":"Naro\u017cnik San Diego"}]},{"@type":"WebSite","@id":"http:\/\/www.andnovameble.pl\/#website","url":"http:\/\/www.andnovameble.pl\/","name":"Materace, Meble Leszno","description":"Tw\u00f3j ulubiony sklep","publisher":{"@id":"http:\/\/www.andnovameble.pl\/#organization"},"potentialAction":[{"@type":"SearchAction","target":{"@type":"EntryPoint","urlTemplate":"http:\/\/www.andnovameble.pl\/?s={search_term_string}"},"query-input":{"@type":"PropertyValueSpecification","valueRequired":true,"valueName":"search_term_string"}}],"inLanguage":"pl-PL"},{"@type":"Organization","@id":"http:\/\/www.andnovameble.pl\/#organization","name":"Materace, Meble Leszno","url":"http:\/\/www.andnovameble.pl\/","logo":{"@type":"ImageObject","inLanguage":"pl-PL","@id":"http:\/\/www.andnovameble.pl\/#\/schema\/logo\/image\/","url":"http:\/\/www.andnovameble.pl\/wp-content\/uploads\/2018\/08\/cropped-logo-1-1.jpg","contentUrl":"http:\/\/www.andnovameble.pl\/wp-content\/uploads\/2018\/08\/cropped-logo-1-1.jpg","width":250,"height":250,"caption":"Materace, Meble Leszno"},"image":{"@id":"http:\/\/www.andnovameble.pl\/#\/schema\/logo\/image\/"}}]}},"_links":{"self":[{"href":"http:\/\/www.andnovameble.pl\/index.php\/wp-json\/wp\/v2\/product\/7890","targetHints":{"allow":["GET"]}}],"collection":[{"href":"http:\/\/www.andnovameble.pl\/index.php\/wp-json\/wp\/v2\/product"}],"about":[{"href":"http:\/\/www.andnovameble.pl\/index.php\/wp-json\/wp\/v2\/types\/product"}],"replies":[{"embeddable":true,"href":"http:\/\/www.andnovameble.pl\/index.php\/wp-json\/wp\/v2\/comments?post=7890"}],"wp:featuredmedia":[{"embeddable":true,"href":"http:\/\/www.andnovameble.pl\/index.php\/wp-json\/wp\/v2\/media\/7915"}],"wp:attachment":[{"href":"http:\/\/www.andnovameble.pl\/index.php\/wp-json\/wp\/v2\/media?parent=7890"}],"wp:term":[{"taxonomy":"product_brand","embeddable":true,"href":"http:\/\/www.andnovameble.pl\/index.php\/wp-json\/wp\/v2\/product_brand?post=7890"},{"taxonomy":"product_cat","embeddable":true,"href":"http:\/\/www.andnovameble.pl\/index.php\/wp-json\/wp\/v2\/product_cat?post=7890"},{"taxonomy":"product_tag","embeddable":true,"href":"http:\/\/www.andnovameble.pl\/index.php\/wp-json\/wp\/v2\/product_tag?post=7890"}],"curies":[{"name":"wp","href":"https:\/\/api.w.org\/{rel}","templated":true}]}}